{"id":151045,"date":"2023-01-25T13:13:21","date_gmt":"2023-01-25T18:13:21","guid":{"rendered":"https:\/\/www.medellin.gov.co\/es\/?post_type=centro_documental&#038;p=151045"},"modified":"2026-01-30T11:33:10","modified_gmt":"2026-01-30T16:33:10","slug":"plan-de-tratamiento-de-riesgos-de-seguridad-y-privacidad-de-la-informacion","status":"publish","type":"centro_documental","link":"https:\/\/www.medellin.gov.co\/es\/centro-documental\/plan-de-tratamiento-de-riesgos-de-seguridad-y-privacidad-de-la-informacion\/","title":{"rendered":"Plan de Tratamiento de Riesgos de Seguridad y Privacidad de la Informaci\u00f3n"},"content":{"rendered":"<h6 style=\"text-align: justify;\"><em><span style=\"color: #34495e;\">\u00daltima actualizaci\u00f3n: 29 \/ 01 \/ 2026<\/span><\/em><\/h6>\n<p>El plan de tratamiento de riesgos de Seguridad y Privacidad de la Informaci\u00f3n corresponde a las acciones que se definen para reducir los riesgos de Seguridad Digital que superan el nivel de riesgo aceptable de la organizaci\u00f3n, y que su resultado corresponde al producto de la probabilidad de ocurrencia por el impacto que ocasionaron o podr\u00edan ocasionar las amenazas por el aprovechamiento de las vulnerabilidades de los activos de seguridad digital de la organizaci\u00f3n.<\/p>\n<p>Debido a que esta informaci\u00f3n es de estricta confidencialidad, el acceso a esta es restringido y la gesti\u00f3n se encuentran a cargo de la Subsecretaria de Servicios de Tecnolog\u00edas de Informaci\u00f3n.<\/p>\n<div class=\"divContAdjuntos\">\n<p><strong>Planes:<\/strong><\/p>\n<p>\u2022 <a title=\"Plan de Tratamiento de Riesgos de Seguridad y Privacidad de la Informaci\u00f3n 2026\" href=\"https:\/\/www.medellin.gov.co\/es\/wp-content\/uploads\/2026\/01\/PlanTratamientoRiesgos2026_v20260126.pdf\" target=\"_blank\" rel=\"noopener\">Plan de Tratamiento de Riesgos de Seguridad y Privacidad de la Informaci\u00f3n 2026<\/a> | pdf | 395 KB<br \/>\n\u2022 <a title=\"Plan de Tratamiento de Riesgos de Seguridad y Privacidad de la Informaci\u00f3n 2025\" href=\"https:\/\/www.medellin.gov.co\/es\/wp-content\/uploads\/2023\/01\/Plan-de-Tratamiento-de-Riesgos-Vigencia-2025_v3-1.pdf\" target=\"_blank\" rel=\"noopener\">Plan de Tratamiento de Riesgos de Seguridad y Privacidad de la Informaci\u00f3n 2025<\/a> | pdf | 993 KB<br \/>\n\u2022 <a title=\"Plan de Tratamiento de Riesgos de Seguridad y Privacidad de la Informaci\u00f3n 2024\" href=\"https:\/\/www.medellin.gov.co\/es\/wp-content\/uploads\/2023\/01\/Plan-de-Tratamiento-de-Riesgos-de-Seguridad-y-Privacidad-Vigencia-2024.pdf\" target=\"_blank\" rel=\"noopener\">Plan de Tratamiento de Riesgos de Seguridad y Privacidad de la Informaci\u00f3n 2024<\/a> | pdf | 350 KB<br \/>\n\u2022 <a title=\"Plan de Tratamiento de Riesgos de Seguridad y Privacidad de la Informaci\u00f3n 2023\" href=\"https:\/\/www.medellin.gov.co\/es\/wp-content\/uploads\/2023\/01\/Plan-de-Tratamiento-de-Riesgos-de-Seguridad-y-Privacidad-de-la-Informacio\u0301n-2023.pdf\" target=\"_blank\" rel=\"noopener\">Plan de Tratamiento de Riesgos de Seguridad y Privacidad de la Informaci\u00f3n 2023<\/a> | pdf | 692 KB<br \/>\n\u2022 <a title=\"Plan de Tratamiento de Riesgos de Seguridad y Privacidad de la Informaci\u00f3n 2022\" href=\"\/irj\/go\/km\/docs\/pccdesign\/medellin\/Temas\/NuestroGobierno\/PlanesInstitucionalesyEstratgicos\/Shared%20Content\/Documentos\/2022\/Plan%20de%20Tratamiento%20de%20Riesgos%20de%20Seguridad%20y%20Privacidad%20de%20la%20Informaci%c3%b3n%202022.pdf\" target=\"_blank\" rel=\"noopener\">Plan de Tratamiento de Riesgos de Seguridad y Privacidad de la Informaci\u00f3n 2022<\/a> | pdf | 379 KB<br \/>\n\u2022 <a href=\"\/irj\/go\/km\/docs\/pccdesign\/medellin\/Temas\/NuestroGobierno\/PlanesInstitucionalesyEstratgicos\/Shared Content\/Documentos\/2020\/PLAN_TRAT_RIESGOS_SEG_ 2020).pdf\" target=\"_blank\" rel=\"noopener\">Plan de Tratamiento de Riesgos de Seguridad y Privacidad de la Informaci\u00f3n 2021<\/a> | pdf | 1.01 MB<\/p>\n<\/div>\n","protected":false},"template":"","categories":[19],"tags":[],"tax_documento":[547],"acf":[],"_links":{"self":[{"href":"https:\/\/www.medellin.gov.co\/es\/wp-json\/wp\/v2\/centro_documental\/151045"}],"collection":[{"href":"https:\/\/www.medellin.gov.co\/es\/wp-json\/wp\/v2\/centro_documental"}],"about":[{"href":"https:\/\/www.medellin.gov.co\/es\/wp-json\/wp\/v2\/types\/centro_documental"}],"wp:attachment":[{"href":"https:\/\/www.medellin.gov.co\/es\/wp-json\/wp\/v2\/media?parent=151045"}],"wp:term":[{"taxonomy":"category","embeddable":true,"href":"https:\/\/www.medellin.gov.co\/es\/wp-json\/wp\/v2\/categories?post=151045"},{"taxonomy":"post_tag","embeddable":true,"href":"https:\/\/www.medellin.gov.co\/es\/wp-json\/wp\/v2\/tags?post=151045"},{"taxonomy":"tax_documento","embeddable":true,"href":"https:\/\/www.medellin.gov.co\/es\/wp-json\/wp\/v2\/tax_documento?post=151045"}],"curies":[{"name":"wp","href":"https:\/\/api.w.org\/{rel}","templated":true}]}}

Plan de Tratamiento de Riesgos de Seguridad y Privacidad de la Información

<h6 style="text-align: justify;"><em><span style="color: #34495e;">Última actualización: 29 / 01 / 2026</span></em></h6>
<p>El plan de tratamiento de riesgos de Seguridad y Privacidad de la Información corresponde a las acciones que se definen para reducir los riesgos de Seguridad Digital que superan el nivel de riesgo aceptable de la organización, y que su resultado corresponde al producto de la probabilidad de ocurrencia por el impacto que ocasionaron o podrían ocasionar las amenazas por el aprovechamiento de las vulnerabilidades de los activos de seguridad digital de la organización.</p>
<p>Debido a que esta información es de estricta confidencialidad, el acceso a esta es restringido y la gestión se encuentran a cargo de la Subsecretaria de Servicios de Tecnologías de Información.</p>
<div class="divContAdjuntos">
<p><strong>Planes:</strong></p>
<p>• <a title="Plan de Tratamiento de Riesgos de Seguridad y Privacidad de la Información 2026" href="https://www.medellin.gov.co/es/wp-content/uploads/2026/01/PlanTratamientoRiesgos2026_v20260126.pdf" target="_blank" rel="noopener">Plan de Tratamiento de Riesgos de Seguridad y Privacidad de la Información 2026</a> | pdf | 395 KB<br />
• <a title="Plan de Tratamiento de Riesgos de Seguridad y Privacidad de la Información 2025" href="https://www.medellin.gov.co/es/wp-content/uploads/2023/01/Plan-de-Tratamiento-de-Riesgos-Vigencia-2025_v3-1.pdf" target="_blank" rel="noopener">Plan de Tratamiento de Riesgos de Seguridad y Privacidad de la Información 2025</a> | pdf | 993 KB<br />
• <a title="Plan de Tratamiento de Riesgos de Seguridad y Privacidad de la Información 2024" href="https://www.medellin.gov.co/es/wp-content/uploads/2023/01/Plan-de-Tratamiento-de-Riesgos-de-Seguridad-y-Privacidad-Vigencia-2024.pdf" target="_blank" rel="noopener">Plan de Tratamiento de Riesgos de Seguridad y Privacidad de la Información 2024</a> | pdf | 350 KB<br />
• <a title="Plan de Tratamiento de Riesgos de Seguridad y Privacidad de la Información 2023" href="https://www.medellin.gov.co/es/wp-content/uploads/2023/01/Plan-de-Tratamiento-de-Riesgos-de-Seguridad-y-Privacidad-de-la-Información-2023.pdf" target="_blank" rel="noopener">Plan de Tratamiento de Riesgos de Seguridad y Privacidad de la Información 2023</a> | pdf | 692 KB<br />
• <a title="Plan de Tratamiento de Riesgos de Seguridad y Privacidad de la Información 2022" href="/irj/go/km/docs/pccdesign/medellin/Temas/NuestroGobierno/PlanesInstitucionalesyEstratgicos/Shared%20Content/Documentos/2022/Plan%20de%20Tratamiento%20de%20Riesgos%20de%20Seguridad%20y%20Privacidad%20de%20la%20Informaci%c3%b3n%202022.pdf" target="_blank" rel="noopener">Plan de Tratamiento de Riesgos de Seguridad y Privacidad de la Información 2022</a> | pdf | 379 KB<br />
• <a href="/irj/go/km/docs/pccdesign/medellin/Temas/NuestroGobierno/PlanesInstitucionalesyEstratgicos/Shared Content/Documentos/2020/PLAN_TRAT_RIESGOS_SEG_ 2020).pdf" target="_blank" rel="noopener">Plan de Tratamiento de Riesgos de Seguridad y Privacidad de la Información 2021</a> | pdf | 1.01 MB</p>
</div>
