{"id":244599,"date":"2023-08-31T09:38:59","date_gmt":"2023-08-31T14:38:59","guid":{"rendered":"https:\/\/www.medellin.gov.co\/es\/?post_type=centro_documental&#038;p=244599"},"modified":"2023-08-31T09:40:10","modified_gmt":"2023-08-31T14:40:10","slug":"pqrsd-anonimas-2023","status":"publish","type":"centro_documental","link":"https:\/\/www.medellin.gov.co\/es\/centro-documental\/pqrsd-anonimas-2023\/","title":{"rendered":"PQRSD An\u00f3nimas 2023"},"content":{"rendered":"<p>Se publica la presente informaci\u00f3n con miras a evidenciar la existencia de la posibilidad de radicar peticiones an\u00f3nimas en el Distrito de Medell\u00edn.<\/p>\n<p><strong>Documento relacionado:<\/strong><\/p>\n<p>\u2022 <a href=\"https:\/\/www.medellin.gov.co\/es\/wp-content\/uploads\/2023\/08\/BD_PQRSD_ANONIMAS_2023.xlsx\" target=\"_blank\" rel=\"noopener\">PQRSD An\u00f3nimas 2023<\/a><\/p>\n","protected":false},"template":"","categories":[2],"tags":[453],"tax_documento":[549],"acf":[],"_links":{"self":[{"href":"https:\/\/www.medellin.gov.co\/es\/wp-json\/wp\/v2\/centro_documental\/244599"}],"collection":[{"href":"https:\/\/www.medellin.gov.co\/es\/wp-json\/wp\/v2\/centro_documental"}],"about":[{"href":"https:\/\/www.medellin.gov.co\/es\/wp-json\/wp\/v2\/types\/centro_documental"}],"wp:attachment":[{"href":"https:\/\/www.medellin.gov.co\/es\/wp-json\/wp\/v2\/media?parent=244599"}],"wp:term":[{"taxonomy":"category","embeddable":true,"href":"https:\/\/www.medellin.gov.co\/es\/wp-json\/wp\/v2\/categories?post=244599"},{"taxonomy":"post_tag","embeddable":true,"href":"https:\/\/www.medellin.gov.co\/es\/wp-json\/wp\/v2\/tags?post=244599"},{"taxonomy":"tax_documento","embeddable":true,"href":"https:\/\/www.medellin.gov.co\/es\/wp-json\/wp\/v2\/tax_documento?post=244599"}],"curies":[{"name":"wp","href":"https:\/\/api.w.org\/{rel}","templated":true}]}}

PQRSD Anónimas 2023

<p>Se publica la presente información con miras a evidenciar la existencia de la posibilidad de radicar peticiones anónimas en el Distrito de Medellín.</p>
<p><strong>Documento relacionado:</strong></p>
<p>• <a href="https://www.medellin.gov.co/es/wp-content/uploads/2023/08/BD_PQRSD_ANONIMAS_2023.xlsx" target="_blank" rel="noopener">PQRSD Anónimas 2023</a></p>
