{"id":382278,"date":"2025-01-25T10:25:34","date_gmt":"2025-01-25T15:25:34","guid":{"rendered":"https:\/\/www.medellin.gov.co\/es\/?post_type=centro_documental&#038;p=382278"},"modified":"2026-04-08T11:23:31","modified_gmt":"2026-04-08T16:23:31","slug":"estudio-tecnico-de-referencia-alumbrado-publico-e-iluminacion-ornamental","status":"publish","type":"centro_documental","link":"https:\/\/www.medellin.gov.co\/es\/centro-documental\/estudio-tecnico-de-referencia-alumbrado-publico-e-iluminacion-ornamental\/","title":{"rendered":"Estudio t\u00e9cnico de referencia alumbrado p\u00fablico e iluminaci\u00f3n ornamental"},"content":{"rendered":"<p>Con este estudio se busca determinar y actualizar los costos de la prestaci\u00f3n del servicio de alumbrado p\u00fablico e iluminaci\u00f3n ornamental en el Distrito de Medell\u00edn, para las vigencias 2025 a 2028, de acuerdo con la metodolog\u00eda establecida por la normatividad vigente, para que sea criterio en la revisi\u00f3n y determinaci\u00f3n del valor del impuesto de alumbrado p\u00fablico.<\/p>\n","protected":false},"template":"","categories":[7],"tags":[],"tax_documento":[551],"acf":[],"_links":{"self":[{"href":"https:\/\/www.medellin.gov.co\/es\/wp-json\/wp\/v2\/centro_documental\/382278"}],"collection":[{"href":"https:\/\/www.medellin.gov.co\/es\/wp-json\/wp\/v2\/centro_documental"}],"about":[{"href":"https:\/\/www.medellin.gov.co\/es\/wp-json\/wp\/v2\/types\/centro_documental"}],"wp:attachment":[{"href":"https:\/\/www.medellin.gov.co\/es\/wp-json\/wp\/v2\/media?parent=382278"}],"wp:term":[{"taxonomy":"category","embeddable":true,"href":"https:\/\/www.medellin.gov.co\/es\/wp-json\/wp\/v2\/categories?post=382278"},{"taxonomy":"post_tag","embeddable":true,"href":"https:\/\/www.medellin.gov.co\/es\/wp-json\/wp\/v2\/tags?post=382278"},{"taxonomy":"tax_documento","embeddable":true,"href":"https:\/\/www.medellin.gov.co\/es\/wp-json\/wp\/v2\/tax_documento?post=382278"}],"curies":[{"name":"wp","href":"https:\/\/api.w.org\/{rel}","templated":true}]}}

Estudio técnico de referencia alumbrado público e iluminación ornamental

<p>Con este estudio se busca determinar y actualizar los costos de la prestación del servicio de alumbrado público e iluminación ornamental en el Distrito de Medellín, para las vigencias 2025 a 2028, de acuerdo con la metodología establecida por la normatividad vigente, para que sea criterio en la revisión y determinación del valor del impuesto de alumbrado público.</p>
