{"id":39441,"date":"2021-12-07T10:59:41","date_gmt":"2021-12-07T15:59:41","guid":{"rendered":"https:\/\/www.medellin.gov.co\/es\/pdf\/revista-de-salud-publica-de-medellin-2020\/"},"modified":"2022-03-13T13:06:54","modified_gmt":"2022-03-13T18:06:54","slug":"revista-de-salud-publica-de-medellin-2020","status":"publish","type":"centro_documental","link":"https:\/\/www.medellin.gov.co\/es\/centro-documental\/revista-de-salud-publica-de-medellin-2020\/","title":{"rendered":"Revista de salud p\u00fablica de Medellin 2020"},"content":{"rendered":"<p>En este sentido, el Plan Territorial de Salud \u201cComunidades, cuerpos y mentes saludables, hacia un territorio saludable, Medell\u00edn 2020- 2023\u201d, va m\u00e1s all\u00e1, de superar los conceptos cl\u00e1sicos de la Salud P\u00fablica, buscando mejorar los entornos en que las personas desarrollan la vida, los determinantes sociales y ambientales de la salud que all\u00ed se generan, como son el medio ambiente, el empleo, la falta de educaci\u00f3n, la vivienda y la pobreza, estableciendo un reto para la integralidad y articulaci\u00f3n de las acciones que superan la atenci\u00f3n sanitaria.<\/p>\n","protected":false},"template":"","categories":[18],"tags":[],"tax_documento":[546],"acf":[],"_links":{"self":[{"href":"https:\/\/www.medellin.gov.co\/es\/wp-json\/wp\/v2\/centro_documental\/39441"}],"collection":[{"href":"https:\/\/www.medellin.gov.co\/es\/wp-json\/wp\/v2\/centro_documental"}],"about":[{"href":"https:\/\/www.medellin.gov.co\/es\/wp-json\/wp\/v2\/types\/centro_documental"}],"wp:featuredmedia":[{"embeddable":true,"href":"https:\/\/www.medellin.gov.co\/es\/wp-json\/wp\/v2\/media\/33690"}],"wp:attachment":[{"href":"https:\/\/www.medellin.gov.co\/es\/wp-json\/wp\/v2\/media?parent=39441"}],"wp:term":[{"taxonomy":"category","embeddable":true,"href":"https:\/\/www.medellin.gov.co\/es\/wp-json\/wp\/v2\/categories?post=39441"},{"taxonomy":"post_tag","embeddable":true,"href":"https:\/\/www.medellin.gov.co\/es\/wp-json\/wp\/v2\/tags?post=39441"},{"taxonomy":"tax_documento","embeddable":true,"href":"https:\/\/www.medellin.gov.co\/es\/wp-json\/wp\/v2\/tax_documento?post=39441"}],"curies":[{"name":"wp","href":"https:\/\/api.w.org\/{rel}","templated":true}]}}

Revista de salud pública de Medellin 2020

<p>En este sentido, el Plan Territorial de Salud “Comunidades, cuerpos y mentes saludables, hacia un territorio saludable, Medellín 2020- 2023”, va más allá, de superar los conceptos clásicos de la Salud Pública, buscando mejorar los entornos en que las personas desarrollan la vida, los determinantes sociales y ambientales de la salud que allí se generan, como son el medio ambiente, el empleo, la falta de educación, la vivienda y la pobreza, estableciendo un reto para la integralidad y articulación de las acciones que superan la atención sanitaria.</p>
