{"id":395507,"date":"2025-03-25T18:25:41","date_gmt":"2025-03-25T23:25:41","guid":{"rendered":"https:\/\/www.medellin.gov.co\/es\/?post_type=centro_documental&#038;p=395507"},"modified":"2025-03-25T18:25:41","modified_gmt":"2025-03-25T23:25:41","slug":"encuesta-de-calidad-de-vida-2015","status":"publish","type":"centro_documental","link":"https:\/\/www.medellin.gov.co\/es\/centro-documental\/encuesta-de-calidad-de-vida-2015\/","title":{"rendered":"Encuesta de Calidad de Vida 2015"},"content":{"rendered":"<div class=\"TituloPlantilla1\"><b>Encuesta de Calidad de Vida 2015<\/b><\/div>\n<p>La Encuesta de Calidad de Vida es una investigaci\u00f3n sobre las condiciones de vida para Medell\u00edn. Con el fin de tener una visi\u00f3n m\u00e1s detallada, se realiza a nivel de comunas y corregimientos, teniendo representatividad para el total Medell\u00edn y para la desagregaci\u00f3n territorial referenciada.<\/p>\n<p>La encuesta, es el insumo para el c\u00e1lculo del Indicador Multidimensional de Condiciones de Vida (IMCV), el cual constituye el eje central de dicha encuesta. El IMCV es un indicador compuesto que permite medir la evoluci\u00f3n de las condiciones de vida de la poblaci\u00f3n de la ciudad. En su dise\u00f1o se tiene en cuenta el concepto de la multidimensionalidad, el cual se traduce en la combinaci\u00f3n &#8211; en una sola medida &#8211; de variables asociadas con los est\u00e1ndares de vida, las din\u00e1micas sociales y el capital humano.<\/p>\n<p><strong>Presentaci\u00f3n<\/strong><\/p>\n<ul>\n<li>Presentaci\u00f3n ECV 2015<a href=\"https:\/\/www.medellin.gov.co\/irj\/go\/km\/docs\/pccdesign\/medellin\/Temas\/PlaneacionMunicipal\/IndicadoresEstadisticas\/PaginasECV\/Shared%20Content\/Documentos\/Encuesta%20Calidad%20de%20vida%202015\/Presentacio%CC%81n_EVC2015.pdf\"><img loading=\"lazy\" src=\"https:\/\/www.medellin.gov.co\/irj\/go\/km\/docs\/pccdesign\/medellin\/Temas\/PlaneacionMunicipal\/IndicadoresEstadisticas\/PaginasECV\/Shared%20Content\/Imagenes\/PDF.png\" width=\"28\" height=\"30\" \/><\/a><b>\u00a0<\/b><\/li>\n<\/ul>\n<p><b>Bases de Datos<\/b><\/p>\n<ul>\n<li>Base de datos ECV 2015\u00a0\u00a0<a href=\"https:\/\/www.medellin.gov.co\/irj\/go\/km\/docs\/pccdesign\/medellin\/Temas\/PlaneacionMunicipal\/IndicadoresEstadisticas\/PaginasECV\/Shared%20Content\/Documentos\/Encuesta%20Calidad%20de%20vida%202015\/Base%20de%20datos%20ECV%202015.xlsx\"><img loading=\"lazy\" src=\"https:\/\/www.medellin.gov.co\/irj\/go\/km\/docs\/pccdesign\/medellin\/Temas\/PlaneacionMunicipal\/IndicadoresEstadisticas\/PaginasECV\/Shared%20Content\/Imagenes\/Excel.png\" width=\"28\" height=\"30\" \/><\/a><b>\u00a0<\/b><\/li>\n<\/ul>\n<p><b>Mapas<\/b><b><\/b><\/p>\n<p><strong>\u00a0\u00a0\u00a0\u00a0\u00a0 Mapas dimensiones IMCV\u00a0<\/strong><\/p>\n<ul>\n<li><a href=\"https:\/\/ecvmedellin.maps.arcgis.com\/apps\/MapSeries\/index.html?appid=06b0bef0d67b478daf13a1912ead4573\">Dimensi\u00f3n 1 Entorno y Vivienda<\/a><\/li>\n<li><a href=\"https:\/\/ecvmedellin.maps.arcgis.com\/apps\/MapSeries\/index.html?appid=06b0bef0d67b478daf13a1912ead4573\">Dimensi\u00f3n 2 Acceso a servicios p\u00fablicos<\/a><\/li>\n<li><a href=\"https:\/\/ecvmedellin.maps.arcgis.com\/apps\/MapSeries\/index.html?appid=06b0bef0d67b478daf13a1912ead4573\">Dimensi\u00f3n 3 Medio ambiente<\/a><\/li>\n<li><a href=\"https:\/\/ecvmedellin.maps.arcgis.com\/apps\/MapSeries\/index.html?appid=06b0bef0d67b478daf13a1912ead4573\">Dimensi\u00f3n 4\u00a0 Escolaridad<\/a><\/li>\n<li><a href=\"https:\/\/ecvmedellin.maps.arcgis.com\/apps\/MapSeries\/index.html?appid=06b0bef0d67b478daf13a1912ead4573\">Dimensi\u00f3n 5 Desescolarizaci\u00f3n<\/a><\/li>\n<li><a href=\"https:\/\/ecvmedellin.maps.arcgis.com\/apps\/MapSeries\/index.html?appid=06b0bef0d67b478daf13a1912ead4573\">Dimensi\u00f3n 6 Movilidad<\/a><\/li>\n<li><a href=\"https:\/\/ecvmedellin.maps.arcgis.com\/apps\/MapSeries\/index.html?appid=06b0bef0d67b478daf13a1912ead4573\">Dimensi\u00f3n 7 Capital F\u00edsico del Hogar<\/a><\/li>\n<li><a href=\"https:\/\/ecvmedellin.maps.arcgis.com\/apps\/MapSeries\/index.html?appid=06b0bef0d67b478daf13a1912ead4573\">Dimensi\u00f3n 8 Participaci\u00f3n<\/a><\/li>\n<li><a href=\"https:\/\/ecvmedellin.maps.arcgis.com\/apps\/MapSeries\/index.html?appid=06b0bef0d67b478daf13a1912ead4573\">Dimensi\u00f3n 9 Libertad y Seguridad<\/a><\/li>\n<li><a href=\"https:\/\/ecvmedellin.maps.arcgis.com\/apps\/MapSeries\/index.html?appid=06b0bef0d67b478daf13a1912ead4573\">Dimensi\u00f3n 10 Vulnerabilidad<\/a><\/li>\n<li><a href=\"https:\/\/ecvmedellin.maps.arcgis.com\/apps\/MapSeries\/index.html?appid=06b0bef0d67b478daf13a1912ead4573\">Dimensi\u00f3n 11 Salud<\/a><\/li>\n<li><a href=\"https:\/\/ecvmedellin.maps.arcgis.com\/apps\/MapSeries\/index.html?appid=06b0bef0d67b478daf13a1912ead4573\">Dimensi\u00f3n 12 trabajo<\/a><\/li>\n<li><a href=\"https:\/\/ecvmedellin.maps.arcgis.com\/apps\/MapSeries\/index.html?appid=06b0bef0d67b478daf13a1912ead4573\">Dimensi\u00f3n 13 Recreaci\u00f3n<\/a><\/li>\n<li><a href=\"https:\/\/ecvmedellin.maps.arcgis.com\/apps\/MapSeries\/index.html?appid=06b0bef0d67b478daf13a1912ead4573\">Dimensi\u00f3n 14 Percepci\u00f3n de la calidad de vida<\/a><\/li>\n<li><a href=\"https:\/\/ecvmedellin.maps.arcgis.com\/apps\/MapSeries\/index.html?appid=06b0bef0d67b478daf13a1912ead4573\">Dimensi\u00f3n 15 Ingresos<\/a><\/li>\n<li>Bases de Datos\u00a0Mapas_IMCV <a href=\"https:\/\/www.medellin.gov.co\/irj\/go\/km\/docs\/pccdesign\/medellin\/Temas\/PlaneacionMunicipal\/IndicadoresEstadisticas\/PaginasECV\/Shared%20Content\/Documentos\/Encuesta%20Calidad%20de%20vida%202015\/Formato%20Informacion%20Mapas_IMCV.xlsx\"><img loading=\"lazy\" src=\"https:\/\/www.medellin.gov.co\/irj\/go\/km\/docs\/pccdesign\/medellin\/Temas\/PlaneacionMunicipal\/IndicadoresEstadisticas\/PaginasECV\/Shared%20Content\/Imagenes\/Excel.png\" width=\"30\" height=\"30\" \/><\/a><\/li>\n<\/ul>\n<p><strong>Diccionario de datos<\/strong><\/p>\n<ul>\n<li>Diccionario de datos Encuesta Calidad de Vida 2015<a href=\"https:\/\/www.medellin.gov.co\/es\/wp-content\/uploads\/2023\/01\/Diccionario-de-Datos-ECV2015.xls\" target=\"_blank\" rel=\"noopener\"><img loading=\"lazy\" class=\"alignnone\" src=\"https:\/\/www.medellin.gov.co\/irj\/go\/km\/docs\/pccdesign\/medellin\/Temas\/PlaneacionMunicipal\/IndicadoresEstadisticas\/PaginasECV\/Shared%20Content\/Imagenes\/PDF.png\" alt=\"\" width=\"28\" height=\"30\" \/><\/a><\/li>\n<\/ul>\n<p><strong>Resultados generales<\/strong><\/p>\n<ul>\n<li>Ficha t\u00e9cnica ECV 2015 <a href=\"https:\/\/www.medellin.gov.co\/irj\/go\/km\/docs\/pccdesign\/medellin\/Temas\/PlaneacionMunicipal\/IndicadoresEstadisticas\/PaginasECV\/Shared%20Content\/Documentos\/Encuesta%20Calidad%20de%20vida%202015\/Ficha%20tecnica%20ECV%202015.pdf\"><img loading=\"lazy\" src=\"https:\/\/www.medellin.gov.co\/irj\/go\/km\/docs\/pccdesign\/medellin\/Temas\/PlaneacionMunicipal\/IndicadoresEstadisticas\/PaginasECV\/Shared%20Content\/Imagenes\/PDF.png\" width=\"30\" height=\"30\" \/><\/a><\/li>\n<li>Resultados generales ECV 2015 <a href=\"https:\/\/www.medellin.gov.co\/irj\/go\/km\/docs\/pccdesign\/medellin\/Temas\/PlaneacionMunicipal\/IndicadoresEstadisticas\/PaginasECV\/Shared%20Content\/Documentos\/Encuesta%20Calidad%20de%20vida%202015\/Resultados%20generales%20ECV%202015.pdf\"><img loading=\"lazy\" src=\"https:\/\/www.medellin.gov.co\/irj\/go\/km\/docs\/pccdesign\/medellin\/Temas\/PlaneacionMunicipal\/IndicadoresEstadisticas\/PaginasECV\/Shared%20Content\/Imagenes\/PDF.png\" width=\"30\" height=\"30\" \/><\/a><\/li>\n<li>Resultados generales EVC 2015 <a href=\"https:\/\/www.medellin.gov.co\/irj\/go\/km\/docs\/pccdesign\/medellin\/Temas\/PlaneacionMunicipal\/IndicadoresEstadisticas\/PaginasECV\/Shared%20Content\/Documentos\/Encuesta%20Calidad%20de%20vida%202015\/Resultados%20Generales%20ECV_2015.xlsx\"><img loading=\"lazy\" src=\"https:\/\/www.medellin.gov.co\/irj\/go\/km\/docs\/pccdesign\/medellin\/Temas\/PlaneacionMunicipal\/IndicadoresEstadisticas\/PaginasECV\/Shared%20Content\/Imagenes\/Excel.png\" width=\"30\" height=\"30\" \/><\/a><\/li>\n<li>Resultados Indicador Multidimensional de Condiciones de Vida 2015 <a href=\"https:\/\/www.medellin.gov.co\/irj\/go\/km\/docs\/pccdesign\/medellin\/Temas\/PlaneacionMunicipal\/IndicadoresEstadisticas\/PaginasECV\/Shared%20Content\/Documentos\/Encuesta%20Calidad%20de%20vida%202015\/Resultados%20Indicador%20Multiplicador%20de%20Calidad%20de%20Vida%20ECV%202015.pdf\"><img loading=\"lazy\" src=\"https:\/\/www.medellin.gov.co\/irj\/go\/km\/docs\/pccdesign\/medellin\/Temas\/PlaneacionMunicipal\/IndicadoresEstadisticas\/PaginasECV\/Shared%20Content\/Imagenes\/PDF.png\" width=\"30\" height=\"30\" \/><\/a><\/li>\n<\/ul>\n","protected":false},"template":"","categories":[29],"tags":[451],"tax_documento":[549],"acf":[],"_links":{"self":[{"href":"https:\/\/www.medellin.gov.co\/es\/wp-json\/wp\/v2\/centro_documental\/395507"}],"collection":[{"href":"https:\/\/www.medellin.gov.co\/es\/wp-json\/wp\/v2\/centro_documental"}],"about":[{"href":"https:\/\/www.medellin.gov.co\/es\/wp-json\/wp\/v2\/types\/centro_documental"}],"wp:attachment":[{"href":"https:\/\/www.medellin.gov.co\/es\/wp-json\/wp\/v2\/media?parent=395507"}],"wp:term":[{"taxonomy":"category","embeddable":true,"href":"https:\/\/www.medellin.gov.co\/es\/wp-json\/wp\/v2\/categories?post=395507"},{"taxonomy":"post_tag","embeddable":true,"href":"https:\/\/www.medellin.gov.co\/es\/wp-json\/wp\/v2\/tags?post=395507"},{"taxonomy":"tax_documento","embeddable":true,"href":"https:\/\/www.medellin.gov.co\/es\/wp-json\/wp\/v2\/tax_documento?post=395507"}],"curies":[{"name":"wp","href":"https:\/\/api.w.org\/{rel}","templated":true}]}}

<div class="TituloPlantilla1"><b>Encuesta de Calidad de Vida 2015</b></div>
<p>La Encuesta de Calidad de Vida es una investigación sobre las condiciones de vida para Medellín. Con el fin de tener una visión más detallada, se realiza a nivel de comunas y corregimientos, teniendo representatividad para el total Medellín y para la desagregación territorial referenciada.</p>
<p>La encuesta, es el insumo para el cálculo del Indicador Multidimensional de Condiciones de Vida (IMCV), el cual constituye el eje central de dicha encuesta. El IMCV es un indicador compuesto que permite medir la evolución de las condiciones de vida de la población de la ciudad. En su diseño se tiene en cuenta el concepto de la multidimensionalidad, el cual se traduce en la combinación &#8211; en una sola medida &#8211; de variables asociadas con los estándares de vida, las dinámicas sociales y el capital humano.</p>
<p><strong>Presentación</strong></p>
<ul>
<li>Presentación ECV 2015<a href="https://www.medellin.gov.co/irj/go/km/docs/pccdesign/medellin/Temas/PlaneacionMunicipal/IndicadoresEstadisticas/PaginasECV/Shared%20Content/Documentos/Encuesta%20Calidad%20de%20vida%202015/Presentacio%CC%81n_EVC2015.pdf"><img loading="lazy" src="https://www.medellin.gov.co/irj/go/km/docs/pccdesign/medellin/Temas/PlaneacionMunicipal/IndicadoresEstadisticas/PaginasECV/Shared%20Content/Imagenes/PDF.png" width="28" height="30" /></a><b> </b></li>
</ul>
<p><b>Bases de Datos</b></p>
<ul>
<li>Base de datos ECV 2015  <a href="https://www.medellin.gov.co/irj/go/km/docs/pccdesign/medellin/Temas/PlaneacionMunicipal/IndicadoresEstadisticas/PaginasECV/Shared%20Content/Documentos/Encuesta%20Calidad%20de%20vida%202015/Base%20de%20datos%20ECV%202015.xlsx"><img loading="lazy" src="https://www.medellin.gov.co/irj/go/km/docs/pccdesign/medellin/Temas/PlaneacionMunicipal/IndicadoresEstadisticas/PaginasECV/Shared%20Content/Imagenes/Excel.png" width="28" height="30" /></a><b> </b></li>
</ul>
<p><b>Mapas</b><b></b></p>
<p><strong>      Mapas dimensiones IMCV </strong></p>
<ul>
<li><a href="https://ecvmedellin.maps.arcgis.com/apps/MapSeries/index.html?appid=06b0bef0d67b478daf13a1912ead4573">Dimensión 1 Entorno y Vivienda</a></li>
<li><a href="https://ecvmedellin.maps.arcgis.com/apps/MapSeries/index.html?appid=06b0bef0d67b478daf13a1912ead4573">Dimensión 2 Acceso a servicios públicos</a></li>
<li><a href="https://ecvmedellin.maps.arcgis.com/apps/MapSeries/index.html?appid=06b0bef0d67b478daf13a1912ead4573">Dimensión 3 Medio ambiente</a></li>
<li><a href="https://ecvmedellin.maps.arcgis.com/apps/MapSeries/index.html?appid=06b0bef0d67b478daf13a1912ead4573">Dimensión 4  Escolaridad</a></li>
<li><a href="https://ecvmedellin.maps.arcgis.com/apps/MapSeries/index.html?appid=06b0bef0d67b478daf13a1912ead4573">Dimensión 5 Desescolarización</a></li>
<li><a href="https://ecvmedellin.maps.arcgis.com/apps/MapSeries/index.html?appid=06b0bef0d67b478daf13a1912ead4573">Dimensión 6 Movilidad</a></li>
<li><a href="https://ecvmedellin.maps.arcgis.com/apps/MapSeries/index.html?appid=06b0bef0d67b478daf13a1912ead4573">Dimensión 7 Capital Físico del Hogar</a></li>
<li><a href="https://ecvmedellin.maps.arcgis.com/apps/MapSeries/index.html?appid=06b0bef0d67b478daf13a1912ead4573">Dimensión 8 Participación</a></li>
<li><a href="https://ecvmedellin.maps.arcgis.com/apps/MapSeries/index.html?appid=06b0bef0d67b478daf13a1912ead4573">Dimensión 9 Libertad y Seguridad</a></li>
<li><a href="https://ecvmedellin.maps.arcgis.com/apps/MapSeries/index.html?appid=06b0bef0d67b478daf13a1912ead4573">Dimensión 10 Vulnerabilidad</a></li>
<li><a href="https://ecvmedellin.maps.arcgis.com/apps/MapSeries/index.html?appid=06b0bef0d67b478daf13a1912ead4573">Dimensión 11 Salud</a></li>
<li><a href="https://ecvmedellin.maps.arcgis.com/apps/MapSeries/index.html?appid=06b0bef0d67b478daf13a1912ead4573">Dimensión 12 trabajo</a></li>
<li><a href="https://ecvmedellin.maps.arcgis.com/apps/MapSeries/index.html?appid=06b0bef0d67b478daf13a1912ead4573">Dimensión 13 Recreación</a></li>
<li><a href="https://ecvmedellin.maps.arcgis.com/apps/MapSeries/index.html?appid=06b0bef0d67b478daf13a1912ead4573">Dimensión 14 Percepción de la calidad de vida</a></li>
<li><a href="https://ecvmedellin.maps.arcgis.com/apps/MapSeries/index.html?appid=06b0bef0d67b478daf13a1912ead4573">Dimensión 15 Ingresos</a></li>
<li>Bases de Datos Mapas_IMCV <a href="https://www.medellin.gov.co/irj/go/km/docs/pccdesign/medellin/Temas/PlaneacionMunicipal/IndicadoresEstadisticas/PaginasECV/Shared%20Content/Documentos/Encuesta%20Calidad%20de%20vida%202015/Formato%20Informacion%20Mapas_IMCV.xlsx"><img loading="lazy" src="https://www.medellin.gov.co/irj/go/km/docs/pccdesign/medellin/Temas/PlaneacionMunicipal/IndicadoresEstadisticas/PaginasECV/Shared%20Content/Imagenes/Excel.png" width="30" height="30" /></a></li>
</ul>
<p><strong>Diccionario de datos</strong></p>
<ul>
<li>Diccionario de datos Encuesta Calidad de Vida 2015<a href="https://www.medellin.gov.co/es/wp-content/uploads/2023/01/Diccionario-de-Datos-ECV2015.xls" target="_blank" rel="noopener"><img loading="lazy" class="alignnone" src="https://www.medellin.gov.co/irj/go/km/docs/pccdesign/medellin/Temas/PlaneacionMunicipal/IndicadoresEstadisticas/PaginasECV/Shared%20Content/Imagenes/PDF.png" alt="" width="28" height="30" /></a></li>
</ul>
<p><strong>Resultados generales</strong></p>
<ul>
<li>Ficha técnica ECV 2015 <a href="https://www.medellin.gov.co/irj/go/km/docs/pccdesign/medellin/Temas/PlaneacionMunicipal/IndicadoresEstadisticas/PaginasECV/Shared%20Content/Documentos/Encuesta%20Calidad%20de%20vida%202015/Ficha%20tecnica%20ECV%202015.pdf"><img loading="lazy" src="https://www.medellin.gov.co/irj/go/km/docs/pccdesign/medellin/Temas/PlaneacionMunicipal/IndicadoresEstadisticas/PaginasECV/Shared%20Content/Imagenes/PDF.png" width="30" height="30" /></a></li>
<li>Resultados generales ECV 2015 <a href="https://www.medellin.gov.co/irj/go/km/docs/pccdesign/medellin/Temas/PlaneacionMunicipal/IndicadoresEstadisticas/PaginasECV/Shared%20Content/Documentos/Encuesta%20Calidad%20de%20vida%202015/Resultados%20generales%20ECV%202015.pdf"><img loading="lazy" src="https://www.medellin.gov.co/irj/go/km/docs/pccdesign/medellin/Temas/PlaneacionMunicipal/IndicadoresEstadisticas/PaginasECV/Shared%20Content/Imagenes/PDF.png" width="30" height="30" /></a></li>
<li>Resultados generales EVC 2015 <a href="https://www.medellin.gov.co/irj/go/km/docs/pccdesign/medellin/Temas/PlaneacionMunicipal/IndicadoresEstadisticas/PaginasECV/Shared%20Content/Documentos/Encuesta%20Calidad%20de%20vida%202015/Resultados%20Generales%20ECV_2015.xlsx"><img loading="lazy" src="https://www.medellin.gov.co/irj/go/km/docs/pccdesign/medellin/Temas/PlaneacionMunicipal/IndicadoresEstadisticas/PaginasECV/Shared%20Content/Imagenes/Excel.png" width="30" height="30" /></a></li>
<li>Resultados Indicador Multidimensional de Condiciones de Vida 2015 <a href="https://www.medellin.gov.co/irj/go/km/docs/pccdesign/medellin/Temas/PlaneacionMunicipal/IndicadoresEstadisticas/PaginasECV/Shared%20Content/Documentos/Encuesta%20Calidad%20de%20vida%202015/Resultados%20Indicador%20Multiplicador%20de%20Calidad%20de%20Vida%20ECV%202015.pdf"><img loading="lazy" src="https://www.medellin.gov.co/irj/go/km/docs/pccdesign/medellin/Temas/PlaneacionMunicipal/IndicadoresEstadisticas/PaginasECV/Shared%20Content/Imagenes/PDF.png" width="30" height="30" /></a></li>
</ul>
