{"id":64243,"date":"2022-05-09T14:53:41","date_gmt":"2022-05-09T19:53:41","guid":{"rendered":"https:\/\/www.medellin.gov.co\/es\/?post_type=centro_documental&#038;p=64243"},"modified":"2022-05-09T14:53:41","modified_gmt":"2022-05-09T19:53:41","slug":"desplazamiento-forzado-en-medellin-caracterizacion-de-un-fenomeno-complejo-2","status":"publish","type":"centro_documental","link":"https:\/\/www.medellin.gov.co\/es\/centro-documental\/desplazamiento-forzado-en-medellin-caracterizacion-de-un-fenomeno-complejo-2\/","title":{"rendered":"Desplazamiento forzado en Medell\u00edn. Caracterizaci\u00f3n de un fen\u00f3meno complejo"},"content":{"rendered":"<p>Desplazamiento forzado en Medell\u00edn. Caracterizaci\u00f3n de un fen\u00f3meno complejo<\/p>\n","protected":false},"template":"","categories":[1],"tags":[435],"tax_documento":[549],"acf":[],"_links":{"self":[{"href":"https:\/\/www.medellin.gov.co\/es\/wp-json\/wp\/v2\/centro_documental\/64243"}],"collection":[{"href":"https:\/\/www.medellin.gov.co\/es\/wp-json\/wp\/v2\/centro_documental"}],"about":[{"href":"https:\/\/www.medellin.gov.co\/es\/wp-json\/wp\/v2\/types\/centro_documental"}],"wp:attachment":[{"href":"https:\/\/www.medellin.gov.co\/es\/wp-json\/wp\/v2\/media?parent=64243"}],"wp:term":[{"taxonomy":"category","embeddable":true,"href":"https:\/\/www.medellin.gov.co\/es\/wp-json\/wp\/v2\/categories?post=64243"},{"taxonomy":"post_tag","embeddable":true,"href":"https:\/\/www.medellin.gov.co\/es\/wp-json\/wp\/v2\/tags?post=64243"},{"taxonomy":"tax_documento","embeddable":true,"href":"https:\/\/www.medellin.gov.co\/es\/wp-json\/wp\/v2\/tax_documento?post=64243"}],"curies":[{"name":"wp","href":"https:\/\/api.w.org\/{rel}","templated":true}]}}

Desplazamiento forzado en Medellín. Caracterización de un fenómeno complejo

<p>Desplazamiento forzado en Medellín. Caracterización de un fenómeno complejo</p>
