{"id":32911,"date":"2021-12-01T13:10:27","date_gmt":"2021-12-01T18:10:27","guid":{"rendered":"https:\/\/www.medellin.gov.co\/es\/saladeprensa\/noticias\/entes_descentralizad\/metro-de-medellin\/"},"modified":"2023-06-09T15:31:30","modified_gmt":"2023-06-09T20:31:30","slug":"metro-de-medellin","status":"publish","type":"entes_descentralizad","link":"https:\/\/www.medellin.gov.co\/es\/sala-de-prensa\/noticias\/entes_descentralizad\/metro-de-medellin\/","title":{"rendered":"Metro de Medell\u00edn"},"content":{"rendered":"<p>El Metro de Medell\u00edn es una empresa industrial y comercial del Estado, tanto en el manejo administrativo como en la responsabilidad social. As\u00ed lo demuestran reconocimientos tan significativos como el haber sido escogida por 8 a\u00f1os consecutivos como la empresa p\u00fablica m\u00e1s admirada por su favorabilidad y gesti\u00f3n en la encuesta de percepci\u00f3n ciudadana Medell\u00edn C\u00f3mo Vamos, o el puesto 19 que ocup\u00f3 en 2013 entre las 100 empresas m\u00e1s reputadas del pa\u00eds seg\u00fan el ranking de Merco Empresas.<\/p>\n","protected":false},"featured_media":37882,"template":"","acf":[],"_links":{"self":[{"href":"https:\/\/www.medellin.gov.co\/es\/wp-json\/wp\/v2\/entes_descentralizad\/32911"}],"collection":[{"href":"https:\/\/www.medellin.gov.co\/es\/wp-json\/wp\/v2\/entes_descentralizad"}],"about":[{"href":"https:\/\/www.medellin.gov.co\/es\/wp-json\/wp\/v2\/types\/entes_descentralizad"}],"wp:featuredmedia":[{"embeddable":true,"href":"https:\/\/www.medellin.gov.co\/es\/wp-json\/wp\/v2\/media\/37882"}],"wp:attachment":[{"href":"https:\/\/www.medellin.gov.co\/es\/wp-json\/wp\/v2\/media?parent=32911"}],"curies":[{"name":"wp","href":"https:\/\/api.w.org\/{rel}","templated":true}]}}

Metro de Medellín

<p>El Metro de Medellín es una empresa industrial y comercial del Estado, tanto en el manejo administrativo como en la responsabilidad social. Así lo demuestran reconocimientos tan significativos como el haber sido escogida por 8 años consecutivos como la empresa pública más admirada por su favorabilidad y gestión en la encuesta de percepción ciudadana Medellín Cómo Vamos, o el puesto 19 que ocupó en 2013 entre las 100 empresas más reputadas del país según el ranking de Merco Empresas.</p>
