{"id":133939,"date":"2022-11-22T12:42:31","date_gmt":"2022-11-22T17:42:31","guid":{"rendered":"https:\/\/www.medellin.gov.co\/es\/?post_type=eventos&#038;p=133939"},"modified":"2022-11-22T12:46:27","modified_gmt":"2022-11-22T17:46:27","slug":"3ra-sesion-escuela-de-proveedores-2022","status":"publish","type":"eventos","link":"https:\/\/www.medellin.gov.co\/es\/eventos\/3ra-sesion-escuela-de-proveedores-2022\/","title":{"rendered":"3ra sesi\u00f3n Escuela de Proveedores 2022"},"content":{"rendered":"<p><strong>Temas: <\/strong><\/p>\n<ul>\n<li>Conceptos b\u00e1sicos de contrataci\u00f3n (dirigidos a potenciales nuevos proveedores o personas que quieran ampliar sus conocimientos en c\u00f3mo contratar con el Municipio de Medell\u00edn)<\/li>\n<li>Marco Jur\u00eddico General<\/li>\n<li>Modalidades de Selecci\u00f3n<\/li>\n<li>Tips para presentar propuestas<\/li>\n<\/ul>\n<p>&nbsp;<\/p>\n<p><strong>Revive las memorias de este encuentro: <\/strong><\/p>\n<p><strong>Grabaci\u00f3n de la capacitaci\u00f3n<\/strong><\/p>\n<p><a href=\"https:\/\/medellingovco-my.sharepoint.com\/:v:\/g\/personal\/escuela_proveedores_medellin_gov_co\/EWSOwBTCAohHjMILf0Lk-V0BhgV4bD0NqTX5RIClhqxzNA?e=fWaRzo\" target=\"_blank\" rel=\"noopener\">Escuela de Proveedores 3 marzo 2022-20220303_085948-Grabaci\u00f3n de la reuni\u00f3n.mp4<\/a><\/p>\n<p><strong>Presentaciones: <\/strong><\/p>\n<p><a href=\"https:\/\/medellingovco-my.sharepoint.com\/:p:\/g\/personal\/escuela_proveedores_medellin_gov_co\/EXVItTVv_BVFgo5F_ELJZ_0B9Hv1_dMHfBRrGeif7CpQMg?e=2QLHvh\" target=\"_blank\" rel=\"noopener\">Escuela 3 marzo 2022 Conceptos b\u00e1sicos.pptx<\/a><\/p>\n<p><a href=\"https:\/\/medellingovco-my.sharepoint.com\/:p:\/g\/personal\/escuela_proveedores_medellin_gov_co\/ERdNLPAR9KdMlwwYKD7SUrYBCCG0BJ9UBAh2jSTBgU7uNw?e=P3JRgh\" target=\"_blank\" rel=\"noopener\">Conceptos b\u00e1sicos de contrataci\u00f3n Mar 03-2022.pptx<\/a><\/p>\n","protected":false},"featured_media":133925,"template":"","categories":[22],"tags":[432],"acf":{"extracto_del_evento":"","inicio_del_evento":"20220303","hora_inicio":"","fin_del_evento":"20220303","hora_fin":"","estado_del_evento":"Terminado","ubicacion":"","tipo_de_ingreso":"Gratis","organizacion_event":"","telefonos_eventos":"","email_eventos":"","mapa_evento":""},"_links":{"self":[{"href":"https:\/\/www.medellin.gov.co\/es\/wp-json\/wp\/v2\/eventos\/133939"}],"collection":[{"href":"https:\/\/www.medellin.gov.co\/es\/wp-json\/wp\/v2\/eventos"}],"about":[{"href":"https:\/\/www.medellin.gov.co\/es\/wp-json\/wp\/v2\/types\/eventos"}],"wp:featuredmedia":[{"embeddable":true,"href":"https:\/\/www.medellin.gov.co\/es\/wp-json\/wp\/v2\/media\/133925"}],"wp:attachment":[{"href":"https:\/\/www.medellin.gov.co\/es\/wp-json\/wp\/v2\/media?parent=133939"}],"wp:term":[{"taxonomy":"category","embeddable":true,"href":"https:\/\/www.medellin.gov.co\/es\/wp-json\/wp\/v2\/categories?post=133939"},{"taxonomy":"post_tag","embeddable":true,"href":"https:\/\/www.medellin.gov.co\/es\/wp-json\/wp\/v2\/tags?post=133939"}],"curies":[{"name":"wp","href":"https:\/\/api.w.org\/{rel}","templated":true}]}}

3ra sesión Escuela de Proveedores 2022

<p><strong>Temas: </strong></p>
<ul>
<li>Conceptos básicos de contratación (dirigidos a potenciales nuevos proveedores o personas que quieran ampliar sus conocimientos en cómo contratar con el Municipio de Medellín)</li>
<li>Marco Jurídico General</li>
<li>Modalidades de Selección</li>
<li>Tips para presentar propuestas</li>
</ul>
<p>&nbsp;</p>
<p><strong>Revive las memorias de este encuentro: </strong></p>
<p><strong>Grabación de la capacitación</strong></p>
<p><a href="https://medellingovco-my.sharepoint.com/:v:/g/personal/escuela_proveedores_medellin_gov_co/EWSOwBTCAohHjMILf0Lk-V0BhgV4bD0NqTX5RIClhqxzNA?e=fWaRzo" target="_blank" rel="noopener">Escuela de Proveedores 3 marzo 2022-20220303_085948-Grabación de la reunión.mp4</a></p>
<p><strong>Presentaciones: </strong></p>
<p><a href="https://medellingovco-my.sharepoint.com/:p:/g/personal/escuela_proveedores_medellin_gov_co/EXVItTVv_BVFgo5F_ELJZ_0B9Hv1_dMHfBRrGeif7CpQMg?e=2QLHvh" target="_blank" rel="noopener">Escuela 3 marzo 2022 Conceptos básicos.pptx</a></p>
<p><a href="https://medellingovco-my.sharepoint.com/:p:/g/personal/escuela_proveedores_medellin_gov_co/ERdNLPAR9KdMlwwYKD7SUrYBCCG0BJ9UBAh2jSTBgU7uNw?e=P3JRgh" target="_blank" rel="noopener">Conceptos básicos de contratación Mar 03-2022.pptx</a></p>
