{"id":133973,"date":"2022-11-22T14:48:35","date_gmt":"2022-11-22T19:48:35","guid":{"rendered":"https:\/\/www.medellin.gov.co\/es\/?post_type=eventos&#038;p=133973"},"modified":"2022-11-22T14:48:35","modified_gmt":"2022-11-22T19:48:35","slug":"9-sesion-escuela-de-proveedores-2022","status":"publish","type":"eventos","link":"https:\/\/www.medellin.gov.co\/es\/eventos\/9-sesion-escuela-de-proveedores-2022\/","title":{"rendered":"9 sesi\u00f3n Escuela de Proveedores 2022"},"content":{"rendered":"<p><strong>Temas: <\/strong><\/p>\n<p>Gesti\u00f3n de Riesgos en Las Compras P\u00fablicas<\/p>\n<ul>\n<li>\u00bfQu\u00e9 es la gesti\u00f3n de riesgos?<\/li>\n<li>Tipos de riesgos que se pueden identificar en las compras<\/li>\n<li>Importancia de la gesti\u00f3n de riesgos en las compras<\/li>\n<li>\u00bfC\u00f3mo se gestionan los riesgos en las compras p\u00fablicas?<\/li>\n<\/ul>\n<p>Oferta institucional \u2013 Secretar\u00eda de las Mujeres.<\/p>\n<p>Oferta institucional \u2013 Secretar\u00eda de Inclusi\u00f3n Social.<\/p>\n<p>Oferta institucional \u2013 Secretar\u00eda de la Juventud<\/p>\n<p>&nbsp;<\/p>\n<p><strong>Revive las memorias de este encuentro<\/strong><\/p>\n<p><strong>Grabaci\u00f3n de la capacitaci\u00f3n<\/strong><\/p>\n<p><a href=\"https:\/\/medellingovco-my.sharepoint.com\/:v:\/g\/personal\/escuela_proveedores_medellin_gov_co\/EdxMpKDaeoZFnuHUIuSaDFwBY3xpk5UCYIZL0lay2oFUwA?e=OIWRCW\" target=\"_blank\" rel=\"noopener\">Escuela de Proveedores 18 agosto -. Manejo de riesgos en la presentaci\u00f3n de propuestas-20220818_090017-Grabaci\u00f3n de la reuni\u00f3n.mp4<\/a><\/p>\n<p><strong>Presentaciones<\/strong><\/p>\n<p><a href=\"https:\/\/medellingovco-my.sharepoint.com\/:b:\/g\/personal\/escuela_proveedores_medellin_gov_co\/EeXBvIqWBddBrH2BbH_-MQUBtSvrYuTXyGUETp7w_YIkiw?e=ye0qYl\" target=\"_blank\" rel=\"noopener\">Presentacion Riesgos.pdf<\/a><\/p>\n<p><a href=\"https:\/\/medellingovco-my.sharepoint.com\/:b:\/g\/personal\/escuela_proveedores_medellin_gov_co\/EWUEV4gI4xVOstmLPdP2sFkBOXkO29cSA7xrrrvKFEzPEQ?e=ayj5yP\" target=\"_blank\" rel=\"noopener\">Presentaci\u00f3n Secretaria de las Mujeres.pdf<\/a><\/p>\n<p><a href=\"https:\/\/medellingovco-my.sharepoint.com\/:b:\/g\/personal\/escuela_proveedores_medellin_gov_co\/EQn1YvvN7VdOigLkSxScISUBwmwNRwEMYS1X9--hWD_93A?e=hQNcFO\" target=\"_blank\" rel=\"noopener\">Escuela para la Inclusi\u00f3n.pdf<\/a><\/p>\n","protected":false},"featured_media":133935,"template":"","categories":[22],"tags":[432],"acf":{"extracto_del_evento":"","inicio_del_evento":"20220818","hora_inicio":"","fin_del_evento":"20220818","hora_fin":"","estado_del_evento":"Terminado","ubicacion":"","tipo_de_ingreso":"Gratis","organizacion_event":"","telefonos_eventos":"","email_eventos":"","mapa_evento":""},"_links":{"self":[{"href":"https:\/\/www.medellin.gov.co\/es\/wp-json\/wp\/v2\/eventos\/133973"}],"collection":[{"href":"https:\/\/www.medellin.gov.co\/es\/wp-json\/wp\/v2\/eventos"}],"about":[{"href":"https:\/\/www.medellin.gov.co\/es\/wp-json\/wp\/v2\/types\/eventos"}],"wp:featuredmedia":[{"embeddable":true,"href":"https:\/\/www.medellin.gov.co\/es\/wp-json\/wp\/v2\/media\/133935"}],"wp:attachment":[{"href":"https:\/\/www.medellin.gov.co\/es\/wp-json\/wp\/v2\/media?parent=133973"}],"wp:term":[{"taxonomy":"category","embeddable":true,"href":"https:\/\/www.medellin.gov.co\/es\/wp-json\/wp\/v2\/categories?post=133973"},{"taxonomy":"post_tag","embeddable":true,"href":"https:\/\/www.medellin.gov.co\/es\/wp-json\/wp\/v2\/tags?post=133973"}],"curies":[{"name":"wp","href":"https:\/\/api.w.org\/{rel}","templated":true}]}}

9 sesión Escuela de Proveedores 2022

<p><strong>Temas: </strong></p>
<p>Gestión de Riesgos en Las Compras Públicas</p>
<ul>
<li>¿Qué es la gestión de riesgos?</li>
<li>Tipos de riesgos que se pueden identificar en las compras</li>
<li>Importancia de la gestión de riesgos en las compras</li>
<li>¿Cómo se gestionan los riesgos en las compras públicas?</li>
</ul>
<p>Oferta institucional – Secretaría de las Mujeres.</p>
<p>Oferta institucional – Secretaría de Inclusión Social.</p>
<p>Oferta institucional – Secretaría de la Juventud</p>
<p>&nbsp;</p>
<p><strong>Revive las memorias de este encuentro</strong></p>
<p><strong>Grabación de la capacitación</strong></p>
<p><a href="https://medellingovco-my.sharepoint.com/:v:/g/personal/escuela_proveedores_medellin_gov_co/EdxMpKDaeoZFnuHUIuSaDFwBY3xpk5UCYIZL0lay2oFUwA?e=OIWRCW" target="_blank" rel="noopener">Escuela de Proveedores 18 agosto -. Manejo de riesgos en la presentación de propuestas-20220818_090017-Grabación de la reunión.mp4</a></p>
<p><strong>Presentaciones</strong></p>
<p><a href="https://medellingovco-my.sharepoint.com/:b:/g/personal/escuela_proveedores_medellin_gov_co/EeXBvIqWBddBrH2BbH_-MQUBtSvrYuTXyGUETp7w_YIkiw?e=ye0qYl" target="_blank" rel="noopener">Presentacion Riesgos.pdf</a></p>
<p><a href="https://medellingovco-my.sharepoint.com/:b:/g/personal/escuela_proveedores_medellin_gov_co/EWUEV4gI4xVOstmLPdP2sFkBOXkO29cSA7xrrrvKFEzPEQ?e=ayj5yP" target="_blank" rel="noopener">Presentación Secretaria de las Mujeres.pdf</a></p>
<p><a href="https://medellingovco-my.sharepoint.com/:b:/g/personal/escuela_proveedores_medellin_gov_co/EQn1YvvN7VdOigLkSxScISUBwmwNRwEMYS1X9--hWD_93A?e=hQNcFO" target="_blank" rel="noopener">Escuela para la Inclusión.pdf</a></p>
