{"id":155260,"date":"2023-02-08T15:22:27","date_gmt":"2023-02-08T20:22:27","guid":{"rendered":"https:\/\/www.medellin.gov.co\/es\/?post_type=eventos&#038;p=155260"},"modified":"2023-02-08T15:22:27","modified_gmt":"2023-02-08T20:22:27","slug":"mercado-artesanal-sanalejo-marzo-18","status":"publish","type":"eventos","link":"https:\/\/www.medellin.gov.co\/es\/eventos\/mercado-artesanal-sanalejo-marzo-18\/","title":{"rendered":"Mercado artesanal Sanalejo marzo 18"},"content":{"rendered":"<p><span style=\"font-weight: 400;\">El tradicional Mercado Artesanal de Sanalejo es un encuentro de ciudad, coordinado por la Secretar\u00eda de Cultura Ciudadana de la Alcald\u00eda de Medell\u00edn, que busca fomentar la creatividad y estimular la labor artesanal en la ciudad, atendiendo a las nuevas din\u00e1micas del mercado y generando espacios para la comercializaci\u00f3n de los productos artesanales elaborados en Medell\u00edn.<\/span><\/p>\n<p><span style=\"font-weight: 400;\">Este espacio promueve el intercambio de saberes y conocimiento entre los participantes del Mercado y el p\u00fablico visitante, propicia el reconocimiento de los artesanos como parte del patrimonio cultural inmaterial de Medell\u00edn y enriquece la oferta cultural y tur\u00edstica del centro de la ciudad.<\/span><\/p>\n<p><span style=\"font-weight: 400;\">Durante el 2023 se llevar\u00e1 a cabo el primer y tercer s\u00e1bado de cada mes de 8:00 a. m. a 6:00 p. m. y contar\u00e1 con diversa programaci\u00f3n art\u00edstica y cultural.<\/span><\/p>\n","protected":false},"featured_media":155244,"template":"","categories":[31],"tags":[451,444,440,428,450],"acf":{"extracto_del_evento":"El tradicional Mercado Artesanal de Sanalejo es un encuentro de ciudad, coordinado por la Secretar\u00eda de Cultura Ciudadana de la Alcald\u00eda de Medell\u00edn, que busca fomentar la creatividad y estimular la labor artesanal en la ciudad, atendiendo a las nuevas din\u00e1micas del mercado y generando espacios para la comercializaci\u00f3n de los productos artesanales elaborados en Medell\u00edn.","inicio_del_evento":"20230318","hora_inicio":"08:00:00","fin_del_evento":"20230318","hora_fin":"18:00:00","estado_del_evento":"Activo","ubicacion":"Parque Bol\u00edvar","tipo_de_ingreso":"Gratis","organizacion_event":"Secretar\u00eda de Cultura Ciudadana","telefonos_eventos":"3004514224","email_eventos":"mercadoartesanalsanalejo@gmail.com","mapa_evento":"<iframe src=\"https:\/\/www.google.com\/maps\/embed?pb=!1m18!1m12!1m3!1d28886.07715582325!2d-75.58503773849206!3d6.251302507850108!2m3!1f0!2f0!3f0!3m2!1i1024!2i768!4f13.1!3m3!1m2!1s0x8e4428f98e51c48f%3A0xb22a056b3235080d!2sParque%20de%20Bol%C3%ADvar!5e0!3m2!1ses-419!2sco!4v1675885965700!5m2!1ses-419!2sco\" width=\"100%\" height=\"450\" style=\"border:0;\" allowfullscreen=\"\" loading=\"lazy\" referrerpolicy=\"no-referrer-when-downgrade\"><\/iframe>"},"_links":{"self":[{"href":"https:\/\/www.medellin.gov.co\/es\/wp-json\/wp\/v2\/eventos\/155260"}],"collection":[{"href":"https:\/\/www.medellin.gov.co\/es\/wp-json\/wp\/v2\/eventos"}],"about":[{"href":"https:\/\/www.medellin.gov.co\/es\/wp-json\/wp\/v2\/types\/eventos"}],"wp:featuredmedia":[{"embeddable":true,"href":"https:\/\/www.medellin.gov.co\/es\/wp-json\/wp\/v2\/media\/155244"}],"wp:attachment":[{"href":"https:\/\/www.medellin.gov.co\/es\/wp-json\/wp\/v2\/media?parent=155260"}],"wp:term":[{"taxonomy":"category","embeddable":true,"href":"https:\/\/www.medellin.gov.co\/es\/wp-json\/wp\/v2\/categories?post=155260"},{"taxonomy":"post_tag","embeddable":true,"href":"https:\/\/www.medellin.gov.co\/es\/wp-json\/wp\/v2\/tags?post=155260"}],"curies":[{"name":"wp","href":"https:\/\/api.w.org\/{rel}","templated":true}]}}

<p><span style="font-weight: 400;">El tradicional Mercado Artesanal de Sanalejo es un encuentro de ciudad, coordinado por la Secretaría de Cultura Ciudadana de la Alcaldía de Medellín, que busca fomentar la creatividad y estimular la labor artesanal en la ciudad, atendiendo a las nuevas dinámicas del mercado y generando espacios para la comercialización de los productos artesanales elaborados en Medellín.</span></p>
<p><span style="font-weight: 400;">Este espacio promueve el intercambio de saberes y conocimiento entre los participantes del Mercado y el público visitante, propicia el reconocimiento de los artesanos como parte del patrimonio cultural inmaterial de Medellín y enriquece la oferta cultural y turística del centro de la ciudad.</span></p>
<p><span style="font-weight: 400;">Durante el 2023 se llevará a cabo el primer y tercer sábado de cada mes de 8:00 a. m. a 6:00 p. m. y contará con diversa programación artística y cultural.</span></p>

El tradicional Mercado Artesanal de Sanalejo es un encuentro de ciudad, coordinado por la Secretaría de Cultura Ciudadana de la Alcaldía de Medellín, que busca fomentar la creatividad y estimular la labor artesanal en la ciudad, atendiendo a las nuevas dinámicas del mercado y generando espacios para la comercialización de los productos artesanales elaborados en Medellín.

Parque Bolívar

Secretaría de Cultura Ciudadana
