{"id":200055,"date":"2023-05-25T16:27:02","date_gmt":"2023-05-25T21:27:02","guid":{"rendered":"https:\/\/www.medellin.gov.co\/es\/?post_type=eventos&#038;p=200055"},"modified":"2023-05-25T16:36:56","modified_gmt":"2023-05-25T21:36:56","slug":"armonias-resonantes","status":"publish","type":"eventos","link":"https:\/\/www.medellin.gov.co\/es\/eventos\/armonias-resonantes\/","title":{"rendered":"Armon\u00edas resonantes"},"content":{"rendered":"<p>Te invitamos a \u00abArmon\u00edas resonantes, un relato intemporal\u00bb, el segundo Concierto de Temporada de la Red de M\u00fasicas de Medell\u00edn. En esta ocasi\u00f3n, presentamos la m\u00fasica que trasciende a trav\u00e9s del tiempo con el repertorio de la Orquesta Sinf\u00f3nica Juvenil.<\/p>\n<p>El evento tendr\u00e1 lugar en el @teatroudem el d\u00eda lunes, 29 de mayo a partir de las 6:00 p. m.<\/p>\n<p>\u00a1Ser\u00e1 con entrada libre!<br \/>\n\u00a1Te esperamos!<\/p>\n<p>#NosMueveLaCultura<br \/>\n#LaRedDeMedell\u00edn<\/p>\n<p><img src=\"https:\/\/www.medellin.gov.co\/es\/wp-content\/uploads\/2023\/05\/Concierto-armonias.jpg\" \/><\/p>\n<p>&nbsp;<\/p>\n","protected":false},"featured_media":200150,"template":"","categories":[31],"tags":[444,428,627],"acf":{"extracto_del_evento":"El lunes, 29 de mayo, el Teatro Universidad de Medell\u00edn abrir\u00e1 sus puertas desde las 6:00 p. m. para el segundo Concierto de Temporada de la Red de M\u00fasicas de este a\u00f1o, en esta ocasi\u00f3n \u201cArmon\u00edas resonantes\u201d.","inicio_del_evento":"20230529","hora_inicio":"18:00:00","fin_del_evento":"20230529","hora_fin":"","estado_del_evento":"Pendiente","ubicacion":"Cra. 87 #30-65, Medell\u00edn, Bel\u00e9n, Medell\u00edn, Antioquia - Teatro Universidad de Medell\u00edn","tipo_de_ingreso":"Gratis","organizacion_event":"Red de M\u00fasicas de Medell\u00edn","telefonos_eventos":"No reporta","email_eventos":"comunicacionesredmusicamedellin@udea.edu.co","mapa_evento":"<iframe src=\"https:\/\/www.google.com\/maps\/embed?pb=!1m18!1m12!1m3!1d3966.234249924659!2d-75.61261192535844!3d6.232820393755366!2m3!1f0!2f0!3f0!3m2!1i1024!2i768!4f13.1!3m3!1m2!1s0x8e44298d953b01df%3A0x192e652295d45629!2sTeatro%20de%20la%20Universidad%20de%20Medell%C3%ADn!5e0!3m2!1ses-419!2sco!4v1685049883358!5m2!1ses-419!2sco\" width=\"100%\" height=\"450\" style=\"border:0;\" allowfullscreen=\"\" loading=\"lazy\" referrerpolicy=\"no-referrer-when-downgrade\"><\/iframe>"},"_links":{"self":[{"href":"https:\/\/www.medellin.gov.co\/es\/wp-json\/wp\/v2\/eventos\/200055"}],"collection":[{"href":"https:\/\/www.medellin.gov.co\/es\/wp-json\/wp\/v2\/eventos"}],"about":[{"href":"https:\/\/www.medellin.gov.co\/es\/wp-json\/wp\/v2\/types\/eventos"}],"wp:featuredmedia":[{"embeddable":true,"href":"https:\/\/www.medellin.gov.co\/es\/wp-json\/wp\/v2\/media\/200150"}],"wp:attachment":[{"href":"https:\/\/www.medellin.gov.co\/es\/wp-json\/wp\/v2\/media?parent=200055"}],"wp:term":[{"taxonomy":"category","embeddable":true,"href":"https:\/\/www.medellin.gov.co\/es\/wp-json\/wp\/v2\/categories?post=200055"},{"taxonomy":"post_tag","embeddable":true,"href":"https:\/\/www.medellin.gov.co\/es\/wp-json\/wp\/v2\/tags?post=200055"}],"curies":[{"name":"wp","href":"https:\/\/api.w.org\/{rel}","templated":true}]}}

Armonías resonantes

<p>Te invitamos a «Armonías resonantes, un relato intemporal», el segundo Concierto de Temporada de la Red de Músicas de Medellín. En esta ocasión, presentamos la música que trasciende a través del tiempo con el repertorio de la Orquesta Sinfónica Juvenil.</p>
<p>El evento tendrá lugar en el @teatroudem el día lunes, 29 de mayo a partir de las 6:00 p. m.</p>
<p>¡Será con entrada libre!<br />
¡Te esperamos!</p>
<p>#NosMueveLaCultura<br />
#LaRedDeMedellín</p>
<p><img src="https://www.medellin.gov.co/es/wp-content/uploads/2023/05/Concierto-armonias.jpg" /></p>
<p>&nbsp;</p>

El lunes, 29 de mayo, el Teatro Universidad de Medellín abrirá sus puertas desde las 6:00 p. m. para el segundo Concierto de Temporada de la Red de Músicas de este año, en esta ocasión “Armonías resonantes”.

Cra. 87 #30-65, Medellín, Belén, Medellín, Antioquia - Teatro Universidad de Medellín

Red de Músicas de Medellín
