{"id":220171,"date":"2023-07-12T11:08:57","date_gmt":"2023-07-12T16:08:57","guid":{"rendered":"https:\/\/www.medellin.gov.co\/es\/?post_type=eventos&#038;p=220171"},"modified":"2023-07-12T11:08:57","modified_gmt":"2023-07-12T16:08:57","slug":"breakin-iniciacion","status":"publish","type":"eventos","link":"https:\/\/www.medellin.gov.co\/es\/eventos\/breakin-iniciacion\/","title":{"rendered":"Breakin iniciaci\u00f3n"},"content":{"rendered":"<div dir=\"auto\">\u00a1Descubre tu ritmo y libera tu pasi\u00f3n por el baile en nuestro \u00a1Laboratorio de Creaci\u00f3n en Danza Urbana de la Red de Danza 2023!<\/div>\n<div dir=\"auto\">\n<div dir=\"auto\"><\/div>\n<div dir=\"auto\">Sum\u00e9rgete en el mundo del Breakin junto a la Red de danzas y @4eskuela \u00a0en La Casa de la Cultura Pedregal para experimentar y aprender los movimientos y el estilo del Breakin<\/div>\n<div dir=\"auto\"><\/div>\n<div dir=\"auto\">\u00a1Prep\u00e1rate para moverte, girar y desafiar los l\u00edmites de la gravedad!<\/div>\n<div dir=\"auto\"><\/div>\n<div dir=\"auto\">Reg\u00edstrate ahora en el siguiente enlace:\u00a0<a href=\"https:\/\/forms.gle\/a3gGb7kZMY3yXamRA\" target=\"_blank\" rel=\"noopener\" data-saferedirecturl=\"https:\/\/www.google.com\/url?q=https:\/\/forms.gle\/a3gGb7kZMY3yXamRA&amp;source=gmail&amp;ust=1689183851322000&amp;usg=AOvVaw0bikeBe1Jb52wi86hf-Xog\">https:\/\/forms.gle\/a3gGb7kZMY3yXamRA<\/a><\/div>\n<div dir=\"auto\"><\/div>\n<div dir=\"auto\">\u00a1Te esperamos!<\/div>\n<div dir=\"auto\"><img src=\"https:\/\/www.medellin.gov.co\/es\/wp-content\/uploads\/2023\/07\/Breakin-Iniciacion.jpg\" \/><\/div>\n<\/div>\n","protected":false},"featured_media":220796,"template":"","categories":[31],"tags":[444,428,627],"acf":{"extracto_del_evento":"\u00a1Abrimos convocatoria con #LaRedDeMedell\u00edn! Sum\u00e9rgete en el mundo del Breakin junto a la Red de danzas y 4eskuela \u00a0en La Casa de la Cultura Pedregal para experimentar y aprender los movimientos y el estilo del Breakin.","inicio_del_evento":"20230711","hora_inicio":"08:00:00","fin_del_evento":"20231130","hora_fin":"18:00:00","estado_del_evento":"Activo","ubicacion":"Casa de Cultura Pedregal Cl. 103 #74a - 03, Pedregal, Medell\u00edn.","tipo_de_ingreso":"Gratis","organizacion_event":"Red de Pr\u00e1cticas Art\u00edsticas y Culturales","telefonos_eventos":"No reporta","email_eventos":"No reporta","mapa_evento":"<iframe src=\"https:\/\/www.google.com\/maps\/embed?pb=!1m18!1m12!1m3!1d3965.71859846956!2d-75.57672312535773!3d6.300658393688508!2m3!1f0!2f0!3f0!3m2!1i1024!2i768!4f13.1!3m3!1m2!1s0x8e442f27f84f3749%3A0x3b3af3528a8e8fc1!2sCasa%20de%20Cultura%20Pedregal!5e0!3m2!1ses-419!2sco!4v1689178122675!5m2!1ses-419!2sco\" width=\"600\" height=\"450\" style=\"border:0;\" allowfullscreen=\"\" loading=\"lazy\" referrerpolicy=\"no-referrer-when-downgrade\"><\/iframe>"},"_links":{"self":[{"href":"https:\/\/www.medellin.gov.co\/es\/wp-json\/wp\/v2\/eventos\/220171"}],"collection":[{"href":"https:\/\/www.medellin.gov.co\/es\/wp-json\/wp\/v2\/eventos"}],"about":[{"href":"https:\/\/www.medellin.gov.co\/es\/wp-json\/wp\/v2\/types\/eventos"}],"wp:featuredmedia":[{"embeddable":true,"href":"https:\/\/www.medellin.gov.co\/es\/wp-json\/wp\/v2\/media\/220796"}],"wp:attachment":[{"href":"https:\/\/www.medellin.gov.co\/es\/wp-json\/wp\/v2\/media?parent=220171"}],"wp:term":[{"taxonomy":"category","embeddable":true,"href":"https:\/\/www.medellin.gov.co\/es\/wp-json\/wp\/v2\/categories?post=220171"},{"taxonomy":"post_tag","embeddable":true,"href":"https:\/\/www.medellin.gov.co\/es\/wp-json\/wp\/v2\/tags?post=220171"}],"curies":[{"name":"wp","href":"https:\/\/api.w.org\/{rel}","templated":true}]}}

Breakin iniciación

<div dir="auto">¡Descubre tu ritmo y libera tu pasión por el baile en nuestro ¡Laboratorio de Creación en Danza Urbana de la Red de Danza 2023!</div>
<div dir="auto">
<div dir="auto"></div>
<div dir="auto">Sumérgete en el mundo del Breakin junto a la Red de danzas y @4eskuela  en La Casa de la Cultura Pedregal para experimentar y aprender los movimientos y el estilo del Breakin</div>
<div dir="auto"></div>
<div dir="auto">¡Prepárate para moverte, girar y desafiar los límites de la gravedad!</div>
<div dir="auto"></div>
<div dir="auto">Regístrate ahora en el siguiente enlace: <a href="https://forms.gle/a3gGb7kZMY3yXamRA" target="_blank" rel="noopener" data-saferedirecturl="https://www.google.com/url?q=https://forms.gle/a3gGb7kZMY3yXamRA&amp;source=gmail&amp;ust=1689183851322000&amp;usg=AOvVaw0bikeBe1Jb52wi86hf-Xog">https://forms.gle/a3gGb7kZMY3yXamRA</a></div>
<div dir="auto"></div>
<div dir="auto">¡Te esperamos!</div>
<div dir="auto"><img src="https://www.medellin.gov.co/es/wp-content/uploads/2023/07/Breakin-Iniciacion.jpg" /></div>
</div>

¡Abrimos convocatoria con #LaRedDeMedellín! Sumérgete en el mundo del Breakin junto a la Red de danzas y 4eskuela  en La Casa de la Cultura Pedregal para experimentar y aprender los movimientos y el estilo del Breakin.

Casa de Cultura Pedregal Cl. 103 #74a - 03, Pedregal, Medellín.

Red de Prácticas Artísticas y Culturales
