{"id":239899,"date":"2023-08-17T09:05:55","date_gmt":"2023-08-17T14:05:55","guid":{"rendered":"https:\/\/www.medellin.gov.co\/es\/?post_type=eventos&#038;p=239899"},"modified":"2023-08-17T09:05:55","modified_gmt":"2023-08-17T14:05:55","slug":"circo-contemporaneo-en-la-comuna-16","status":"publish","type":"eventos","link":"https:\/\/www.medellin.gov.co\/es\/eventos\/circo-contemporaneo-en-la-comuna-16\/","title":{"rendered":"Circo Contempor\u00e1neo en la comuna 16"},"content":{"rendered":"<div>\n<p>Encontr\u00e9monos en la escena para explorar nuevas narrativas desde el Teatro Contempor\u00e1neo.<\/p>\n<p>Junto a Elemental Teatro y la Red de Creaci\u00f3n Esc\u00e9nica vivamos la expresi\u00f3n corporal desde las puestas en escena.<\/p>\n<p>\u00a1Te esperamos!<\/p>\n<p>#NosMueveLaCultura<br \/>\n#LaRedDeMedell\u00edn<\/p>\n<\/div>\n<div><img src=\"https:\/\/www.medellin.gov.co\/es\/wp-content\/uploads\/2023\/08\/circo-contemporaneo-en-la-com-16.jpg\" \/><\/div>\n","protected":false},"featured_media":239968,"template":"","categories":[31],"tags":[444,428,627],"acf":{"extracto_del_evento":"\u00a1Abrimos convocatoria con #LaRedDeMedell\u00edn! \u00bfQuieres ser parte de la Red de Creaci\u00f3n Esc\u00e9nica? Haz parte de la diversidad de encuentros de formaci\u00f3n que tenemos en la ciudad. Dirigido a ni\u00f1os y ni\u00f1as entre los 6 y 11 a\u00f1os.","inicio_del_evento":"20230817","hora_inicio":"14:00:00","fin_del_evento":"20231126","hora_fin":"17:00:00","estado_del_evento":"Activo","ubicacion":"I.E. Alcald\u00eda de Medell\u00edn. Calle 2b #79-80, Medell\u00edn, Bel\u00e9n. ","tipo_de_ingreso":"Gratis","organizacion_event":"Red de Pr\u00e1cticas Art\u00edsticas y Culturales","telefonos_eventos":"3195168076","email_eventos":"No reporta","mapa_evento":"<iframe src=\"https:\/\/www.google.com\/maps\/embed?pb=!1m18!1m12!1m3!1d3966.3867275593893!2d-75.60617522543409!3d6.212619426698848!2m3!1f0!2f0!3f0!3m2!1i1024!2i768!4f13.1!3m3!1m2!1s0x8e4429e3e27341c7%3A0x9c2a16bbe9127220!2sI.E.%20Alcald%C3%ADa%20de%20Medell%C3%ADn!5e0!3m2!1ses-419!2sco!4v1692281123811!5m2!1ses-419!2sco\" width=\"100%\" height=\"450\" style=\"border:0;\" allowfullscreen=\"\" loading=\"lazy\" referrerpolicy=\"no-referrer-when-downgrade\"><\/iframe>"},"_links":{"self":[{"href":"https:\/\/www.medellin.gov.co\/es\/wp-json\/wp\/v2\/eventos\/239899"}],"collection":[{"href":"https:\/\/www.medellin.gov.co\/es\/wp-json\/wp\/v2\/eventos"}],"about":[{"href":"https:\/\/www.medellin.gov.co\/es\/wp-json\/wp\/v2\/types\/eventos"}],"wp:featuredmedia":[{"embeddable":true,"href":"https:\/\/www.medellin.gov.co\/es\/wp-json\/wp\/v2\/media\/239968"}],"wp:attachment":[{"href":"https:\/\/www.medellin.gov.co\/es\/wp-json\/wp\/v2\/media?parent=239899"}],"wp:term":[{"taxonomy":"category","embeddable":true,"href":"https:\/\/www.medellin.gov.co\/es\/wp-json\/wp\/v2\/categories?post=239899"},{"taxonomy":"post_tag","embeddable":true,"href":"https:\/\/www.medellin.gov.co\/es\/wp-json\/wp\/v2\/tags?post=239899"}],"curies":[{"name":"wp","href":"https:\/\/api.w.org\/{rel}","templated":true}]}}

Circo Contemporáneo en la comuna 16

<div>
<p>Encontrémonos en la escena para explorar nuevas narrativas desde el Teatro Contemporáneo.</p>
<p>Junto a Elemental Teatro y la Red de Creación Escénica vivamos la expresión corporal desde las puestas en escena.</p>
<p>¡Te esperamos!</p>
<p>#NosMueveLaCultura<br />
#LaRedDeMedellín</p>
</div>
<div><img src="https://www.medellin.gov.co/es/wp-content/uploads/2023/08/circo-contemporaneo-en-la-com-16.jpg" /></div>

¡Abrimos convocatoria con #LaRedDeMedellín! ¿Quieres ser parte de la Red de Creación Escénica? Haz parte de la diversidad de encuentros de formación que tenemos en la ciudad. Dirigido a niños y niñas entre los 6 y 11 años.

I.E. Alcaldía de Medellín. Calle 2b #79-80, Medellín, Belén.

Red de Prácticas Artísticas y Culturales
