{"id":276451,"date":"2023-11-03T15:52:37","date_gmt":"2023-11-03T20:52:37","guid":{"rendered":"https:\/\/www.medellin.gov.co\/es\/?post_type=eventos&#038;p=276451"},"modified":"2023-11-07T15:17:30","modified_gmt":"2023-11-07T20:17:30","slug":"semana-de-movilidad","status":"publish","type":"eventos","link":"https:\/\/www.medellin.gov.co\/es\/eventos\/semana-de-movilidad\/","title":{"rendered":"En Medell\u00edn celebramos la semana de la movilidad"},"content":{"rendered":"<p>Del 07 al 19 de noviembre, Medell\u00edn celebra la semana de la Movilidad con variada programaci\u00f3n en torno a c\u00f3mo nos movemos de manera segura, eficiente y cuidando al medio ambiente en el Distrito de Medell\u00edn.<\/p>\n<p>Durante la semana de la Movilidad participar\u00e1n activamente los motociclistas con sus acompa\u00f1antes, a trav\u00e9s de los puntos pedag\u00f3gicos que se dispondr\u00e1n para sensibilizarlos sobre el cuidado de la vida. Los peatones, con la inauguraci\u00f3n de sem\u00e1foros peatonales y miembros de instituciones educativas en donde se ha realizado un destacado trabajo en temas relacionados con la seguridad vial. Y finalmente se har\u00e1 un acto conmemorativo por las v\u00edctimas de incidentes viales.<\/p>\n<p>Te invitamos a participar de la programaci\u00f3n de la semana de la Movilidad y a transitar por el Distrito de Medell\u00edn cuidando la vida de todos los actores viales.<\/p>\n<p><a href=\"https:\/\/www.medellin.gov.co\/es\/wp-content\/uploads\/2023\/11\/Programacion-SEMMov2023-2.pdf\" target=\"_blank\" rel=\"noopener\">Conoce y descarga la programaci\u00f3n aqu\u00ed.<\/a><\/p>\n<p><img src=\"https:\/\/www.medellin.gov.co\/es\/wp-content\/uploads\/2023\/11\/Programacion-SEMMov2023-01-scaled.jpg\" \/><\/p>\n<p><img src=\"https:\/\/www.medellin.gov.co\/es\/wp-content\/uploads\/2023\/11\/Programacion-SEMMov2023-02-1-scaled.jpg\" \/><\/p>\n<p>&nbsp;<\/p>\n","protected":false},"featured_media":276452,"template":"","categories":[14],"tags":[445,447,448],"acf":{"extracto_del_evento":"Del 07 al 19 de noviembre, Medell\u00edn celebra la semana de la Movilidad con variada programaci\u00f3n en torno a c\u00f3mo nos movemos de manera segura, eficiente y cuidando al medio ambiente en el Distrito de Medell\u00edn.","inicio_del_evento":"20231107","hora_inicio":"06:00:00","fin_del_evento":"20231119","hora_fin":"22:00:00","estado_del_evento":"Activo","ubicacion":"Ciudad de Medell\u00edn","tipo_de_ingreso":"Gratis","organizacion_event":"Secretar\u00eda de Movilidad","telefonos_eventos":"6044444144","email_eventos":"No reporta","mapa_evento":"<iframe src=\"https:\/\/www.google.com\/maps\/embed?pb=!1m18!1m12!1m3!1d126916.69980797089!2d-75.66361388235514!3d6.244367696312497!2m3!1f0!2f0!3f0!3m2!1i1024!2i768!4f13.1!3m3!1m2!1s0x8e4428dfb80fad05%3A0x42137cfcc7b53b56!2sMedell%C3%ADn%2C%20Antioquia!5e0!3m2!1ses-419!2sco!4v1699044644420!5m2!1ses-419!2sco\" width=\"100%\" height=\"450\" style=\"border:0;\" allowfullscreen=\"\" loading=\"lazy\" referrerpolicy=\"no-referrer-when-downgrade\"><\/iframe>"},"_links":{"self":[{"href":"https:\/\/www.medellin.gov.co\/es\/wp-json\/wp\/v2\/eventos\/276451"}],"collection":[{"href":"https:\/\/www.medellin.gov.co\/es\/wp-json\/wp\/v2\/eventos"}],"about":[{"href":"https:\/\/www.medellin.gov.co\/es\/wp-json\/wp\/v2\/types\/eventos"}],"wp:featuredmedia":[{"embeddable":true,"href":"https:\/\/www.medellin.gov.co\/es\/wp-json\/wp\/v2\/media\/276452"}],"wp:attachment":[{"href":"https:\/\/www.medellin.gov.co\/es\/wp-json\/wp\/v2\/media?parent=276451"}],"wp:term":[{"taxonomy":"category","embeddable":true,"href":"https:\/\/www.medellin.gov.co\/es\/wp-json\/wp\/v2\/categories?post=276451"},{"taxonomy":"post_tag","embeddable":true,"href":"https:\/\/www.medellin.gov.co\/es\/wp-json\/wp\/v2\/tags?post=276451"}],"curies":[{"name":"wp","href":"https:\/\/api.w.org\/{rel}","templated":true}]}}

En Medellín celebramos la semana de la movilidad

<p>Del 07 al 19 de noviembre, Medellín celebra la semana de la Movilidad con variada programación en torno a cómo nos movemos de manera segura, eficiente y cuidando al medio ambiente en el Distrito de Medellín.</p>
<p>Durante la semana de la Movilidad participarán activamente los motociclistas con sus acompañantes, a través de los puntos pedagógicos que se dispondrán para sensibilizarlos sobre el cuidado de la vida. Los peatones, con la inauguración de semáforos peatonales y miembros de instituciones educativas en donde se ha realizado un destacado trabajo en temas relacionados con la seguridad vial. Y finalmente se hará un acto conmemorativo por las víctimas de incidentes viales.</p>
<p>Te invitamos a participar de la programación de la semana de la Movilidad y a transitar por el Distrito de Medellín cuidando la vida de todos los actores viales.</p>
<p><a href="https://www.medellin.gov.co/es/wp-content/uploads/2023/11/Programacion-SEMMov2023-2.pdf" target="_blank" rel="noopener">Conoce y descarga la programación aquí.</a></p>
<p><img src="https://www.medellin.gov.co/es/wp-content/uploads/2023/11/Programacion-SEMMov2023-01-scaled.jpg" /></p>
<p><img src="https://www.medellin.gov.co/es/wp-content/uploads/2023/11/Programacion-SEMMov2023-02-1-scaled.jpg" /></p>
<p>&nbsp;</p>

Del 07 al 19 de noviembre, Medellín celebra la semana de la Movilidad con variada programación en torno a cómo nos movemos de manera segura, eficiente y cuidando al medio ambiente en el Distrito de Medellín.

Ciudad de Medellín

Secretaría de Movilidad
