{"id":33258,"date":"2021-11-30T07:52:08","date_gmt":"2021-11-30T12:52:08","guid":{"rendered":"https:\/\/www.medellin.gov.co\/es\/eventos\/altavoz-internacional\/"},"modified":"2022-04-18T18:31:05","modified_gmt":"2022-04-18T23:31:05","slug":"altavoz-internacional","status":"publish","type":"eventos","link":"https:\/\/www.medellin.gov.co\/es\/eventos\/altavoz-internacional\/","title":{"rendered":"Altavoz Internacional"},"content":{"rendered":"<p>El Festival Altavoz fortalece la escena musical local congregando una gran diversidad de g\u00e9neros musicales. Este evento se convierte en una importante plataforma de proyecci\u00f3n de la m\u00fasica local en la escena nacional e internacional. A lo largo del a\u00f1o se realizan varios encuentros: Altavoz Lab, Ciudad Altavoz y Altavoz Fest Internacional.<\/p>\n<p>Conozca m\u00e1s del Festival<\/p>\n","protected":false},"featured_media":0,"template":"","categories":[31],"tags":[444,440,428],"acf":{"extracto_del_evento":"El Festival Altavoz fortalece la escena musical local congregando una gran diversidad de g\u00e9neros musicales.","inicio_del_evento":"2021-11-06 00:00:00","hora_inicio":"","fin_del_evento":"2021-11-08 00:00:00","hora_fin":"","estado_del_evento":"Pendiente","ubicacion":"Teatro al aire libre Carlos VIeco Ortiz","tipo_de_ingreso":"Gratis","organizacion_event":"Secretar\u00eda de Cultura Ciudadana","telefonos_eventos":"N\/A","email_eventos":"contactenos@medellin.gov.co","mapa_evento":""},"_links":{"self":[{"href":"https:\/\/www.medellin.gov.co\/es\/wp-json\/wp\/v2\/eventos\/33258"}],"collection":[{"href":"https:\/\/www.medellin.gov.co\/es\/wp-json\/wp\/v2\/eventos"}],"about":[{"href":"https:\/\/www.medellin.gov.co\/es\/wp-json\/wp\/v2\/types\/eventos"}],"wp:attachment":[{"href":"https:\/\/www.medellin.gov.co\/es\/wp-json\/wp\/v2\/media?parent=33258"}],"wp:term":[{"taxonomy":"category","embeddable":true,"href":"https:\/\/www.medellin.gov.co\/es\/wp-json\/wp\/v2\/categories?post=33258"},{"taxonomy":"post_tag","embeddable":true,"href":"https:\/\/www.medellin.gov.co\/es\/wp-json\/wp\/v2\/tags?post=33258"}],"curies":[{"name":"wp","href":"https:\/\/api.w.org\/{rel}","templated":true}]}}

<p>El Festival Altavoz fortalece la escena musical local congregando una gran diversidad de géneros musicales. Este evento se convierte en una importante plataforma de proyección de la música local en la escena nacional e internacional. A lo largo del año se realizan varios encuentros: Altavoz Lab, Ciudad Altavoz y Altavoz Fest Internacional.</p>
<p>Conozca más del Festival</p>

El Festival Altavoz fortalece la escena musical local congregando una gran diversidad de géneros musicales.

Secretaría de Cultura Ciudadana
