{"id":33335,"date":"2021-11-30T07:52:26","date_gmt":"2021-11-30T12:52:26","guid":{"rendered":"https:\/\/www.medellin.gov.co\/es\/eventos\/lanzamiento-de-proyectos-de-construccion-democratica-de-paz-territorial\/"},"modified":"2022-04-19T09:53:12","modified_gmt":"2022-04-19T14:53:12","slug":"lanzamiento-de-proyectos-de-construccion-democratica-de-paz-territorial","status":"publish","type":"eventos","link":"https:\/\/www.medellin.gov.co\/es\/eventos\/lanzamiento-de-proyectos-de-construccion-democratica-de-paz-territorial\/","title":{"rendered":"Lanzamiento de proyectos de Construcci\u00f3n Democr\u00e1tica de Paz Territorial"},"content":{"rendered":"<p>\u00a1En Medell\u00edn le damos color y vida a la paz! <\/p>\n<p>A trav\u00e9s de los proyectos de Construcci\u00f3n Democr\u00e1tica de Paz Territorial, fortaleceremos lazos, transformaremos imaginarios y haremos que la paz en Medell\u00edn sea una realidad. Las l\u00edneas son:<\/p>\n<p>Iniciativas de paz<br \/>\nUnidad de articulaci\u00f3n para la promoci\u00f3n de la democracia local<br \/>\nObservatorio de construcci\u00f3n de paz.<\/p>\n","protected":false},"featured_media":17359,"template":"","categories":[20],"tags":[444,443],"acf":{"extracto_del_evento":"Conoce los distintos proyectos de Construcci\u00f3n Democr\u00e1tica de Paz Territorial","inicio_del_evento":"2021-06-10 00:00:00","hora_inicio":"","fin_del_evento":"2021-06-10 00:00:00","hora_fin":"","estado_del_evento":"Pendiente","ubicacion":"Ciudad de Medell\u00edn","tipo_de_ingreso":"Gratis","organizacion_event":"Secretar\u00eda de la No-Violencia","telefonos_eventos":"Por definir","email_eventos":"contactenos@medellin.gov.co","mapa_evento":""},"_links":{"self":[{"href":"https:\/\/www.medellin.gov.co\/es\/wp-json\/wp\/v2\/eventos\/33335"}],"collection":[{"href":"https:\/\/www.medellin.gov.co\/es\/wp-json\/wp\/v2\/eventos"}],"about":[{"href":"https:\/\/www.medellin.gov.co\/es\/wp-json\/wp\/v2\/types\/eventos"}],"wp:featuredmedia":[{"embeddable":true,"href":"https:\/\/www.medellin.gov.co\/es\/wp-json\/wp\/v2\/media\/17359"}],"wp:attachment":[{"href":"https:\/\/www.medellin.gov.co\/es\/wp-json\/wp\/v2\/media?parent=33335"}],"wp:term":[{"taxonomy":"category","embeddable":true,"href":"https:\/\/www.medellin.gov.co\/es\/wp-json\/wp\/v2\/categories?post=33335"},{"taxonomy":"post_tag","embeddable":true,"href":"https:\/\/www.medellin.gov.co\/es\/wp-json\/wp\/v2\/tags?post=33335"}],"curies":[{"name":"wp","href":"https:\/\/api.w.org\/{rel}","templated":true}]}}

Lanzamiento de proyectos de Construcción Democrática de Paz Territorial

<p>¡En Medellín le damos color y vida a la paz! </p>
<p>A través de los proyectos de Construcción Democrática de Paz Territorial, fortaleceremos lazos, transformaremos imaginarios y haremos que la paz en Medellín sea una realidad. Las líneas son:</p>
<p>Iniciativas de paz<br />
Unidad de articulación para la promoción de la democracia local<br />
Observatorio de construcción de paz.</p>

Conoce los distintos proyectos de Construcción Democrática de Paz Territorial

Ciudad de Medellín

Secretaría de la No-Violencia
