{"id":33398,"date":"2021-11-30T07:52:42","date_gmt":"2021-11-30T12:52:42","guid":{"rendered":"https:\/\/www.medellin.gov.co\/es\/eventos\/capacitacion-sobre-el-impuesto-de-publicidad-exterior-visual\/"},"modified":"2022-04-18T13:23:22","modified_gmt":"2022-04-18T18:23:22","slug":"capacitacion-sobre-el-impuesto-de-publicidad-exterior-visual","status":"publish","type":"eventos","link":"https:\/\/www.medellin.gov.co\/es\/eventos\/capacitacion-sobre-el-impuesto-de-publicidad-exterior-visual\/","title":{"rendered":"Capacitaci\u00f3n sobre el Impuesto de Publicidad Exterior Visual Sesi\u00f3n 2"},"content":{"rendered":"<p>Las empresas de vallas de Medell\u00edn podr\u00e1n participar de esta capacitaci\u00f3n donde conocer\u00e1n las principales responsabilidades tributarias con el Municipio.<\/p>\n","protected":false},"featured_media":17418,"template":"","categories":[9],"tags":[440,428],"acf":{"extracto_del_evento":"Las empresas de vallas de Medell\u00edn podr\u00e1n participar de esta capacitaci\u00f3n donde conocer\u00e1n las principales responsabilidades tributarias con el Municipio.","inicio_del_evento":"2021-06-15 00:00:00","hora_inicio":"","fin_del_evento":"2021-06-15 00:00:00","hora_fin":"","estado_del_evento":"Pendiente","ubicacion":"Alcald\u00eda de Medell\u00edn","tipo_de_ingreso":"Gratis","organizacion_event":"Secretar\u00eda de Hacienda","telefonos_eventos":"4444144","email_eventos":"contactenos@medellin.gov.co","mapa_evento":""},"_links":{"self":[{"href":"https:\/\/www.medellin.gov.co\/es\/wp-json\/wp\/v2\/eventos\/33398"}],"collection":[{"href":"https:\/\/www.medellin.gov.co\/es\/wp-json\/wp\/v2\/eventos"}],"about":[{"href":"https:\/\/www.medellin.gov.co\/es\/wp-json\/wp\/v2\/types\/eventos"}],"wp:featuredmedia":[{"embeddable":true,"href":"https:\/\/www.medellin.gov.co\/es\/wp-json\/wp\/v2\/media\/17418"}],"wp:attachment":[{"href":"https:\/\/www.medellin.gov.co\/es\/wp-json\/wp\/v2\/media?parent=33398"}],"wp:term":[{"taxonomy":"category","embeddable":true,"href":"https:\/\/www.medellin.gov.co\/es\/wp-json\/wp\/v2\/categories?post=33398"},{"taxonomy":"post_tag","embeddable":true,"href":"https:\/\/www.medellin.gov.co\/es\/wp-json\/wp\/v2\/tags?post=33398"}],"curies":[{"name":"wp","href":"https:\/\/api.w.org\/{rel}","templated":true}]}}

Capacitación sobre el Impuesto de Publicidad Exterior Visual Sesión 2

<p>Las empresas de vallas de Medellín podrán participar de esta capacitación donde conocerán las principales responsabilidades tributarias con el Municipio.</p>

Las empresas de vallas de Medellín podrán participar de esta capacitación donde conocerán las principales responsabilidades tributarias con el Municipio.

Alcaldía de Medellín

Secretaría de Hacienda
