{"id":335470,"date":"2024-08-23T14:12:11","date_gmt":"2024-08-23T19:12:11","guid":{"rendered":"https:\/\/www.medellin.gov.co\/es\/?post_type=eventos&#038;p=335470"},"modified":"2024-08-23T14:12:11","modified_gmt":"2024-08-23T19:12:11","slug":"semana-por-la-tranquilidad-y-la-gestion-del-ruido-2024","status":"publish","type":"eventos","link":"https:\/\/www.medellin.gov.co\/es\/eventos\/semana-por-la-tranquilidad-y-la-gestion-del-ruido-2024\/","title":{"rendered":"Semana por la Tranquilidad y la Gesti\u00f3n del Ruido 2024"},"content":{"rendered":"<p>Entre el 25 y el 31 de agosto de 2024 se lleva a cabo en <strong><a href=\"https:\/\/www.medellin.gov.co\/es\/wp-content\/uploads\/2024\/08\/Programacio\u0301n-SemTran.pdf\" target=\"_blank\" rel=\"noopener\">Medell\u00edn la Semana por la Tranquilidad y la Gesti\u00f3n del Ruido<\/a><\/strong>, un evento de ciudad que re\u00fane diversas acciones culturales e intervenciones pedag\u00f3gicas para concienciar a la poblaci\u00f3n sobre la importancia de mantener un ambiente tranquilo y controlar los niveles de ruido.<\/p>\n<p>Haz clic en el enlace y conoce la programaci\u00f3n que hemos dise\u00f1ado con el fin de fomentar el respeto por el otro y promover la tranquilidad en los espacios urbanos y rurales.<\/p>\n<p><a href=\"https:\/\/www.medellin.gov.co\/es\/wp-content\/uploads\/2024\/08\/Programacio\u0301n-SemTran.pdf\" target=\"_blank\" rel=\"noopener\"><strong><u>Ver la programaci\u00f3n<\/u><\/strong><\/a><\/p>\n<p>Con estas actividades, el Distrito de Medell\u00edn reafirma su compromiso con la construcci\u00f3n de una ciudad m\u00e1s habitable, promoviendo una mejor calidad de vida.<\/p>\n","protected":false},"featured_media":335476,"template":"","categories":[18],"tags":[452],"acf":{"extracto_del_evento":"Entre el 25 y el 31 de agosto de 2024 se lleva a cabo en Medell\u00edn la Semana por la Tranquilidad y la Gesti\u00f3n del Ruido, un evento de ciudad que re\u00fane diversas acciones culturales e intervenciones pedag\u00f3gicas para concienciar a la poblaci\u00f3n sobre la importancia de mantener un ambiente tranquilo y controlar los niveles de ruido.","inicio_del_evento":"20240825","hora_inicio":"07:00:00","fin_del_evento":"20240831","hora_fin":"18:00:00","estado_del_evento":"Activo","ubicacion":"Toda la ciudad","tipo_de_ingreso":"Gratis","organizacion_event":"Alcald\u00eda de Medell\u00edn","telefonos_eventos":"6044444144","email_eventos":"","mapa_evento":""},"_links":{"self":[{"href":"https:\/\/www.medellin.gov.co\/es\/wp-json\/wp\/v2\/eventos\/335470"}],"collection":[{"href":"https:\/\/www.medellin.gov.co\/es\/wp-json\/wp\/v2\/eventos"}],"about":[{"href":"https:\/\/www.medellin.gov.co\/es\/wp-json\/wp\/v2\/types\/eventos"}],"wp:featuredmedia":[{"embeddable":true,"href":"https:\/\/www.medellin.gov.co\/es\/wp-json\/wp\/v2\/media\/335476"}],"wp:attachment":[{"href":"https:\/\/www.medellin.gov.co\/es\/wp-json\/wp\/v2\/media?parent=335470"}],"wp:term":[{"taxonomy":"category","embeddable":true,"href":"https:\/\/www.medellin.gov.co\/es\/wp-json\/wp\/v2\/categories?post=335470"},{"taxonomy":"post_tag","embeddable":true,"href":"https:\/\/www.medellin.gov.co\/es\/wp-json\/wp\/v2\/tags?post=335470"}],"curies":[{"name":"wp","href":"https:\/\/api.w.org\/{rel}","templated":true}]}}

Semana por la Tranquilidad y la Gestión del Ruido 2024

<p>Entre el 25 y el 31 de agosto de 2024 se lleva a cabo en <strong><a href="https://www.medellin.gov.co/es/wp-content/uploads/2024/08/Programación-SemTran.pdf" target="_blank" rel="noopener">Medellín la Semana por la Tranquilidad y la Gestión del Ruido</a></strong>, un evento de ciudad que reúne diversas acciones culturales e intervenciones pedagógicas para concienciar a la población sobre la importancia de mantener un ambiente tranquilo y controlar los niveles de ruido.</p>
<p>Haz clic en el enlace y conoce la programación que hemos diseñado con el fin de fomentar el respeto por el otro y promover la tranquilidad en los espacios urbanos y rurales.</p>
<p><a href="https://www.medellin.gov.co/es/wp-content/uploads/2024/08/Programación-SemTran.pdf" target="_blank" rel="noopener"><strong><u>Ver la programación</u></strong></a></p>
<p>Con estas actividades, el Distrito de Medellín reafirma su compromiso con la construcción de una ciudad más habitable, promoviendo una mejor calidad de vida.</p>

Entre el 25 y el 31 de agosto de 2024 se lleva a cabo en Medellín la Semana por la Tranquilidad y la Gestión del Ruido, un evento de ciudad que reúne diversas acciones culturales e intervenciones pedagógicas para concienciar a la población sobre la importancia de mantener un ambiente tranquilo y controlar los niveles de ruido.

Alcaldía de Medellín
