{"id":356500,"date":"2024-10-25T11:28:04","date_gmt":"2024-10-25T16:28:04","guid":{"rendered":"https:\/\/www.medellin.gov.co\/es\/?post_type=eventos&#038;p=356500"},"modified":"2024-10-25T11:29:55","modified_gmt":"2024-10-25T16:29:55","slug":"12a-fiesta-de-la-diversidad-en-medellin","status":"publish","type":"eventos","link":"https:\/\/www.medellin.gov.co\/es\/eventos\/12a-fiesta-de-la-diversidad-en-medellin\/","title":{"rendered":"12\u00aa Fiesta de la Diversidad en Medell\u00edn"},"content":{"rendered":"<p><strong>\u00a1Celebremos juntos del 25 al 27 de octubre la 12\u00aa Fiesta de la Diversidad en Medell\u00edn!<\/strong><\/p>\n<p>Con una amplia agenda acad\u00e9mica, talleres, presentaciones art\u00edsticas, conciertos, muestra artesanal, nuestra ciudad se experimenta a trav\u00e9s de m\u00faltiples sentidos, idiomas, or\u00edgenes e identidades, enriqueciendo nuestra cotidianidad, permiti\u00e9ndonos comunicarnos en lenguajes que transforman nuestras vidas y fomentando la convivencia.<\/p>\n<p>Este encuentro de cultura ciudadana resalta y celebra nuestra diversidad \u00e9tnica, cultural, sexual y social, en el que se har\u00e1 un homenaje a Coldplay con un tributo sinf\u00f3nico, por parte de la Banda de la Fundaci\u00f3n 1+1 y la Orquesta Filarm\u00f3nica de Medell\u00edn, asegurando una noche llena de color y mucha energ\u00eda.<\/p>\n<p>Te invitamos a ser parte de este evento que busca visibilizar y promover el reconocimiento de la diversidad en Medell\u00edn. \u00a1Te esperamos!<\/p>\n\n\t\t<style type=\"text\/css\">\n\t\t\t#gallery-1 {\n\t\t\t\tmargin: auto;\n\t\t\t}\n\t\t\t#gallery-1 .gallery-item {\n\t\t\t\tfloat: left;\n\t\t\t\tmargin-top: 10px;\n\t\t\t\ttext-align: center;\n\t\t\t\twidth: 33%;\n\t\t\t}\n\t\t\t#gallery-1 img {\n\t\t\t\tborder: 2px solid #cfcfcf;\n\t\t\t}\n\t\t\t#gallery-1 .gallery-caption {\n\t\t\t\tmargin-left: 0;\n\t\t\t}\n\t\t\t\/* see gallery_shortcode() in wp-includes\/media.php *\/\n\t\t<\/style>\n\t\t<div id='gallery-1' class='gallery galleryid-356500 gallery-columns-3 gallery-size-large'><dl class='gallery-item'>\n\t\t\t<dt class='gallery-icon portrait'>\n\t\t\t\t<a href='https:\/\/www.medellin.gov.co\/es\/eventos\/12a-fiesta-de-la-diversidad-en-medellin\/fiesta-de-la-diversidad-ecard-feed-portada-programacion\/'><img width=\"678\" height=\"853\" src=\"https:\/\/www.medellin.gov.co\/es\/wp-content\/uploads\/2024\/10\/Fiesta-de-la-Diversidad-Ecard-feed-portada-programacio\u0301n.jpg\" class=\"attachment-large size-large\" alt=\"\" loading=\"lazy\" srcset=\"https:\/\/www.medellin.gov.co\/es\/wp-content\/uploads\/2024\/10\/Fiesta-de-la-Diversidad-Ecard-feed-portada-programacio\u0301n.jpg 678w, https:\/\/www.medellin.gov.co\/es\/wp-content\/uploads\/2024\/10\/Fiesta-de-la-Diversidad-Ecard-feed-portada-programacio\u0301n-238x300.jpg 238w, https:\/\/www.medellin.gov.co\/es\/wp-content\/uploads\/2024\/10\/Fiesta-de-la-Diversidad-Ecard-feed-portada-programacio\u0301n-119x150.jpg 119w\" sizes=\"(max-width: 678px) 100vw, 678px\" \/><\/a>\n\t\t\t<\/dt><\/dl><dl class='gallery-item'>\n\t\t\t<dt class='gallery-icon portrait'>\n\t\t\t\t<a href='https:\/\/www.medellin.gov.co\/es\/eventos\/12a-fiesta-de-la-diversidad-en-medellin\/fiesta-de-la-diversidad-ecard-feed-programacion-viernes\/'><img width=\"678\" height=\"853\" src=\"https:\/\/www.medellin.gov.co\/es\/wp-content\/uploads\/2024\/10\/Fiesta-de-la-Diversidad-Ecard-feed-programacio\u0301n-viernes.jpg\" class=\"attachment-large size-large\" alt=\"\" loading=\"lazy\" srcset=\"https:\/\/www.medellin.gov.co\/es\/wp-content\/uploads\/2024\/10\/Fiesta-de-la-Diversidad-Ecard-feed-programacio\u0301n-viernes.jpg 678w, https:\/\/www.medellin.gov.co\/es\/wp-content\/uploads\/2024\/10\/Fiesta-de-la-Diversidad-Ecard-feed-programacio\u0301n-viernes-238x300.jpg 238w, https:\/\/www.medellin.gov.co\/es\/wp-content\/uploads\/2024\/10\/Fiesta-de-la-Diversidad-Ecard-feed-programacio\u0301n-viernes-119x150.jpg 119w\" sizes=\"(max-width: 678px) 100vw, 678px\" \/><\/a>\n\t\t\t<\/dt><\/dl><dl class='gallery-item'>\n\t\t\t<dt class='gallery-icon portrait'>\n\t\t\t\t<a href='https:\/\/www.medellin.gov.co\/es\/eventos\/12a-fiesta-de-la-diversidad-en-medellin\/fiesta-de-la-diversidad-ecard-feed-programacion-sabado-parte-1\/'><img width=\"678\" height=\"853\" src=\"https:\/\/www.medellin.gov.co\/es\/wp-content\/uploads\/2024\/10\/Fiesta-de-la-Diversidad-Ecard-Feed-programacio\u0301n-sa\u0301bado-parte-1.jpg\" class=\"attachment-large size-large\" alt=\"\" loading=\"lazy\" srcset=\"https:\/\/www.medellin.gov.co\/es\/wp-content\/uploads\/2024\/10\/Fiesta-de-la-Diversidad-Ecard-Feed-programacio\u0301n-sa\u0301bado-parte-1.jpg 678w, https:\/\/www.medellin.gov.co\/es\/wp-content\/uploads\/2024\/10\/Fiesta-de-la-Diversidad-Ecard-Feed-programacio\u0301n-sa\u0301bado-parte-1-238x300.jpg 238w, https:\/\/www.medellin.gov.co\/es\/wp-content\/uploads\/2024\/10\/Fiesta-de-la-Diversidad-Ecard-Feed-programacio\u0301n-sa\u0301bado-parte-1-119x150.jpg 119w\" sizes=\"(max-width: 678px) 100vw, 678px\" \/><\/a>\n\t\t\t<\/dt><\/dl><br style=\"clear: both\" \/><dl class='gallery-item'>\n\t\t\t<dt class='gallery-icon portrait'>\n\t\t\t\t<a href='https:\/\/www.medellin.gov.co\/es\/eventos\/12a-fiesta-de-la-diversidad-en-medellin\/fiesta-de-la-diversidad-ecard-feed-programacion-sabado-parte-2\/'><img width=\"678\" height=\"853\" src=\"https:\/\/www.medellin.gov.co\/es\/wp-content\/uploads\/2024\/10\/Fiesta-de-la-Diversidad-Ecard-Feed-programacio\u0301n-sa\u0301bado-parte-2.jpg\" class=\"attachment-large size-large\" alt=\"\" loading=\"lazy\" srcset=\"https:\/\/www.medellin.gov.co\/es\/wp-content\/uploads\/2024\/10\/Fiesta-de-la-Diversidad-Ecard-Feed-programacio\u0301n-sa\u0301bado-parte-2.jpg 678w, https:\/\/www.medellin.gov.co\/es\/wp-content\/uploads\/2024\/10\/Fiesta-de-la-Diversidad-Ecard-Feed-programacio\u0301n-sa\u0301bado-parte-2-238x300.jpg 238w, https:\/\/www.medellin.gov.co\/es\/wp-content\/uploads\/2024\/10\/Fiesta-de-la-Diversidad-Ecard-Feed-programacio\u0301n-sa\u0301bado-parte-2-119x150.jpg 119w\" sizes=\"(max-width: 678px) 100vw, 678px\" \/><\/a>\n\t\t\t<\/dt><\/dl><dl class='gallery-item'>\n\t\t\t<dt class='gallery-icon portrait'>\n\t\t\t\t<a href='https:\/\/www.medellin.gov.co\/es\/eventos\/12a-fiesta-de-la-diversidad-en-medellin\/fiesta-de-la-diversidad-ecard-feed-programacion-domingo\/'><img width=\"678\" height=\"853\" src=\"https:\/\/www.medellin.gov.co\/es\/wp-content\/uploads\/2024\/10\/Fiesta-de-la-Diversidad-Ecard-Feed-programacio\u0301n-domingo.jpg\" class=\"attachment-large size-large\" alt=\"\" loading=\"lazy\" srcset=\"https:\/\/www.medellin.gov.co\/es\/wp-content\/uploads\/2024\/10\/Fiesta-de-la-Diversidad-Ecard-Feed-programacio\u0301n-domingo.jpg 678w, https:\/\/www.medellin.gov.co\/es\/wp-content\/uploads\/2024\/10\/Fiesta-de-la-Diversidad-Ecard-Feed-programacio\u0301n-domingo-238x300.jpg 238w, https:\/\/www.medellin.gov.co\/es\/wp-content\/uploads\/2024\/10\/Fiesta-de-la-Diversidad-Ecard-Feed-programacio\u0301n-domingo-119x150.jpg 119w\" sizes=\"(max-width: 678px) 100vw, 678px\" \/><\/a>\n\t\t\t<\/dt><\/dl>\n\t\t\t<br style='clear: both' \/>\n\t\t<\/div>\n\n<p>&nbsp;<\/p>\n","protected":false},"featured_media":356544,"template":"","categories":[534],"tags":[438],"acf":{"extracto_del_evento":"Con una amplia agenda acad\u00e9mica, talleres, presentaciones art\u00edsticas, conciertos, muestra artesanal, nuestra ciudad se experimenta a trav\u00e9s de m\u00faltiples sentidos, idiomas, or\u00edgenes e identidades, enriqueciendo nuestra cotidianidad, permiti\u00e9ndonos comunicarnos en lenguajes que transforman nuestras vidas y fomentando la convivencia.","inicio_del_evento":"20241025","hora_inicio":"07:00:00","fin_del_evento":"20241027","hora_fin":"19:00:00","estado_del_evento":"Pendiente","ubicacion":"Parque de los Deseos","tipo_de_ingreso":"Gratis","organizacion_event":"Gerencia de Diversidades Sexuales e Identidades de G\u00e9nero","telefonos_eventos":"6044444144","email_eventos":"","mapa_evento":"<iframe src=\"https:\/\/www.google.com\/maps\/embed?pb=!1m18!1m12!1m3!1d3965.964185971335!2d-75.56866042415332!3d6.2684406260730015!2m3!1f0!2f0!3f0!3m2!1i1024!2i768!4f13.1!3m3!1m2!1s0x8e4428e77a713329%3A0x5201eb6a7fe59226!2sParque%20de%20los%20Deseos!5e0!3m2!1ses!2sco!4v1729872501308!5m2!1ses!2sco\" width=\"600\" height=\"450\" style=\"border:0;\" allowfullscreen=\"\" loading=\"lazy\" referrerpolicy=\"no-referrer-when-downgrade\"><\/iframe>"},"_links":{"self":[{"href":"https:\/\/www.medellin.gov.co\/es\/wp-json\/wp\/v2\/eventos\/356500"}],"collection":[{"href":"https:\/\/www.medellin.gov.co\/es\/wp-json\/wp\/v2\/eventos"}],"about":[{"href":"https:\/\/www.medellin.gov.co\/es\/wp-json\/wp\/v2\/types\/eventos"}],"wp:featuredmedia":[{"embeddable":true,"href":"https:\/\/www.medellin.gov.co\/es\/wp-json\/wp\/v2\/media\/356544"}],"wp:attachment":[{"href":"https:\/\/www.medellin.gov.co\/es\/wp-json\/wp\/v2\/media?parent=356500"}],"wp:term":[{"taxonomy":"category","embeddable":true,"href":"https:\/\/www.medellin.gov.co\/es\/wp-json\/wp\/v2\/categories?post=356500"},{"taxonomy":"post_tag","embeddable":true,"href":"https:\/\/www.medellin.gov.co\/es\/wp-json\/wp\/v2\/tags?post=356500"}],"curies":[{"name":"wp","href":"https:\/\/api.w.org\/{rel}","templated":true}]}}

12ª Fiesta de la Diversidad en Medellín

<p><strong>¡Celebremos juntos del 25 al 27 de octubre la 12ª Fiesta de la Diversidad en Medellín!</strong></p>
<p>Con una amplia agenda académica, talleres, presentaciones artísticas, conciertos, muestra artesanal, nuestra ciudad se experimenta a través de múltiples sentidos, idiomas, orígenes e identidades, enriqueciendo nuestra cotidianidad, permitiéndonos comunicarnos en lenguajes que transforman nuestras vidas y fomentando la convivencia.</p>
<p>Este encuentro de cultura ciudadana resalta y celebra nuestra diversidad étnica, cultural, sexual y social, en el que se hará un homenaje a Coldplay con un tributo sinfónico, por parte de la Banda de la Fundación 1+1 y la Orquesta Filarmónica de Medellín, asegurando una noche llena de color y mucha energía.</p>
<p>Te invitamos a ser parte de este evento que busca visibilizar y promover el reconocimiento de la diversidad en Medellín. ¡Te esperamos!</p>

		<style type="text/css">
			#gallery-1 {
				margin: auto;
			}
			#gallery-1 .gallery-item {
				float: left;
				margin-top: 10px;
				text-align: center;
				width: 33%;
			}
			#gallery-1 img {
				border: 2px solid #cfcfcf;
			}
			#gallery-1 .gallery-caption {
				margin-left: 0;
			}
			/* see gallery_shortcode() in wp-includes/media.php */
		</style>
		<div id='gallery-1' class='gallery galleryid-356500 gallery-columns-3 gallery-size-large'><dl class='gallery-item'>
			<dt class='gallery-icon portrait'>
				<a href='https://www.medellin.gov.co/es/eventos/12a-fiesta-de-la-diversidad-en-medellin/fiesta-de-la-diversidad-ecard-feed-portada-programacion/'><img width="678" height="853" src="https://www.medellin.gov.co/es/wp-content/uploads/2024/10/Fiesta-de-la-Diversidad-Ecard-feed-portada-programación.jpg" class="attachment-large size-large" alt="" loading="lazy" srcset="https://www.medellin.gov.co/es/wp-content/uploads/2024/10/Fiesta-de-la-Diversidad-Ecard-feed-portada-programación.jpg 678w, https://www.medellin.gov.co/es/wp-content/uploads/2024/10/Fiesta-de-la-Diversidad-Ecard-feed-portada-programación-238x300.jpg 238w, https://www.medellin.gov.co/es/wp-content/uploads/2024/10/Fiesta-de-la-Diversidad-Ecard-feed-portada-programación-119x150.jpg 119w" sizes="(max-width: 678px) 100vw, 678px" /></a>
			</dt></dl><dl class='gallery-item'>
			<dt class='gallery-icon portrait'>
				<a href='https://www.medellin.gov.co/es/eventos/12a-fiesta-de-la-diversidad-en-medellin/fiesta-de-la-diversidad-ecard-feed-programacion-viernes/'><img width="678" height="853" src="https://www.medellin.gov.co/es/wp-content/uploads/2024/10/Fiesta-de-la-Diversidad-Ecard-feed-programación-viernes.jpg" class="attachment-large size-large" alt="" loading="lazy" srcset="https://www.medellin.gov.co/es/wp-content/uploads/2024/10/Fiesta-de-la-Diversidad-Ecard-feed-programación-viernes.jpg 678w, https://www.medellin.gov.co/es/wp-content/uploads/2024/10/Fiesta-de-la-Diversidad-Ecard-feed-programación-viernes-238x300.jpg 238w, https://www.medellin.gov.co/es/wp-content/uploads/2024/10/Fiesta-de-la-Diversidad-Ecard-feed-programación-viernes-119x150.jpg 119w" sizes="(max-width: 678px) 100vw, 678px" /></a>
			</dt></dl><dl class='gallery-item'>
			<dt class='gallery-icon portrait'>
				<a href='https://www.medellin.gov.co/es/eventos/12a-fiesta-de-la-diversidad-en-medellin/fiesta-de-la-diversidad-ecard-feed-programacion-sabado-parte-1/'><img width="678" height="853" src="https://www.medellin.gov.co/es/wp-content/uploads/2024/10/Fiesta-de-la-Diversidad-Ecard-Feed-programación-sábado-parte-1.jpg" class="attachment-large size-large" alt="" loading="lazy" srcset="https://www.medellin.gov.co/es/wp-content/uploads/2024/10/Fiesta-de-la-Diversidad-Ecard-Feed-programación-sábado-parte-1.jpg 678w, https://www.medellin.gov.co/es/wp-content/uploads/2024/10/Fiesta-de-la-Diversidad-Ecard-Feed-programación-sábado-parte-1-238x300.jpg 238w, https://www.medellin.gov.co/es/wp-content/uploads/2024/10/Fiesta-de-la-Diversidad-Ecard-Feed-programación-sábado-parte-1-119x150.jpg 119w" sizes="(max-width: 678px) 100vw, 678px" /></a>
			</dt></dl><br style="clear: both" /><dl class='gallery-item'>
			<dt class='gallery-icon portrait'>
				<a href='https://www.medellin.gov.co/es/eventos/12a-fiesta-de-la-diversidad-en-medellin/fiesta-de-la-diversidad-ecard-feed-programacion-sabado-parte-2/'><img width="678" height="853" src="https://www.medellin.gov.co/es/wp-content/uploads/2024/10/Fiesta-de-la-Diversidad-Ecard-Feed-programación-sábado-parte-2.jpg" class="attachment-large size-large" alt="" loading="lazy" srcset="https://www.medellin.gov.co/es/wp-content/uploads/2024/10/Fiesta-de-la-Diversidad-Ecard-Feed-programación-sábado-parte-2.jpg 678w, https://www.medellin.gov.co/es/wp-content/uploads/2024/10/Fiesta-de-la-Diversidad-Ecard-Feed-programación-sábado-parte-2-238x300.jpg 238w, https://www.medellin.gov.co/es/wp-content/uploads/2024/10/Fiesta-de-la-Diversidad-Ecard-Feed-programación-sábado-parte-2-119x150.jpg 119w" sizes="(max-width: 678px) 100vw, 678px" /></a>
			</dt></dl><dl class='gallery-item'>
			<dt class='gallery-icon portrait'>
				<a href='https://www.medellin.gov.co/es/eventos/12a-fiesta-de-la-diversidad-en-medellin/fiesta-de-la-diversidad-ecard-feed-programacion-domingo/'><img width="678" height="853" src="https://www.medellin.gov.co/es/wp-content/uploads/2024/10/Fiesta-de-la-Diversidad-Ecard-Feed-programación-domingo.jpg" class="attachment-large size-large" alt="" loading="lazy" srcset="https://www.medellin.gov.co/es/wp-content/uploads/2024/10/Fiesta-de-la-Diversidad-Ecard-Feed-programación-domingo.jpg 678w, https://www.medellin.gov.co/es/wp-content/uploads/2024/10/Fiesta-de-la-Diversidad-Ecard-Feed-programación-domingo-238x300.jpg 238w, https://www.medellin.gov.co/es/wp-content/uploads/2024/10/Fiesta-de-la-Diversidad-Ecard-Feed-programación-domingo-119x150.jpg 119w" sizes="(max-width: 678px) 100vw, 678px" /></a>
			</dt></dl>
			<br style='clear: both' />
		</div>

<p>&nbsp;</p>

Con una amplia agenda académica, talleres, presentaciones artísticas, conciertos, muestra artesanal, nuestra ciudad se experimenta a través de múltiples sentidos, idiomas, orígenes e identidades, enriqueciendo nuestra cotidianidad, permitiéndonos comunicarnos en lenguajes que transforman nuestras vidas y fomentando la convivencia.

Gerencia de Diversidades Sexuales e Identidades de Género
