{"id":407278,"date":"2025-05-07T16:19:38","date_gmt":"2025-05-07T21:19:38","guid":{"rendered":"https:\/\/www.medellin.gov.co\/es\/?post_type=eventos&#038;p=407278"},"modified":"2025-05-07T16:19:38","modified_gmt":"2025-05-07T21:19:38","slug":"mercado-sanalejo","status":"publish","type":"eventos","link":"https:\/\/www.medellin.gov.co\/es\/eventos\/mercado-sanalejo\/","title":{"rendered":"Mercado Sanalejo"},"content":{"rendered":"<p>El <strong>Mercado Sanalejo<\/strong> es un escenario que acoge a los artesanos locales que fomentan la identidad y tradici\u00f3n.<\/p>\n\n\t\t<style type=\"text\/css\">\n\t\t\t#gallery-1 {\n\t\t\t\tmargin: auto;\n\t\t\t}\n\t\t\t#gallery-1 .gallery-item {\n\t\t\t\tfloat: left;\n\t\t\t\tmargin-top: 10px;\n\t\t\t\ttext-align: center;\n\t\t\t\twidth: 33%;\n\t\t\t}\n\t\t\t#gallery-1 img {\n\t\t\t\tborder: 2px solid #cfcfcf;\n\t\t\t}\n\t\t\t#gallery-1 .gallery-caption {\n\t\t\t\tmargin-left: 0;\n\t\t\t}\n\t\t\t\/* see gallery_shortcode() in wp-includes\/media.php *\/\n\t\t<\/style>\n\t\t<div id='gallery-1' class='gallery galleryid-407278 gallery-columns-3 gallery-size-large'><dl class='gallery-item'>\n\t\t\t<dt class='gallery-icon landscape'>\n\t\t\t\t<a href='https:\/\/www.medellin.gov.co\/es\/eventos\/mercado-sanalejo\/imagen-sanalejo-4\/'><img width=\"1024\" height=\"683\" src=\"https:\/\/www.medellin.gov.co\/es\/wp-content\/uploads\/2025\/05\/Imagen-Sanalejo-4-1024x683.jpg\" class=\"attachment-large size-large\" alt=\"Mercado Sanalejo\" loading=\"lazy\" srcset=\"https:\/\/www.medellin.gov.co\/es\/wp-content\/uploads\/2025\/05\/Imagen-Sanalejo-4-1024x683.jpg 1024w, https:\/\/www.medellin.gov.co\/es\/wp-content\/uploads\/2025\/05\/Imagen-Sanalejo-4-300x200.jpg 300w, https:\/\/www.medellin.gov.co\/es\/wp-content\/uploads\/2025\/05\/Imagen-Sanalejo-4-150x100.jpg 150w, https:\/\/www.medellin.gov.co\/es\/wp-content\/uploads\/2025\/05\/Imagen-Sanalejo-4-768x512.jpg 768w, https:\/\/www.medellin.gov.co\/es\/wp-content\/uploads\/2025\/05\/Imagen-Sanalejo-4.jpg 1275w\" sizes=\"(max-width: 1024px) 100vw, 1024px\" \/><\/a>\n\t\t\t<\/dt><\/dl><dl class='gallery-item'>\n\t\t\t<dt class='gallery-icon landscape'>\n\t\t\t\t<a href='https:\/\/www.medellin.gov.co\/es\/eventos\/mercado-sanalejo\/imagen-sanalejo-3\/'><img width=\"1024\" height=\"683\" src=\"https:\/\/www.medellin.gov.co\/es\/wp-content\/uploads\/2025\/05\/Imagen-Sanalejo-3-1024x683.jpg\" class=\"attachment-large size-large\" alt=\"Mercado Sanalejo\" loading=\"lazy\" srcset=\"https:\/\/www.medellin.gov.co\/es\/wp-content\/uploads\/2025\/05\/Imagen-Sanalejo-3-1024x683.jpg 1024w, https:\/\/www.medellin.gov.co\/es\/wp-content\/uploads\/2025\/05\/Imagen-Sanalejo-3-300x200.jpg 300w, https:\/\/www.medellin.gov.co\/es\/wp-content\/uploads\/2025\/05\/Imagen-Sanalejo-3-150x100.jpg 150w, https:\/\/www.medellin.gov.co\/es\/wp-content\/uploads\/2025\/05\/Imagen-Sanalejo-3-768x512.jpg 768w, https:\/\/www.medellin.gov.co\/es\/wp-content\/uploads\/2025\/05\/Imagen-Sanalejo-3.jpg 1275w\" sizes=\"(max-width: 1024px) 100vw, 1024px\" \/><\/a>\n\t\t\t<\/dt><\/dl><dl class='gallery-item'>\n\t\t\t<dt class='gallery-icon landscape'>\n\t\t\t\t<a href='https:\/\/www.medellin.gov.co\/es\/eventos\/mercado-sanalejo\/imagen-sanalejo-2\/'><img width=\"1024\" height=\"683\" src=\"https:\/\/www.medellin.gov.co\/es\/wp-content\/uploads\/2025\/05\/Imagen-Sanalejo-2-1024x683.jpg\" class=\"attachment-large size-large\" alt=\"Mercado Sanalejo\" loading=\"lazy\" srcset=\"https:\/\/www.medellin.gov.co\/es\/wp-content\/uploads\/2025\/05\/Imagen-Sanalejo-2-1024x683.jpg 1024w, https:\/\/www.medellin.gov.co\/es\/wp-content\/uploads\/2025\/05\/Imagen-Sanalejo-2-300x200.jpg 300w, https:\/\/www.medellin.gov.co\/es\/wp-content\/uploads\/2025\/05\/Imagen-Sanalejo-2-150x100.jpg 150w, https:\/\/www.medellin.gov.co\/es\/wp-content\/uploads\/2025\/05\/Imagen-Sanalejo-2-768x512.jpg 768w, https:\/\/www.medellin.gov.co\/es\/wp-content\/uploads\/2025\/05\/Imagen-Sanalejo-2.jpg 1275w\" sizes=\"(max-width: 1024px) 100vw, 1024px\" \/><\/a>\n\t\t\t<\/dt><\/dl><br style=\"clear: both\" \/>\n\t\t<\/div>\n\n<p>La programaci\u00f3n va desde las 9:00 a. m. y se extiende hasta las 6:00 p. m. Se trata de una oportunidad para que propios y turistas compren productos, vivan un intercambio de saberes y conocimientos y, a la vez, disfruten de presentaciones art\u00edsticas y culturales.\u00a0Se realiza el primer s\u00e1bado de cada mes en el Parque Bol\u00edvar.<\/p>\n\n\t\t<style type=\"text\/css\">\n\t\t\t#gallery-2 {\n\t\t\t\tmargin: auto;\n\t\t\t}\n\t\t\t#gallery-2 .gallery-item {\n\t\t\t\tfloat: left;\n\t\t\t\tmargin-top: 10px;\n\t\t\t\ttext-align: center;\n\t\t\t\twidth: 33%;\n\t\t\t}\n\t\t\t#gallery-2 img {\n\t\t\t\tborder: 2px solid #cfcfcf;\n\t\t\t}\n\t\t\t#gallery-2 .gallery-caption {\n\t\t\t\tmargin-left: 0;\n\t\t\t}\n\t\t\t\/* see gallery_shortcode() in wp-includes\/media.php *\/\n\t\t<\/style>\n\t\t<div id='gallery-2' class='gallery galleryid-407278 gallery-columns-3 gallery-size-large'><dl class='gallery-item'>\n\t\t\t<dt class='gallery-icon landscape'>\n\t\t\t\t<a href='https:\/\/www.medellin.gov.co\/es\/eventos\/mercado-sanalejo\/imagen-sanalejo-1\/'><img width=\"1024\" height=\"683\" src=\"https:\/\/www.medellin.gov.co\/es\/wp-content\/uploads\/2025\/05\/Imagen-Sanalejo-1-1024x683.jpg\" class=\"attachment-large size-large\" alt=\"Mercado Sanalejo\" loading=\"lazy\" srcset=\"https:\/\/www.medellin.gov.co\/es\/wp-content\/uploads\/2025\/05\/Imagen-Sanalejo-1-1024x683.jpg 1024w, https:\/\/www.medellin.gov.co\/es\/wp-content\/uploads\/2025\/05\/Imagen-Sanalejo-1-300x200.jpg 300w, https:\/\/www.medellin.gov.co\/es\/wp-content\/uploads\/2025\/05\/Imagen-Sanalejo-1-150x100.jpg 150w, https:\/\/www.medellin.gov.co\/es\/wp-content\/uploads\/2025\/05\/Imagen-Sanalejo-1-768x512.jpg 768w, https:\/\/www.medellin.gov.co\/es\/wp-content\/uploads\/2025\/05\/Imagen-Sanalejo-1.jpg 1275w\" sizes=\"(max-width: 1024px) 100vw, 1024px\" \/><\/a>\n\t\t\t<\/dt><\/dl><dl class='gallery-item'>\n\t\t\t<dt class='gallery-icon landscape'>\n\t\t\t\t<a href='https:\/\/www.medellin.gov.co\/es\/eventos\/mercado-sanalejo\/imagen-sanalejo-6\/'><img width=\"1024\" height=\"683\" src=\"https:\/\/www.medellin.gov.co\/es\/wp-content\/uploads\/2025\/05\/Imagen-Sanalejo-6-1024x683.jpg\" class=\"attachment-large size-large\" alt=\"Mercado Sanalejo\" loading=\"lazy\" srcset=\"https:\/\/www.medellin.gov.co\/es\/wp-content\/uploads\/2025\/05\/Imagen-Sanalejo-6-1024x683.jpg 1024w, https:\/\/www.medellin.gov.co\/es\/wp-content\/uploads\/2025\/05\/Imagen-Sanalejo-6-300x200.jpg 300w, https:\/\/www.medellin.gov.co\/es\/wp-content\/uploads\/2025\/05\/Imagen-Sanalejo-6-150x100.jpg 150w, https:\/\/www.medellin.gov.co\/es\/wp-content\/uploads\/2025\/05\/Imagen-Sanalejo-6-768x512.jpg 768w, https:\/\/www.medellin.gov.co\/es\/wp-content\/uploads\/2025\/05\/Imagen-Sanalejo-6.jpg 1275w\" sizes=\"(max-width: 1024px) 100vw, 1024px\" \/><\/a>\n\t\t\t<\/dt><\/dl><dl class='gallery-item'>\n\t\t\t<dt class='gallery-icon landscape'>\n\t\t\t\t<a href='https:\/\/www.medellin.gov.co\/es\/eventos\/mercado-sanalejo\/imagen-sanalejo-5\/'><img width=\"1024\" height=\"683\" src=\"https:\/\/www.medellin.gov.co\/es\/wp-content\/uploads\/2025\/05\/Imagen-Sanalejo-5-1024x683.jpg\" class=\"attachment-large size-large\" alt=\"Mercado Sanalejo\" loading=\"lazy\" srcset=\"https:\/\/www.medellin.gov.co\/es\/wp-content\/uploads\/2025\/05\/Imagen-Sanalejo-5-1024x683.jpg 1024w, https:\/\/www.medellin.gov.co\/es\/wp-content\/uploads\/2025\/05\/Imagen-Sanalejo-5-300x200.jpg 300w, https:\/\/www.medellin.gov.co\/es\/wp-content\/uploads\/2025\/05\/Imagen-Sanalejo-5-150x100.jpg 150w, https:\/\/www.medellin.gov.co\/es\/wp-content\/uploads\/2025\/05\/Imagen-Sanalejo-5-768x512.jpg 768w, https:\/\/www.medellin.gov.co\/es\/wp-content\/uploads\/2025\/05\/Imagen-Sanalejo-5.jpg 1275w\" sizes=\"(max-width: 1024px) 100vw, 1024px\" \/><\/a>\n\t\t\t<\/dt><\/dl><br style=\"clear: both\" \/>\n\t\t<\/div>\n\n<p>Contacto para m\u00e1s informaci\u00f3n: 385 55 55 extensi\u00f3n 5369.<\/p>\n","protected":false},"featured_media":407291,"template":"","categories":[31],"tags":[444,428],"acf":{"extracto_del_evento":"Mercado Sanalejo","inicio_del_evento":"20250503","hora_inicio":"08:00:00","fin_del_evento":"20251206","hora_fin":"17:00:00","estado_del_evento":"Activo","ubicacion":"Parque Bol\u00edvar","tipo_de_ingreso":"Gratis","organizacion_event":"Secretar\u00eda de Cultura Ciudadana","telefonos_eventos":"604 385 55 55 extensi\u00f3n 5369","email_eventos":"atencion.ciudadana@medellin.gov.co","mapa_evento":"<iframe src=\"https:\/\/www.google.com\/maps\/embed?pb=!1m18!1m12!1m3!1d63457.315159197446!2d-75.64081685136716!3d6.252900300000004!2m3!1f0!2f0!3f0!3m2!1i1024!2i768!4f13.1!3m3!1m2!1s0x8e4428f98e51c48f%3A0xb22a056b3235080d!2sParque%20de%20Bol%C3%ADvar!5e0!3m2!1ses!2sco!4v1746652101894!5m2!1ses!2sco\" width=\"600\" height=\"450\" style=\"border:0;\" allowfullscreen=\"\" loading=\"lazy\" referrerpolicy=\"no-referrer-when-downgrade\"><\/iframe>"},"_links":{"self":[{"href":"https:\/\/www.medellin.gov.co\/es\/wp-json\/wp\/v2\/eventos\/407278"}],"collection":[{"href":"https:\/\/www.medellin.gov.co\/es\/wp-json\/wp\/v2\/eventos"}],"about":[{"href":"https:\/\/www.medellin.gov.co\/es\/wp-json\/wp\/v2\/types\/eventos"}],"wp:featuredmedia":[{"embeddable":true,"href":"https:\/\/www.medellin.gov.co\/es\/wp-json\/wp\/v2\/media\/407291"}],"wp:attachment":[{"href":"https:\/\/www.medellin.gov.co\/es\/wp-json\/wp\/v2\/media?parent=407278"}],"wp:term":[{"taxonomy":"category","embeddable":true,"href":"https:\/\/www.medellin.gov.co\/es\/wp-json\/wp\/v2\/categories?post=407278"},{"taxonomy":"post_tag","embeddable":true,"href":"https:\/\/www.medellin.gov.co\/es\/wp-json\/wp\/v2\/tags?post=407278"}],"curies":[{"name":"wp","href":"https:\/\/api.w.org\/{rel}","templated":true}]}}

<p>El <strong>Mercado Sanalejo</strong> es un escenario que acoge a los artesanos locales que fomentan la identidad y tradición.</p>

		<style type="text/css">
			#gallery-1 {
				margin: auto;
			}
			#gallery-1 .gallery-item {
				float: left;
				margin-top: 10px;
				text-align: center;
				width: 33%;
			}
			#gallery-1 img {
				border: 2px solid #cfcfcf;
			}
			#gallery-1 .gallery-caption {
				margin-left: 0;
			}
			/* see gallery_shortcode() in wp-includes/media.php */
		</style>
		<div id='gallery-1' class='gallery galleryid-407278 gallery-columns-3 gallery-size-large'><dl class='gallery-item'>
			<dt class='gallery-icon landscape'>
				<a href='https://www.medellin.gov.co/es/eventos/mercado-sanalejo/imagen-sanalejo-4/'><img width="1024" height="683" src="https://www.medellin.gov.co/es/wp-content/uploads/2025/05/Imagen-Sanalejo-4-1024x683.jpg" class="attachment-large size-large" alt="Mercado Sanalejo" loading="lazy" srcset="https://www.medellin.gov.co/es/wp-content/uploads/2025/05/Imagen-Sanalejo-4-1024x683.jpg 1024w, https://www.medellin.gov.co/es/wp-content/uploads/2025/05/Imagen-Sanalejo-4-300x200.jpg 300w, https://www.medellin.gov.co/es/wp-content/uploads/2025/05/Imagen-Sanalejo-4-150x100.jpg 150w, https://www.medellin.gov.co/es/wp-content/uploads/2025/05/Imagen-Sanalejo-4-768x512.jpg 768w, https://www.medellin.gov.co/es/wp-content/uploads/2025/05/Imagen-Sanalejo-4.jpg 1275w" sizes="(max-width: 1024px) 100vw, 1024px" /></a>
			</dt></dl><dl class='gallery-item'>
			<dt class='gallery-icon landscape'>
				<a href='https://www.medellin.gov.co/es/eventos/mercado-sanalejo/imagen-sanalejo-3/'><img width="1024" height="683" src="https://www.medellin.gov.co/es/wp-content/uploads/2025/05/Imagen-Sanalejo-3-1024x683.jpg" class="attachment-large size-large" alt="Mercado Sanalejo" loading="lazy" srcset="https://www.medellin.gov.co/es/wp-content/uploads/2025/05/Imagen-Sanalejo-3-1024x683.jpg 1024w, https://www.medellin.gov.co/es/wp-content/uploads/2025/05/Imagen-Sanalejo-3-300x200.jpg 300w, https://www.medellin.gov.co/es/wp-content/uploads/2025/05/Imagen-Sanalejo-3-150x100.jpg 150w, https://www.medellin.gov.co/es/wp-content/uploads/2025/05/Imagen-Sanalejo-3-768x512.jpg 768w, https://www.medellin.gov.co/es/wp-content/uploads/2025/05/Imagen-Sanalejo-3.jpg 1275w" sizes="(max-width: 1024px) 100vw, 1024px" /></a>
			</dt></dl><dl class='gallery-item'>
			<dt class='gallery-icon landscape'>
				<a href='https://www.medellin.gov.co/es/eventos/mercado-sanalejo/imagen-sanalejo-2/'><img width="1024" height="683" src="https://www.medellin.gov.co/es/wp-content/uploads/2025/05/Imagen-Sanalejo-2-1024x683.jpg" class="attachment-large size-large" alt="Mercado Sanalejo" loading="lazy" srcset="https://www.medellin.gov.co/es/wp-content/uploads/2025/05/Imagen-Sanalejo-2-1024x683.jpg 1024w, https://www.medellin.gov.co/es/wp-content/uploads/2025/05/Imagen-Sanalejo-2-300x200.jpg 300w, https://www.medellin.gov.co/es/wp-content/uploads/2025/05/Imagen-Sanalejo-2-150x100.jpg 150w, https://www.medellin.gov.co/es/wp-content/uploads/2025/05/Imagen-Sanalejo-2-768x512.jpg 768w, https://www.medellin.gov.co/es/wp-content/uploads/2025/05/Imagen-Sanalejo-2.jpg 1275w" sizes="(max-width: 1024px) 100vw, 1024px" /></a>
			</dt></dl><br style="clear: both" />
		</div>

<p>La programación va desde las 9:00 a. m. y se extiende hasta las 6:00 p. m. Se trata de una oportunidad para que propios y turistas compren productos, vivan un intercambio de saberes y conocimientos y, a la vez, disfruten de presentaciones artísticas y culturales. Se realiza el primer sábado de cada mes en el Parque Bolívar.</p>

		<style type="text/css">
			#gallery-2 {
				margin: auto;
			}
			#gallery-2 .gallery-item {
				float: left;
				margin-top: 10px;
				text-align: center;
				width: 33%;
			}
			#gallery-2 img {
				border: 2px solid #cfcfcf;
			}
			#gallery-2 .gallery-caption {
				margin-left: 0;
			}
			/* see gallery_shortcode() in wp-includes/media.php */
		</style>
		<div id='gallery-2' class='gallery galleryid-407278 gallery-columns-3 gallery-size-large'><dl class='gallery-item'>
			<dt class='gallery-icon landscape'>
				<a href='https://www.medellin.gov.co/es/eventos/mercado-sanalejo/imagen-sanalejo-1/'><img width="1024" height="683" src="https://www.medellin.gov.co/es/wp-content/uploads/2025/05/Imagen-Sanalejo-1-1024x683.jpg" class="attachment-large size-large" alt="Mercado Sanalejo" loading="lazy" srcset="https://www.medellin.gov.co/es/wp-content/uploads/2025/05/Imagen-Sanalejo-1-1024x683.jpg 1024w, https://www.medellin.gov.co/es/wp-content/uploads/2025/05/Imagen-Sanalejo-1-300x200.jpg 300w, https://www.medellin.gov.co/es/wp-content/uploads/2025/05/Imagen-Sanalejo-1-150x100.jpg 150w, https://www.medellin.gov.co/es/wp-content/uploads/2025/05/Imagen-Sanalejo-1-768x512.jpg 768w, https://www.medellin.gov.co/es/wp-content/uploads/2025/05/Imagen-Sanalejo-1.jpg 1275w" sizes="(max-width: 1024px) 100vw, 1024px" /></a>
			</dt></dl><dl class='gallery-item'>
			<dt class='gallery-icon landscape'>
				<a href='https://www.medellin.gov.co/es/eventos/mercado-sanalejo/imagen-sanalejo-6/'><img width="1024" height="683" src="https://www.medellin.gov.co/es/wp-content/uploads/2025/05/Imagen-Sanalejo-6-1024x683.jpg" class="attachment-large size-large" alt="Mercado Sanalejo" loading="lazy" srcset="https://www.medellin.gov.co/es/wp-content/uploads/2025/05/Imagen-Sanalejo-6-1024x683.jpg 1024w, https://www.medellin.gov.co/es/wp-content/uploads/2025/05/Imagen-Sanalejo-6-300x200.jpg 300w, https://www.medellin.gov.co/es/wp-content/uploads/2025/05/Imagen-Sanalejo-6-150x100.jpg 150w, https://www.medellin.gov.co/es/wp-content/uploads/2025/05/Imagen-Sanalejo-6-768x512.jpg 768w, https://www.medellin.gov.co/es/wp-content/uploads/2025/05/Imagen-Sanalejo-6.jpg 1275w" sizes="(max-width: 1024px) 100vw, 1024px" /></a>
			</dt></dl><dl class='gallery-item'>
			<dt class='gallery-icon landscape'>
				<a href='https://www.medellin.gov.co/es/eventos/mercado-sanalejo/imagen-sanalejo-5/'><img width="1024" height="683" src="https://www.medellin.gov.co/es/wp-content/uploads/2025/05/Imagen-Sanalejo-5-1024x683.jpg" class="attachment-large size-large" alt="Mercado Sanalejo" loading="lazy" srcset="https://www.medellin.gov.co/es/wp-content/uploads/2025/05/Imagen-Sanalejo-5-1024x683.jpg 1024w, https://www.medellin.gov.co/es/wp-content/uploads/2025/05/Imagen-Sanalejo-5-300x200.jpg 300w, https://www.medellin.gov.co/es/wp-content/uploads/2025/05/Imagen-Sanalejo-5-150x100.jpg 150w, https://www.medellin.gov.co/es/wp-content/uploads/2025/05/Imagen-Sanalejo-5-768x512.jpg 768w, https://www.medellin.gov.co/es/wp-content/uploads/2025/05/Imagen-Sanalejo-5.jpg 1275w" sizes="(max-width: 1024px) 100vw, 1024px" /></a>
			</dt></dl><br style="clear: both" />
		</div>

<p>Contacto para más información: 385 55 55 extensión 5369.</p>

Parque Bolívar

Secretaría de Cultura Ciudadana

604 385 55 55 extensión 5369
