{"id":407307,"date":"2025-05-07T17:13:11","date_gmt":"2025-05-07T22:13:11","guid":{"rendered":"https:\/\/www.medellin.gov.co\/es\/?post_type=eventos&#038;p=407307"},"modified":"2025-05-07T17:13:11","modified_gmt":"2025-05-07T22:13:11","slug":"medellin-urbana-fest","status":"publish","type":"eventos","link":"https:\/\/www.medellin.gov.co\/es\/eventos\/medellin-urbana-fest\/","title":{"rendered":"Medell\u00edn Urbana Fest"},"content":{"rendered":"<p><span style=\"font-weight: 400;\">Medell\u00edn Urbana Fest es\u00a0 la oportunidad perfecta para proyectar la cultura urbana del Distrito, con muestras de canto, danza, muralismo y batallas al ritmo del free style, todo esto en la m\u00e1gica Comuna 13.<\/span><\/p>\n\n\t\t<style type=\"text\/css\">\n\t\t\t#gallery-1 {\n\t\t\t\tmargin: auto;\n\t\t\t}\n\t\t\t#gallery-1 .gallery-item {\n\t\t\t\tfloat: left;\n\t\t\t\tmargin-top: 10px;\n\t\t\t\ttext-align: center;\n\t\t\t\twidth: 33%;\n\t\t\t}\n\t\t\t#gallery-1 img {\n\t\t\t\tborder: 2px solid #cfcfcf;\n\t\t\t}\n\t\t\t#gallery-1 .gallery-caption {\n\t\t\t\tmargin-left: 0;\n\t\t\t}\n\t\t\t\/* see gallery_shortcode() in wp-includes\/media.php *\/\n\t\t<\/style>\n\t\t<div id='gallery-1' class='gallery galleryid-407307 gallery-columns-3 gallery-size-large'><dl class='gallery-item'>\n\t\t\t<dt class='gallery-icon landscape'>\n\t\t\t\t<a href='https:\/\/www.medellin.gov.co\/es\/eventos\/medellin-urbana-fest\/imagenes-medellin-urgan-fest-7\/'><img width=\"1024\" height=\"683\" src=\"https:\/\/www.medellin.gov.co\/es\/wp-content\/uploads\/2025\/05\/imagenes-Medellin-Urgan-Fest-7-1024x683.jpg\" class=\"attachment-large size-large\" alt=\"\" loading=\"lazy\" srcset=\"https:\/\/www.medellin.gov.co\/es\/wp-content\/uploads\/2025\/05\/imagenes-Medellin-Urgan-Fest-7-1024x683.jpg 1024w, https:\/\/www.medellin.gov.co\/es\/wp-content\/uploads\/2025\/05\/imagenes-Medellin-Urgan-Fest-7-300x200.jpg 300w, https:\/\/www.medellin.gov.co\/es\/wp-content\/uploads\/2025\/05\/imagenes-Medellin-Urgan-Fest-7-150x100.jpg 150w, https:\/\/www.medellin.gov.co\/es\/wp-content\/uploads\/2025\/05\/imagenes-Medellin-Urgan-Fest-7-768x512.jpg 768w, https:\/\/www.medellin.gov.co\/es\/wp-content\/uploads\/2025\/05\/imagenes-Medellin-Urgan-Fest-7.jpg 1274w\" sizes=\"(max-width: 1024px) 100vw, 1024px\" \/><\/a>\n\t\t\t<\/dt><\/dl><dl class='gallery-item'>\n\t\t\t<dt class='gallery-icon landscape'>\n\t\t\t\t<a href='https:\/\/www.medellin.gov.co\/es\/eventos\/medellin-urbana-fest\/imagenes-medellin-urgan-fest-6\/'><img width=\"1024\" height=\"683\" src=\"https:\/\/www.medellin.gov.co\/es\/wp-content\/uploads\/2025\/05\/imagenes-Medellin-Urgan-Fest-6-1024x683.jpg\" class=\"attachment-large size-large\" alt=\"Medell\u00edn Urbana Fest\" loading=\"lazy\" srcset=\"https:\/\/www.medellin.gov.co\/es\/wp-content\/uploads\/2025\/05\/imagenes-Medellin-Urgan-Fest-6-1024x683.jpg 1024w, https:\/\/www.medellin.gov.co\/es\/wp-content\/uploads\/2025\/05\/imagenes-Medellin-Urgan-Fest-6-300x200.jpg 300w, https:\/\/www.medellin.gov.co\/es\/wp-content\/uploads\/2025\/05\/imagenes-Medellin-Urgan-Fest-6-150x100.jpg 150w, https:\/\/www.medellin.gov.co\/es\/wp-content\/uploads\/2025\/05\/imagenes-Medellin-Urgan-Fest-6-768x512.jpg 768w, https:\/\/www.medellin.gov.co\/es\/wp-content\/uploads\/2025\/05\/imagenes-Medellin-Urgan-Fest-6.jpg 1274w\" sizes=\"(max-width: 1024px) 100vw, 1024px\" \/><\/a>\n\t\t\t<\/dt><\/dl><dl class='gallery-item'>\n\t\t\t<dt class='gallery-icon landscape'>\n\t\t\t\t<a href='https:\/\/www.medellin.gov.co\/es\/eventos\/medellin-urbana-fest\/imagenes-medellin-urgan-fest-1\/'><img width=\"1024\" height=\"683\" src=\"https:\/\/www.medellin.gov.co\/es\/wp-content\/uploads\/2025\/05\/imagenes-Medellin-Urgan-Fest-1-1024x683.jpg\" class=\"attachment-large size-large\" alt=\"\" loading=\"lazy\" srcset=\"https:\/\/www.medellin.gov.co\/es\/wp-content\/uploads\/2025\/05\/imagenes-Medellin-Urgan-Fest-1-1024x683.jpg 1024w, https:\/\/www.medellin.gov.co\/es\/wp-content\/uploads\/2025\/05\/imagenes-Medellin-Urgan-Fest-1-300x200.jpg 300w, https:\/\/www.medellin.gov.co\/es\/wp-content\/uploads\/2025\/05\/imagenes-Medellin-Urgan-Fest-1-150x100.jpg 150w, https:\/\/www.medellin.gov.co\/es\/wp-content\/uploads\/2025\/05\/imagenes-Medellin-Urgan-Fest-1-768x512.jpg 768w, https:\/\/www.medellin.gov.co\/es\/wp-content\/uploads\/2025\/05\/imagenes-Medellin-Urgan-Fest-1.jpg 1274w\" sizes=\"(max-width: 1024px) 100vw, 1024px\" \/><\/a>\n\t\t\t<\/dt><\/dl><br style=\"clear: both\" \/>\n\t\t<\/div>\n\n<p>Contacto para m\u00e1s informaci\u00f3n: 385 55 55 extensi\u00f3n 5369.<\/p>\n\n\t\t<style type=\"text\/css\">\n\t\t\t#gallery-2 {\n\t\t\t\tmargin: auto;\n\t\t\t}\n\t\t\t#gallery-2 .gallery-item {\n\t\t\t\tfloat: left;\n\t\t\t\tmargin-top: 10px;\n\t\t\t\ttext-align: center;\n\t\t\t\twidth: 33%;\n\t\t\t}\n\t\t\t#gallery-2 img {\n\t\t\t\tborder: 2px solid #cfcfcf;\n\t\t\t}\n\t\t\t#gallery-2 .gallery-caption {\n\t\t\t\tmargin-left: 0;\n\t\t\t}\n\t\t\t\/* see gallery_shortcode() in wp-includes\/media.php *\/\n\t\t<\/style>\n\t\t<div id='gallery-2' class='gallery galleryid-407307 gallery-columns-3 gallery-size-large'><dl class='gallery-item'>\n\t\t\t<dt class='gallery-icon landscape'>\n\t\t\t\t<a href='https:\/\/www.medellin.gov.co\/es\/eventos\/medellin-urbana-fest\/imagenes-medellin-urgan-fest-4\/'><img width=\"1024\" height=\"683\" src=\"https:\/\/www.medellin.gov.co\/es\/wp-content\/uploads\/2025\/05\/imagenes-Medellin-Urgan-Fest-4-1024x683.jpg\" class=\"attachment-large size-large\" alt=\"\" loading=\"lazy\" srcset=\"https:\/\/www.medellin.gov.co\/es\/wp-content\/uploads\/2025\/05\/imagenes-Medellin-Urgan-Fest-4-1024x683.jpg 1024w, https:\/\/www.medellin.gov.co\/es\/wp-content\/uploads\/2025\/05\/imagenes-Medellin-Urgan-Fest-4-300x200.jpg 300w, https:\/\/www.medellin.gov.co\/es\/wp-content\/uploads\/2025\/05\/imagenes-Medellin-Urgan-Fest-4-150x100.jpg 150w, https:\/\/www.medellin.gov.co\/es\/wp-content\/uploads\/2025\/05\/imagenes-Medellin-Urgan-Fest-4-768x512.jpg 768w, https:\/\/www.medellin.gov.co\/es\/wp-content\/uploads\/2025\/05\/imagenes-Medellin-Urgan-Fest-4.jpg 1274w\" sizes=\"(max-width: 1024px) 100vw, 1024px\" \/><\/a>\n\t\t\t<\/dt><\/dl><dl class='gallery-item'>\n\t\t\t<dt class='gallery-icon landscape'>\n\t\t\t\t<a href='https:\/\/www.medellin.gov.co\/es\/eventos\/medellin-urbana-fest\/imagenes-medellin-urgan-fest-2\/'><img width=\"1024\" height=\"683\" src=\"https:\/\/www.medellin.gov.co\/es\/wp-content\/uploads\/2025\/05\/imagenes-Medellin-Urgan-Fest-2-1024x683.jpg\" class=\"attachment-large size-large\" alt=\"Medell\u00edn Urbana Fest\" loading=\"lazy\" srcset=\"https:\/\/www.medellin.gov.co\/es\/wp-content\/uploads\/2025\/05\/imagenes-Medellin-Urgan-Fest-2-1024x683.jpg 1024w, https:\/\/www.medellin.gov.co\/es\/wp-content\/uploads\/2025\/05\/imagenes-Medellin-Urgan-Fest-2-300x200.jpg 300w, https:\/\/www.medellin.gov.co\/es\/wp-content\/uploads\/2025\/05\/imagenes-Medellin-Urgan-Fest-2-150x100.jpg 150w, https:\/\/www.medellin.gov.co\/es\/wp-content\/uploads\/2025\/05\/imagenes-Medellin-Urgan-Fest-2-768x512.jpg 768w, https:\/\/www.medellin.gov.co\/es\/wp-content\/uploads\/2025\/05\/imagenes-Medellin-Urgan-Fest-2.jpg 1274w\" sizes=\"(max-width: 1024px) 100vw, 1024px\" \/><\/a>\n\t\t\t<\/dt><\/dl><dl class='gallery-item'>\n\t\t\t<dt class='gallery-icon landscape'>\n\t\t\t\t<a href='https:\/\/www.medellin.gov.co\/es\/eventos\/medellin-urbana-fest\/imagenes-medellin-urgan-fest-5\/'><img width=\"1024\" height=\"683\" src=\"https:\/\/www.medellin.gov.co\/es\/wp-content\/uploads\/2025\/05\/imagenes-Medellin-Urgan-Fest-5-1024x683.jpg\" class=\"attachment-large size-large\" alt=\"Medell\u00edn Urbana Fest\" loading=\"lazy\" srcset=\"https:\/\/www.medellin.gov.co\/es\/wp-content\/uploads\/2025\/05\/imagenes-Medellin-Urgan-Fest-5-1024x683.jpg 1024w, https:\/\/www.medellin.gov.co\/es\/wp-content\/uploads\/2025\/05\/imagenes-Medellin-Urgan-Fest-5-300x200.jpg 300w, https:\/\/www.medellin.gov.co\/es\/wp-content\/uploads\/2025\/05\/imagenes-Medellin-Urgan-Fest-5-150x100.jpg 150w, https:\/\/www.medellin.gov.co\/es\/wp-content\/uploads\/2025\/05\/imagenes-Medellin-Urgan-Fest-5-768x512.jpg 768w, https:\/\/www.medellin.gov.co\/es\/wp-content\/uploads\/2025\/05\/imagenes-Medellin-Urgan-Fest-5.jpg 1274w\" sizes=\"(max-width: 1024px) 100vw, 1024px\" \/><\/a>\n\t\t\t<\/dt><\/dl><br style=\"clear: both\" \/>\n\t\t<\/div>\n\n","protected":false},"featured_media":407327,"template":"","categories":[31],"tags":[444,428],"acf":{"extracto_del_evento":"Medell\u00edn Urbana Fest es  la oportunidad perfecta para proyectar la cultura urbana del Distrito, con muestras de canto, danza, muralismo y batallas al ritmo del free style, todo esto en la m\u00e1gica Comuna 13.","inicio_del_evento":"20250719","hora_inicio":"08:00:00","fin_del_evento":"20250720","hora_fin":"22:00:00","estado_del_evento":"Activo","ubicacion":"Parque Norte Medell\u00edn","tipo_de_ingreso":"Gratis","organizacion_event":"Secretar\u00eda de Cultura Ciudadana","telefonos_eventos":"604 385 55 55 extensi\u00f3n 5369","email_eventos":"atencion.ciudadana@medellin.gov.co","mapa_evento":"<iframe src=\"https:\/\/www.google.com\/maps\/embed?pb=!1m18!1m12!1m3!1d1982.965915399702!2d-75.56935876124368!3d6.272694614581935!2m3!1f0!2f0!3f0!3m2!1i1024!2i768!4f13.1!3m3!1m2!1s0x8e4428ddacae5be1%3A0xd33794c058f347eb!2sParque%20Norte!5e0!3m2!1ses!2sco!4v1746655971348!5m2!1ses!2sco\" width=\"600\" height=\"450\" style=\"border:0;\" allowfullscreen=\"\" loading=\"lazy\" referrerpolicy=\"no-referrer-when-downgrade\"><\/iframe>"},"_links":{"self":[{"href":"https:\/\/www.medellin.gov.co\/es\/wp-json\/wp\/v2\/eventos\/407307"}],"collection":[{"href":"https:\/\/www.medellin.gov.co\/es\/wp-json\/wp\/v2\/eventos"}],"about":[{"href":"https:\/\/www.medellin.gov.co\/es\/wp-json\/wp\/v2\/types\/eventos"}],"wp:featuredmedia":[{"embeddable":true,"href":"https:\/\/www.medellin.gov.co\/es\/wp-json\/wp\/v2\/media\/407327"}],"wp:attachment":[{"href":"https:\/\/www.medellin.gov.co\/es\/wp-json\/wp\/v2\/media?parent=407307"}],"wp:term":[{"taxonomy":"category","embeddable":true,"href":"https:\/\/www.medellin.gov.co\/es\/wp-json\/wp\/v2\/categories?post=407307"},{"taxonomy":"post_tag","embeddable":true,"href":"https:\/\/www.medellin.gov.co\/es\/wp-json\/wp\/v2\/tags?post=407307"}],"curies":[{"name":"wp","href":"https:\/\/api.w.org\/{rel}","templated":true}]}}

Medellín Urbana Fest

<p><span style="font-weight: 400;">Medellín Urbana Fest es  la oportunidad perfecta para proyectar la cultura urbana del Distrito, con muestras de canto, danza, muralismo y batallas al ritmo del free style, todo esto en la mágica Comuna 13.</span></p>

		<style type="text/css">
			#gallery-1 {
				margin: auto;
			}
			#gallery-1 .gallery-item {
				float: left;
				margin-top: 10px;
				text-align: center;
				width: 33%;
			}
			#gallery-1 img {
				border: 2px solid #cfcfcf;
			}
			#gallery-1 .gallery-caption {
				margin-left: 0;
			}
			/* see gallery_shortcode() in wp-includes/media.php */
		</style>
		<div id='gallery-1' class='gallery galleryid-407307 gallery-columns-3 gallery-size-large'><dl class='gallery-item'>
			<dt class='gallery-icon landscape'>
				<a href='https://www.medellin.gov.co/es/eventos/medellin-urbana-fest/imagenes-medellin-urgan-fest-7/'><img width="1024" height="683" src="https://www.medellin.gov.co/es/wp-content/uploads/2025/05/imagenes-Medellin-Urgan-Fest-7-1024x683.jpg" class="attachment-large size-large" alt="" loading="lazy" srcset="https://www.medellin.gov.co/es/wp-content/uploads/2025/05/imagenes-Medellin-Urgan-Fest-7-1024x683.jpg 1024w, https://www.medellin.gov.co/es/wp-content/uploads/2025/05/imagenes-Medellin-Urgan-Fest-7-300x200.jpg 300w, https://www.medellin.gov.co/es/wp-content/uploads/2025/05/imagenes-Medellin-Urgan-Fest-7-150x100.jpg 150w, https://www.medellin.gov.co/es/wp-content/uploads/2025/05/imagenes-Medellin-Urgan-Fest-7-768x512.jpg 768w, https://www.medellin.gov.co/es/wp-content/uploads/2025/05/imagenes-Medellin-Urgan-Fest-7.jpg 1274w" sizes="(max-width: 1024px) 100vw, 1024px" /></a>
			</dt></dl><dl class='gallery-item'>
			<dt class='gallery-icon landscape'>
				<a href='https://www.medellin.gov.co/es/eventos/medellin-urbana-fest/imagenes-medellin-urgan-fest-6/'><img width="1024" height="683" src="https://www.medellin.gov.co/es/wp-content/uploads/2025/05/imagenes-Medellin-Urgan-Fest-6-1024x683.jpg" class="attachment-large size-large" alt="Medellín Urbana Fest" loading="lazy" srcset="https://www.medellin.gov.co/es/wp-content/uploads/2025/05/imagenes-Medellin-Urgan-Fest-6-1024x683.jpg 1024w, https://www.medellin.gov.co/es/wp-content/uploads/2025/05/imagenes-Medellin-Urgan-Fest-6-300x200.jpg 300w, https://www.medellin.gov.co/es/wp-content/uploads/2025/05/imagenes-Medellin-Urgan-Fest-6-150x100.jpg 150w, https://www.medellin.gov.co/es/wp-content/uploads/2025/05/imagenes-Medellin-Urgan-Fest-6-768x512.jpg 768w, https://www.medellin.gov.co/es/wp-content/uploads/2025/05/imagenes-Medellin-Urgan-Fest-6.jpg 1274w" sizes="(max-width: 1024px) 100vw, 1024px" /></a>
			</dt></dl><dl class='gallery-item'>
			<dt class='gallery-icon landscape'>
				<a href='https://www.medellin.gov.co/es/eventos/medellin-urbana-fest/imagenes-medellin-urgan-fest-1/'><img width="1024" height="683" src="https://www.medellin.gov.co/es/wp-content/uploads/2025/05/imagenes-Medellin-Urgan-Fest-1-1024x683.jpg" class="attachment-large size-large" alt="" loading="lazy" srcset="https://www.medellin.gov.co/es/wp-content/uploads/2025/05/imagenes-Medellin-Urgan-Fest-1-1024x683.jpg 1024w, https://www.medellin.gov.co/es/wp-content/uploads/2025/05/imagenes-Medellin-Urgan-Fest-1-300x200.jpg 300w, https://www.medellin.gov.co/es/wp-content/uploads/2025/05/imagenes-Medellin-Urgan-Fest-1-150x100.jpg 150w, https://www.medellin.gov.co/es/wp-content/uploads/2025/05/imagenes-Medellin-Urgan-Fest-1-768x512.jpg 768w, https://www.medellin.gov.co/es/wp-content/uploads/2025/05/imagenes-Medellin-Urgan-Fest-1.jpg 1274w" sizes="(max-width: 1024px) 100vw, 1024px" /></a>
			</dt></dl><br style="clear: both" />
		</div>

<p>Contacto para más información: 385 55 55 extensión 5369.</p>

		<style type="text/css">
			#gallery-2 {
				margin: auto;
			}
			#gallery-2 .gallery-item {
				float: left;
				margin-top: 10px;
				text-align: center;
				width: 33%;
			}
			#gallery-2 img {
				border: 2px solid #cfcfcf;
			}
			#gallery-2 .gallery-caption {
				margin-left: 0;
			}
			/* see gallery_shortcode() in wp-includes/media.php */
		</style>
		<div id='gallery-2' class='gallery galleryid-407307 gallery-columns-3 gallery-size-large'><dl class='gallery-item'>
			<dt class='gallery-icon landscape'>
				<a href='https://www.medellin.gov.co/es/eventos/medellin-urbana-fest/imagenes-medellin-urgan-fest-4/'><img width="1024" height="683" src="https://www.medellin.gov.co/es/wp-content/uploads/2025/05/imagenes-Medellin-Urgan-Fest-4-1024x683.jpg" class="attachment-large size-large" alt="" loading="lazy" srcset="https://www.medellin.gov.co/es/wp-content/uploads/2025/05/imagenes-Medellin-Urgan-Fest-4-1024x683.jpg 1024w, https://www.medellin.gov.co/es/wp-content/uploads/2025/05/imagenes-Medellin-Urgan-Fest-4-300x200.jpg 300w, https://www.medellin.gov.co/es/wp-content/uploads/2025/05/imagenes-Medellin-Urgan-Fest-4-150x100.jpg 150w, https://www.medellin.gov.co/es/wp-content/uploads/2025/05/imagenes-Medellin-Urgan-Fest-4-768x512.jpg 768w, https://www.medellin.gov.co/es/wp-content/uploads/2025/05/imagenes-Medellin-Urgan-Fest-4.jpg 1274w" sizes="(max-width: 1024px) 100vw, 1024px" /></a>
			</dt></dl><dl class='gallery-item'>
			<dt class='gallery-icon landscape'>
				<a href='https://www.medellin.gov.co/es/eventos/medellin-urbana-fest/imagenes-medellin-urgan-fest-2/'><img width="1024" height="683" src="https://www.medellin.gov.co/es/wp-content/uploads/2025/05/imagenes-Medellin-Urgan-Fest-2-1024x683.jpg" class="attachment-large size-large" alt="Medellín Urbana Fest" loading="lazy" srcset="https://www.medellin.gov.co/es/wp-content/uploads/2025/05/imagenes-Medellin-Urgan-Fest-2-1024x683.jpg 1024w, https://www.medellin.gov.co/es/wp-content/uploads/2025/05/imagenes-Medellin-Urgan-Fest-2-300x200.jpg 300w, https://www.medellin.gov.co/es/wp-content/uploads/2025/05/imagenes-Medellin-Urgan-Fest-2-150x100.jpg 150w, https://www.medellin.gov.co/es/wp-content/uploads/2025/05/imagenes-Medellin-Urgan-Fest-2-768x512.jpg 768w, https://www.medellin.gov.co/es/wp-content/uploads/2025/05/imagenes-Medellin-Urgan-Fest-2.jpg 1274w" sizes="(max-width: 1024px) 100vw, 1024px" /></a>
			</dt></dl><dl class='gallery-item'>
			<dt class='gallery-icon landscape'>
				<a href='https://www.medellin.gov.co/es/eventos/medellin-urbana-fest/imagenes-medellin-urgan-fest-5/'><img width="1024" height="683" src="https://www.medellin.gov.co/es/wp-content/uploads/2025/05/imagenes-Medellin-Urgan-Fest-5-1024x683.jpg" class="attachment-large size-large" alt="Medellín Urbana Fest" loading="lazy" srcset="https://www.medellin.gov.co/es/wp-content/uploads/2025/05/imagenes-Medellin-Urgan-Fest-5-1024x683.jpg 1024w, https://www.medellin.gov.co/es/wp-content/uploads/2025/05/imagenes-Medellin-Urgan-Fest-5-300x200.jpg 300w, https://www.medellin.gov.co/es/wp-content/uploads/2025/05/imagenes-Medellin-Urgan-Fest-5-150x100.jpg 150w, https://www.medellin.gov.co/es/wp-content/uploads/2025/05/imagenes-Medellin-Urgan-Fest-5-768x512.jpg 768w, https://www.medellin.gov.co/es/wp-content/uploads/2025/05/imagenes-Medellin-Urgan-Fest-5.jpg 1274w" sizes="(max-width: 1024px) 100vw, 1024px" /></a>
			</dt></dl><br style="clear: both" />
		</div>

Medellín Urbana Fest es  la oportunidad perfecta para proyectar la cultura urbana del Distrito, con muestras de canto, danza, muralismo y batallas al ritmo del free style, todo esto en la mágica Comuna 13.

Parque Norte Medellín

Secretaría de Cultura Ciudadana

604 385 55 55 extensión 5369
