{"id":420202,"date":"2025-06-16T13:15:58","date_gmt":"2025-06-16T18:15:58","guid":{"rendered":"https:\/\/www.medellin.gov.co\/es\/?post_type=eventos&#038;p=420202"},"modified":"2025-07-01T09:11:48","modified_gmt":"2025-07-01T14:11:48","slug":"vacaciones","status":"publish","type":"eventos","link":"https:\/\/www.medellin.gov.co\/es\/eventos\/vacaciones\/","title":{"rendered":"Con\u00e9ctate con tu bienestar &#8211; Programaci\u00f3n vacacional"},"content":{"rendered":"<p><span style=\"font-weight: 400;\">A prop\u00f3sito de las vacaciones escolares de mitad de a\u00f1o, el Distrito presenta m\u00e1s de 250 actividades culturales, art\u00edsticas, pedag\u00f3gicas, reflexivas, recreativas y deportivas en las 16 comunas y los 5 corregimientos de Medell\u00edn.<\/span><\/p>\n<p><span style=\"font-weight: 400;\">Entre el 16 de junio y 6 de julio de 2025, podr\u00e1s participar en espacios de esparcimiento, di\u00e1logo y aprendizaje en los que podr\u00e1s conectar con tu salud mental.<\/span><\/p>\n<blockquote>\n<p style=\"text-align: left;\"><a href=\"https:\/\/www.medellin.gov.co\/es\/wp-content\/uploads\/2025\/06\/Programacion-Conectate-con-tu-bienestar-completa_v3.pdf\" target=\"_blank\" rel=\"noopener\"><b>Ver la programaci\u00f3n del 16 al 6 de julio.<\/b><\/a><\/p>\n<\/blockquote>\n<p><span style=\"font-weight: 400;\">Con estas actividades, el Distrito de Medell\u00edn reafirma su compromiso con la salud mental de todos sus habitantes, promoviendo servicios y espacios que brinden herramientas para su cuidado.<\/span><\/p>\n","protected":false},"featured_media":420437,"template":"","categories":[31,4,12,18],"tags":[689,428],"acf":{"extracto_del_evento":"A prop\u00f3sito de las vacaciones escolares de mitad de a\u00f1o, el Distrito presenta m\u00e1s de 250 actividades culturales, art\u00edsticas, pedag\u00f3gicas, reflexivas, recreativas y deportivas en las 16 comunas y los 5 corregimientos de Medell\u00edn.\r\n\r\nEntre el 16 de junio y 6 de julio de 2025, podr\u00e1s participar en espacios de esparcimiento, di\u00e1logo y aprendizaje en los que podr\u00e1s conectar con tu salud mental.\r\n","inicio_del_evento":"20250616","hora_inicio":"07:00:00","fin_del_evento":"20250706","hora_fin":"19:00:00","estado_del_evento":"Activo","ubicacion":"Diferentes comunas de la ciudad","tipo_de_ingreso":"Pago","organizacion_event":"Alcald\u00eda de Medell\u00edn","telefonos_eventos":"604 4444144","email_eventos":"atencion.ciudadana@medellin.gov.co","mapa_evento":""},"_links":{"self":[{"href":"https:\/\/www.medellin.gov.co\/es\/wp-json\/wp\/v2\/eventos\/420202"}],"collection":[{"href":"https:\/\/www.medellin.gov.co\/es\/wp-json\/wp\/v2\/eventos"}],"about":[{"href":"https:\/\/www.medellin.gov.co\/es\/wp-json\/wp\/v2\/types\/eventos"}],"wp:featuredmedia":[{"embeddable":true,"href":"https:\/\/www.medellin.gov.co\/es\/wp-json\/wp\/v2\/media\/420437"}],"wp:attachment":[{"href":"https:\/\/www.medellin.gov.co\/es\/wp-json\/wp\/v2\/media?parent=420202"}],"wp:term":[{"taxonomy":"category","embeddable":true,"href":"https:\/\/www.medellin.gov.co\/es\/wp-json\/wp\/v2\/categories?post=420202"},{"taxonomy":"post_tag","embeddable":true,"href":"https:\/\/www.medellin.gov.co\/es\/wp-json\/wp\/v2\/tags?post=420202"}],"curies":[{"name":"wp","href":"https:\/\/api.w.org\/{rel}","templated":true}]}}

Conéctate con tu bienestar &#8211; Programación vacacional

<p><span style="font-weight: 400;">A propósito de las vacaciones escolares de mitad de año, el Distrito presenta más de 250 actividades culturales, artísticas, pedagógicas, reflexivas, recreativas y deportivas en las 16 comunas y los 5 corregimientos de Medellín.</span></p>
<p><span style="font-weight: 400;">Entre el 16 de junio y 6 de julio de 2025, podrás participar en espacios de esparcimiento, diálogo y aprendizaje en los que podrás conectar con tu salud mental.</span></p>
<blockquote>
<p style="text-align: left;"><a href="https://www.medellin.gov.co/es/wp-content/uploads/2025/06/Programacion-Conectate-con-tu-bienestar-completa_v3.pdf" target="_blank" rel="noopener"><b>Ver la programación del 16 al 6 de julio.</b></a></p>
</blockquote>
<p><span style="font-weight: 400;">Con estas actividades, el Distrito de Medellín reafirma su compromiso con la salud mental de todos sus habitantes, promoviendo servicios y espacios que brinden herramientas para su cuidado.</span></p>

A propósito de las vacaciones escolares de mitad de año, el Distrito presenta más de 250 actividades culturales, artísticas, pedagógicas, reflexivas, recreativas y deportivas en las 16 comunas y los 5 corregimientos de Medellín.

Entre el 16 de junio y 6 de julio de 2025, podrás participar en espacios de esparcimiento, diálogo y aprendizaje en los que podrás conectar con tu salud mental.

Alcaldía de Medellín
