{"id":427619,"date":"2025-07-11T12:01:19","date_gmt":"2025-07-11T17:01:19","guid":{"rendered":"https:\/\/www.medellin.gov.co\/es\/?post_type=eventos&#038;p=427619"},"modified":"2025-07-11T12:01:19","modified_gmt":"2025-07-11T17:01:19","slug":"ferias-ser-saludable-julio","status":"publish","type":"eventos","link":"https:\/\/www.medellin.gov.co\/es\/eventos\/ferias-ser-saludable-julio\/","title":{"rendered":"Ferias Ser Saludable Julio"},"content":{"rendered":"<p>Las Ferias Ser Saludable son mucho m\u00e1s que un evento de salud; son una invitaci\u00f3n a redescubrir el equilibrio entre tu cuerpo, mente y esp\u00edritu.<\/p>\n<p>Desde la Secretar\u00eda de Salud del Distrito, a trav\u00e9s de nuestro programa Medell\u00edn te quiere saludable, nos so\u00f1amos un espacio que re\u00fane profesionales de la salud, psic\u00f3logos, nutricionistas y expertos en bienestar, todos dedicados a brindarte herramientas y servicios para vivir una vida m\u00e1s plena.<\/p>\n<p style=\"text-align: center;\"><strong>\u00a1Ag\u00e9ndate!<\/strong><\/p>\n<blockquote><p><a href=\"https:\/\/www.medellin.gov.co\/es\/wp-content\/uploads\/2025\/07\/Cronograma-Ferias-ser-saludable-JUNIO-PDF-PAG-WEB-3.pdf\" target=\"_blank\" rel=\"noopener\">Conoce la programaci\u00f3n de las Ferias Ser Saludable<\/a><\/p><\/blockquote>\n<p>En las <strong><u>Ferias Ser Saludable<\/u><\/strong>, tienes todo lo que necesitas para priorizar tu bienestar en un mismo lugar y de forma completamente gratuita.<\/p>\n<p>Aqu\u00ed puedes hablar de forma f\u00e1cil y cercana con un psic\u00f3logo sobre tus emociones y tu vida, aprender a comer mejor con el acompa\u00f1amiento de un nutricionista, vacunarte a ti y a tus seres queridos, informarte y acceder a m\u00e9todos anticonceptivos y a pruebas r\u00e1pidas de ITS, recibir tips y cuidados para tu salud oral, tener acompa\u00f1amiento y servicios pensados para ti y tu beb\u00e9 si eres una mujer gestante o lactante, \u00a1y muchos servicios m\u00e1s!<\/p>\n<p>Estas ferias son como un gran encuentro de amigos, donde todos compartimos experiencias y podemos aprender de los dem\u00e1s, solo faltas tu.<\/p>\n<p style=\"text-align: center;\"><strong>\u00a1Te esperamos!<\/strong><\/p>\n","protected":false},"featured_media":427643,"template":"","categories":[18],"tags":[428,452],"acf":{"extracto_del_evento":"Las Ferias Ser Saludable son mucho m\u00e1s que un evento de salud; son una invitaci\u00f3n a redescubrir el equilibrio entre tu cuerpo, mente y esp\u00edritu.","inicio_del_evento":"20250712","hora_inicio":"07:00:00","fin_del_evento":"20250726","hora_fin":"19:00:00","estado_del_evento":"Activo","ubicacion":"Diferentes comunas de la ciudad","tipo_de_ingreso":"Gratis","organizacion_event":"Secretar\u00eda de Salud","telefonos_eventos":"604 4444144","email_eventos":"atencion.ciudadana@medellin.gov.co","mapa_evento":""},"_links":{"self":[{"href":"https:\/\/www.medellin.gov.co\/es\/wp-json\/wp\/v2\/eventos\/427619"}],"collection":[{"href":"https:\/\/www.medellin.gov.co\/es\/wp-json\/wp\/v2\/eventos"}],"about":[{"href":"https:\/\/www.medellin.gov.co\/es\/wp-json\/wp\/v2\/types\/eventos"}],"wp:featuredmedia":[{"embeddable":true,"href":"https:\/\/www.medellin.gov.co\/es\/wp-json\/wp\/v2\/media\/427643"}],"wp:attachment":[{"href":"https:\/\/www.medellin.gov.co\/es\/wp-json\/wp\/v2\/media?parent=427619"}],"wp:term":[{"taxonomy":"category","embeddable":true,"href":"https:\/\/www.medellin.gov.co\/es\/wp-json\/wp\/v2\/categories?post=427619"},{"taxonomy":"post_tag","embeddable":true,"href":"https:\/\/www.medellin.gov.co\/es\/wp-json\/wp\/v2\/tags?post=427619"}],"curies":[{"name":"wp","href":"https:\/\/api.w.org\/{rel}","templated":true}]}}

<p>Las Ferias Ser Saludable son mucho más que un evento de salud; son una invitación a redescubrir el equilibrio entre tu cuerpo, mente y espíritu.</p>
<p>Desde la Secretaría de Salud del Distrito, a través de nuestro programa Medellín te quiere saludable, nos soñamos un espacio que reúne profesionales de la salud, psicólogos, nutricionistas y expertos en bienestar, todos dedicados a brindarte herramientas y servicios para vivir una vida más plena.</p>
<p style="text-align: center;"><strong>¡Agéndate!</strong></p>
<blockquote><p><a href="https://www.medellin.gov.co/es/wp-content/uploads/2025/07/Cronograma-Ferias-ser-saludable-JUNIO-PDF-PAG-WEB-3.pdf" target="_blank" rel="noopener">Conoce la programación de las Ferias Ser Saludable</a></p></blockquote>
<p>En las <strong><u>Ferias Ser Saludable</u></strong>, tienes todo lo que necesitas para priorizar tu bienestar en un mismo lugar y de forma completamente gratuita.</p>
<p>Aquí puedes hablar de forma fácil y cercana con un psicólogo sobre tus emociones y tu vida, aprender a comer mejor con el acompañamiento de un nutricionista, vacunarte a ti y a tus seres queridos, informarte y acceder a métodos anticonceptivos y a pruebas rápidas de ITS, recibir tips y cuidados para tu salud oral, tener acompañamiento y servicios pensados para ti y tu bebé si eres una mujer gestante o lactante, ¡y muchos servicios más!</p>
<p>Estas ferias son como un gran encuentro de amigos, donde todos compartimos experiencias y podemos aprender de los demás, solo faltas tu.</p>
<p style="text-align: center;"><strong>¡Te esperamos!</strong></p>

Las Ferias Ser Saludable son mucho más que un evento de salud; son una invitación a redescubrir el equilibrio entre tu cuerpo, mente y espíritu.

Secretaría de Salud
