{"id":432454,"date":"2025-07-21T12:14:46","date_gmt":"2025-07-21T17:14:46","guid":{"rendered":"https:\/\/www.medellin.gov.co\/es\/?post_type=eventos&#038;p=432454"},"modified":"2025-07-21T12:14:46","modified_gmt":"2025-07-21T17:14:46","slug":"medellin-conmemora-el-dia-nacional-de-la-persona-cuidadora-y-fortalece-su-sistema-de-cuidado","status":"publish","type":"eventos","link":"https:\/\/www.medellin.gov.co\/es\/eventos\/medellin-conmemora-el-dia-nacional-de-la-persona-cuidadora-y-fortalece-su-sistema-de-cuidado\/","title":{"rendered":"Medell\u00edn conmemora el D\u00eda Nacional de la Persona Cuidadora y fortalece su Sistema de Cuidado"},"content":{"rendered":"<p>El Distrito de Medell\u00edn te invita a participar en la programaci\u00f3n especial para reconocer y dignificar la labor de quienes cuidan.<\/p>\n<p>Durante la \u00faltima semana de julio se realizar\u00e1n m\u00e1s de 40 actividades en comunas y corregimientos, orientadas a visibilizar, valorar y fortalecer el rol de las personas cuidadoras.<\/p>\n<div id=\"attachment_432457\" style=\"width: 1290px\" class=\"wp-caption alignnone\"><img aria-describedby=\"caption-attachment-432457\" loading=\"lazy\" class=\"size-full wp-image-432457\" src=\"https:\/\/www.medellin.gov.co\/es\/wp-content\/uploads\/2025\/07\/imagen-persoinas-cuidadoras-2.jpg\" alt=\"Persona cuidadora\" width=\"1280\" height=\"853\" srcset=\"https:\/\/www.medellin.gov.co\/es\/wp-content\/uploads\/2025\/07\/imagen-persoinas-cuidadoras-2.jpg 1280w, https:\/\/www.medellin.gov.co\/es\/wp-content\/uploads\/2025\/07\/imagen-persoinas-cuidadoras-2-300x200.jpg 300w, https:\/\/www.medellin.gov.co\/es\/wp-content\/uploads\/2025\/07\/imagen-persoinas-cuidadoras-2-1024x682.jpg 1024w, https:\/\/www.medellin.gov.co\/es\/wp-content\/uploads\/2025\/07\/imagen-persoinas-cuidadoras-2-150x100.jpg 150w, https:\/\/www.medellin.gov.co\/es\/wp-content\/uploads\/2025\/07\/imagen-persoinas-cuidadoras-2-768x512.jpg 768w\" sizes=\"(max-width: 1280px) 100vw, 1280px\" \/><p id=\"caption-attachment-432457\" class=\"wp-caption-text\">Persona cuidadora<\/p><\/div>\n<p>Ser\u00e1n espacios de formaci\u00f3n, bienestar, di\u00e1logo y respiro, donde el cuidado se reconoce como una responsabilidad compartida entre el Distrito de Medell\u00edn, las comunidades y las familias.<\/p>\n<blockquote><p><a href=\"https:\/\/www.medellin.gov.co\/es\/wp-content\/uploads\/2025\/07\/Programacion_PersonasCuidadoras-1.pdf\" target=\"_blank\" rel=\"noopener\">Programaci\u00f3n D\u00eda Nacional de la Programaci\u00f3n Persona Cuidadora y fortalece su Sistema de Cuidado<\/a><\/p><\/blockquote>\n<p><div class=\"iframe-container\"><iframe src=\"https:\/\/www.medellin.gov.co\/es\/wp-content\/uploads\/2025\/07\/Programacion_PersonasCuidadoras-1.pdf\" width=\"100%\" height=\"600px\"><span data-mce-type=\"bookmark\" style=\"display: inline-block; width: 0px; overflow: hidden; line-height: 0;\" class=\"mce_SELRES_start\">\ufeff<\/span><\/iframe><\/div><\/p>\n","protected":false},"featured_media":432459,"template":"","categories":[1],"tags":[451,428],"acf":{"extracto_del_evento":"El Distrito de Medell\u00edn te invita a participar en la programaci\u00f3n especial para reconocer y dignificar la labor de quienes cuidan.","inicio_del_evento":"20250724","hora_inicio":"08:00:00","fin_del_evento":"20250731","hora_fin":"20:00:00","estado_del_evento":"Pendiente","ubicacion":"Diferentes comunas de la ciudad","tipo_de_ingreso":"Gratis","organizacion_event":"Secretar\u00eda de Inclusi\u00f3n Social y Familia","telefonos_eventos":"604 4444144","email_eventos":"atencion.ciudadana@medellin.gov.co","mapa_evento":""},"_links":{"self":[{"href":"https:\/\/www.medellin.gov.co\/es\/wp-json\/wp\/v2\/eventos\/432454"}],"collection":[{"href":"https:\/\/www.medellin.gov.co\/es\/wp-json\/wp\/v2\/eventos"}],"about":[{"href":"https:\/\/www.medellin.gov.co\/es\/wp-json\/wp\/v2\/types\/eventos"}],"wp:featuredmedia":[{"embeddable":true,"href":"https:\/\/www.medellin.gov.co\/es\/wp-json\/wp\/v2\/media\/432459"}],"wp:attachment":[{"href":"https:\/\/www.medellin.gov.co\/es\/wp-json\/wp\/v2\/media?parent=432454"}],"wp:term":[{"taxonomy":"category","embeddable":true,"href":"https:\/\/www.medellin.gov.co\/es\/wp-json\/wp\/v2\/categories?post=432454"},{"taxonomy":"post_tag","embeddable":true,"href":"https:\/\/www.medellin.gov.co\/es\/wp-json\/wp\/v2\/tags?post=432454"}],"curies":[{"name":"wp","href":"https:\/\/api.w.org\/{rel}","templated":true}]}}

Medellín conmemora el Día Nacional de la Persona Cuidadora y fortalece su Sistema de Cuidado

<p>El Distrito de Medellín te invita a participar en la programación especial para reconocer y dignificar la labor de quienes cuidan.</p>
<p>Durante la última semana de julio se realizarán más de 40 actividades en comunas y corregimientos, orientadas a visibilizar, valorar y fortalecer el rol de las personas cuidadoras.</p>
<div id="attachment_432457" style="width: 1290px" class="wp-caption alignnone"><img aria-describedby="caption-attachment-432457" loading="lazy" class="size-full wp-image-432457" src="https://www.medellin.gov.co/es/wp-content/uploads/2025/07/imagen-persoinas-cuidadoras-2.jpg" alt="Persona cuidadora" width="1280" height="853" srcset="https://www.medellin.gov.co/es/wp-content/uploads/2025/07/imagen-persoinas-cuidadoras-2.jpg 1280w, https://www.medellin.gov.co/es/wp-content/uploads/2025/07/imagen-persoinas-cuidadoras-2-300x200.jpg 300w, https://www.medellin.gov.co/es/wp-content/uploads/2025/07/imagen-persoinas-cuidadoras-2-1024x682.jpg 1024w, https://www.medellin.gov.co/es/wp-content/uploads/2025/07/imagen-persoinas-cuidadoras-2-150x100.jpg 150w, https://www.medellin.gov.co/es/wp-content/uploads/2025/07/imagen-persoinas-cuidadoras-2-768x512.jpg 768w" sizes="(max-width: 1280px) 100vw, 1280px" /><p id="caption-attachment-432457" class="wp-caption-text">Persona cuidadora</p></div>
<p>Serán espacios de formación, bienestar, diálogo y respiro, donde el cuidado se reconoce como una responsabilidad compartida entre el Distrito de Medellín, las comunidades y las familias.</p>
<blockquote><p><a href="https://www.medellin.gov.co/es/wp-content/uploads/2025/07/Programacion_PersonasCuidadoras-1.pdf" target="_blank" rel="noopener">Programación Día Nacional de la Programación Persona Cuidadora y fortalece su Sistema de Cuidado</a></p></blockquote>
<p><div class="iframe-container"><iframe src="https://www.medellin.gov.co/es/wp-content/uploads/2025/07/Programacion_PersonasCuidadoras-1.pdf" width="100%" height="600px"><span data-mce-type="bookmark" style="display: inline-block; width: 0px; overflow: hidden; line-height: 0;" class="mce_SELRES_start">﻿</span></iframe></div></p>

El Distrito de Medellín te invita a participar en la programación especial para reconocer y dignificar la labor de quienes cuidan.

Secretaría de Inclusión Social y Familia
