{"id":436161,"date":"2025-07-29T10:47:45","date_gmt":"2025-07-29T15:47:45","guid":{"rendered":"https:\/\/www.medellin.gov.co\/es\/?post_type=eventos&#038;p=436161"},"modified":"2025-07-29T16:18:51","modified_gmt":"2025-07-29T21:18:51","slug":"convocatoria-labic","status":"publish","type":"eventos","link":"https:\/\/www.medellin.gov.co\/es\/eventos\/convocatoria-labic\/","title":{"rendered":"Convocatoria LABIC"},"content":{"rendered":"<p><span style=\"font-family: 'Arial',sans-serif;\">Desde la Secretar\u00eda de Participaci\u00f3n Ciudadana y la Universidad de Antioquia, te invitamos a ser parte de un laboratorio de cocreaci\u00f3n ciudadana con acompa\u00f1amiento internacional de la Divisi\u00f3n de Innovaci\u00f3n P\u00fablica y Ciudadana de la Secretar\u00eda General Iberoamericana (SEGIB).<\/span><\/p>\n<p><span style=\"font-family: 'Arial',sans-serif;\">Queremos encontrar ideas que respondan a este reto:<\/span><\/p>\n<p><strong><span style=\"font-family: 'Arial',sans-serif;\">\u00bfC\u00f3mo lograr que las organizaciones sociales y los colectivos de mujeres y j\u00f3venes de Medell\u00edn conozcan y utilicen datos que mejoren la formulaci\u00f3n e integraci\u00f3n de sus ideas en las decisiones territoriales?<\/span><\/strong><\/p>\n<p><span style=\"font-family: 'Arial',sans-serif;\">Si tienes una propuesta clara, con impacto y sentido transformador, \u00a1post\u00falate! Las ideas seleccionadas ser\u00e1n desarrolladas en un proceso participativo con mentor\u00eda especializada y podr\u00e1n ser prototipadas.<\/span><\/p>\n<ul>\n<li><span style=\"font-family: 'Arial',sans-serif;\">Convocatoria abierta <strong>hasta el 31 de julio de 2025<\/strong><\/span><\/li>\n<li><span style=\"font-family: 'Arial',sans-serif;\">Resultados: <strong>8 de agosto de 2025<\/strong><\/span><\/li>\n<li><span style=\"font-family: 'Arial',sans-serif;\">Inicio del laboratorio: <strong>14 de agosto de 2025<\/strong><\/span><\/li>\n<\/ul>\n<p style=\"text-align: center;\"><strong><span style=\"font-family: 'Arial',sans-serif;\"><a href=\"https:\/\/siciudadania.co\/index.php\/labic-2025\/\" target=\"_blank\" rel=\"noopener\">Conoce m\u00e1s y postula tu idea aqu\u00ed<\/a><\/span><\/strong><\/p>\n<p style=\"text-align: center;\"><span style=\"font-family: 'Arial',sans-serif;\">\u00a1Juntos podemos construir nuevas formas de participaci\u00f3n!<\/span><\/p>\n<p style=\"margin: 12pt 0cm; text-align: center;\"><a href=\"https:\/\/www.medellin.gov.co\/es\/wp-content\/uploads\/2025\/07\/TERMINOS-DE-REFERENCIA-LABIC.pdf\" target=\"_blank\" rel=\"noopener\"><span style=\"font-family: 'Arial',sans-serif;\">T\u00e9rminos de Referencia<\/span><\/a><\/p>\n","protected":false},"featured_media":436435,"template":"","categories":[16],"tags":[428,450],"acf":{"extracto_del_evento":"Desde la Secretar\u00eda de Participaci\u00f3n Ciudadana y la Universidad de Antioquia, te invitamos a ser parte de un laboratorio de cocreaci\u00f3n ciudadana con acompa\u00f1amiento internacional de la Divisi\u00f3n de Innovaci\u00f3n P\u00fablica y Ciudadana de la Secretar\u00eda General Iberoamericana (SEGIB).","inicio_del_evento":"20250725","hora_inicio":"08:00:00","fin_del_evento":"20250731","hora_fin":"18:00:00","estado_del_evento":"Activo","ubicacion":"Virtual","tipo_de_ingreso":"Gratis","organizacion_event":"Secretar\u00eda de Participaci\u00f3n Ciudadana","telefonos_eventos":"604 4444144","email_eventos":"","mapa_evento":""},"_links":{"self":[{"href":"https:\/\/www.medellin.gov.co\/es\/wp-json\/wp\/v2\/eventos\/436161"}],"collection":[{"href":"https:\/\/www.medellin.gov.co\/es\/wp-json\/wp\/v2\/eventos"}],"about":[{"href":"https:\/\/www.medellin.gov.co\/es\/wp-json\/wp\/v2\/types\/eventos"}],"wp:featuredmedia":[{"embeddable":true,"href":"https:\/\/www.medellin.gov.co\/es\/wp-json\/wp\/v2\/media\/436435"}],"wp:attachment":[{"href":"https:\/\/www.medellin.gov.co\/es\/wp-json\/wp\/v2\/media?parent=436161"}],"wp:term":[{"taxonomy":"category","embeddable":true,"href":"https:\/\/www.medellin.gov.co\/es\/wp-json\/wp\/v2\/categories?post=436161"},{"taxonomy":"post_tag","embeddable":true,"href":"https:\/\/www.medellin.gov.co\/es\/wp-json\/wp\/v2\/tags?post=436161"}],"curies":[{"name":"wp","href":"https:\/\/api.w.org\/{rel}","templated":true}]}}

<p><span style="font-family: 'Arial',sans-serif;">Desde la Secretaría de Participación Ciudadana y la Universidad de Antioquia, te invitamos a ser parte de un laboratorio de cocreación ciudadana con acompañamiento internacional de la División de Innovación Pública y Ciudadana de la Secretaría General Iberoamericana (SEGIB).</span></p>
<p><span style="font-family: 'Arial',sans-serif;">Queremos encontrar ideas que respondan a este reto:</span></p>
<p><strong><span style="font-family: 'Arial',sans-serif;">¿Cómo lograr que las organizaciones sociales y los colectivos de mujeres y jóvenes de Medellín conozcan y utilicen datos que mejoren la formulación e integración de sus ideas en las decisiones territoriales?</span></strong></p>
<p><span style="font-family: 'Arial',sans-serif;">Si tienes una propuesta clara, con impacto y sentido transformador, ¡postúlate! Las ideas seleccionadas serán desarrolladas en un proceso participativo con mentoría especializada y podrán ser prototipadas.</span></p>
<ul>
<li><span style="font-family: 'Arial',sans-serif;">Convocatoria abierta <strong>hasta el 31 de julio de 2025</strong></span></li>
<li><span style="font-family: 'Arial',sans-serif;">Resultados: <strong>8 de agosto de 2025</strong></span></li>
<li><span style="font-family: 'Arial',sans-serif;">Inicio del laboratorio: <strong>14 de agosto de 2025</strong></span></li>
</ul>
<p style="text-align: center;"><strong><span style="font-family: 'Arial',sans-serif;"><a href="https://siciudadania.co/index.php/labic-2025/" target="_blank" rel="noopener">Conoce más y postula tu idea aquí</a></span></strong></p>
<p style="text-align: center;"><span style="font-family: 'Arial',sans-serif;">¡Juntos podemos construir nuevas formas de participación!</span></p>
<p style="margin: 12pt 0cm; text-align: center;"><a href="https://www.medellin.gov.co/es/wp-content/uploads/2025/07/TERMINOS-DE-REFERENCIA-LABIC.pdf" target="_blank" rel="noopener"><span style="font-family: 'Arial',sans-serif;">Términos de Referencia</span></a></p>

Desde la Secretaría de Participación Ciudadana y la Universidad de Antioquia, te invitamos a ser parte de un laboratorio de cocreación ciudadana con acompañamiento internacional de la División de Innovación Pública y Ciudadana de la Secretaría General Iberoamericana (SEGIB).

Secretaría de Participación Ciudadana
