{"id":443797,"date":"2025-08-15T19:15:08","date_gmt":"2025-08-16T00:15:08","guid":{"rendered":"https:\/\/www.medellin.gov.co\/es\/?post_type=eventos&#038;p=443797"},"modified":"2025-08-15T19:15:08","modified_gmt":"2025-08-16T00:15:08","slug":"convocatoria-reto-de-ciudad","status":"publish","type":"eventos","link":"https:\/\/www.medellin.gov.co\/es\/eventos\/convocatoria-reto-de-ciudad\/","title":{"rendered":"Convocatoria Reto de Ciudad"},"content":{"rendered":"<p><span style=\"font-weight: 400;\">Desde la Alcald\u00eda de Medell\u00edn queremos invitarte a proponer ideas que respondan a un nuevo reto de ciudad:<\/span><\/p>\n<p><b>\u00bfC\u00f3mo podr\u00edamos fortalecer la sostenibilidad de las organizaciones y colectivos sociales de Medell\u00edn?<\/b><\/p>\n<p><span style=\"font-weight: 400;\">Sabemos que muchas organizaciones hacen un trabajo valioso en sus territorios, pero tambi\u00e9n enfrentan dificultades para mantenerse: falta de recursos, visibilidad, articulaci\u00f3n y acceso a oportunidades.<\/span><\/p>\n<p><span style=\"font-weight: 400;\">Por eso, buscamos ideas que ayuden a que estas organizaciones puedan concentrarse m\u00e1s en generar impacto y menos en sobrevivir.<\/span><\/p>\n<p><span style=\"font-weight: 400;\">Si tienes una propuesta clara, viable y con sentido colectivo, comp\u00e1rtela.\u00a0<\/span><\/p>\n<p><span style=\"font-weight: 400;\">Convocatoria abierta hasta el<\/span><b> 31 de agosto de 2025<\/b><b><br \/>\n<\/b><span style=\"font-weight: 400;\">Resultados: <\/span><b>15 de septiembre de 2025<\/b><b><br \/>\n<\/b><span style=\"font-weight: 400;\">Inicio del laboratorio: <\/span><b>entre el 17 y el 23 de septiembre de 2025<\/b><\/p>\n<p><span style=\"font-weight: 400;\">Conoce m\u00e1s y postula tu idea aqu\u00ed haciendo <\/span><a href=\"https:\/\/forms.office.com\/pages\/responsepage.aspx?id=IefhmYRxjkmK_7KtTlPBwu92uXKlY7FOv9b5a9PmA19URFJWMFZBMDc4OERXWjdWOE1ORjI3UDNYVC4u\" target=\"_blank\" rel=\"noopener\"><b>clic aqu\u00ed<\/b><\/a><\/p>\n<p><span style=\"font-weight: 400;\">\u00a1Entre todos podemos construir soluciones que fortalezcan el tejido social de Medell\u00edn!<\/span><\/p>\n<blockquote><p><a href=\"https:\/\/forms.office.com\/pages\/responsepage.aspx?id=IefhmYRxjkmK_7KtTlPBwu92uXKlY7FOv9b5a9PmA19URFJWMFZBMDc4OERXWjdWOE1ORjI3UDNYVC4u\" target=\"_blank\" rel=\"noopener\"><span style=\"font-weight: 400;\">T\u00e9rminos de referencia<\/span><\/a><\/p><\/blockquote>\n","protected":false},"featured_media":443812,"template":"","categories":[16],"tags":[428],"acf":{"extracto_del_evento":"\u00bfC\u00f3mo podr\u00edamos fortalecer la sostenibilidad de las organizaciones y colectivos sociales de Medell\u00edn?","inicio_del_evento":"20250814","hora_inicio":"08:00:00","fin_del_evento":"20250831","hora_fin":"18:00:00","estado_del_evento":"Activo","ubicacion":"Virtual","tipo_de_ingreso":"Gratis","organizacion_event":"Secretar\u00eda de Participaci\u00f3n Ciudadana","telefonos_eventos":"604 4444144","email_eventos":"","mapa_evento":""},"_links":{"self":[{"href":"https:\/\/www.medellin.gov.co\/es\/wp-json\/wp\/v2\/eventos\/443797"}],"collection":[{"href":"https:\/\/www.medellin.gov.co\/es\/wp-json\/wp\/v2\/eventos"}],"about":[{"href":"https:\/\/www.medellin.gov.co\/es\/wp-json\/wp\/v2\/types\/eventos"}],"wp:featuredmedia":[{"embeddable":true,"href":"https:\/\/www.medellin.gov.co\/es\/wp-json\/wp\/v2\/media\/443812"}],"wp:attachment":[{"href":"https:\/\/www.medellin.gov.co\/es\/wp-json\/wp\/v2\/media?parent=443797"}],"wp:term":[{"taxonomy":"category","embeddable":true,"href":"https:\/\/www.medellin.gov.co\/es\/wp-json\/wp\/v2\/categories?post=443797"},{"taxonomy":"post_tag","embeddable":true,"href":"https:\/\/www.medellin.gov.co\/es\/wp-json\/wp\/v2\/tags?post=443797"}],"curies":[{"name":"wp","href":"https:\/\/api.w.org\/{rel}","templated":true}]}}

<p><span style="font-weight: 400;">Desde la Alcaldía de Medellín queremos invitarte a proponer ideas que respondan a un nuevo reto de ciudad:</span></p>
<p><b>¿Cómo podríamos fortalecer la sostenibilidad de las organizaciones y colectivos sociales de Medellín?</b></p>
<p><span style="font-weight: 400;">Sabemos que muchas organizaciones hacen un trabajo valioso en sus territorios, pero también enfrentan dificultades para mantenerse: falta de recursos, visibilidad, articulación y acceso a oportunidades.</span></p>
<p><span style="font-weight: 400;">Por eso, buscamos ideas que ayuden a que estas organizaciones puedan concentrarse más en generar impacto y menos en sobrevivir.</span></p>
<p><span style="font-weight: 400;">Si tienes una propuesta clara, viable y con sentido colectivo, compártela. </span></p>
<p><span style="font-weight: 400;">Convocatoria abierta hasta el</span><b> 31 de agosto de 2025</b><b><br />
</b><span style="font-weight: 400;">Resultados: </span><b>15 de septiembre de 2025</b><b><br />
</b><span style="font-weight: 400;">Inicio del laboratorio: </span><b>entre el 17 y el 23 de septiembre de 2025</b></p>
<p><span style="font-weight: 400;">Conoce más y postula tu idea aquí haciendo </span><a href="https://forms.office.com/pages/responsepage.aspx?id=IefhmYRxjkmK_7KtTlPBwu92uXKlY7FOv9b5a9PmA19URFJWMFZBMDc4OERXWjdWOE1ORjI3UDNYVC4u" target="_blank" rel="noopener"><b>clic aquí</b></a></p>
<p><span style="font-weight: 400;">¡Entre todos podemos construir soluciones que fortalezcan el tejido social de Medellín!</span></p>
<blockquote><p><a href="https://forms.office.com/pages/responsepage.aspx?id=IefhmYRxjkmK_7KtTlPBwu92uXKlY7FOv9b5a9PmA19URFJWMFZBMDc4OERXWjdWOE1ORjI3UDNYVC4u" target="_blank" rel="noopener"><span style="font-weight: 400;">Términos de referencia</span></a></p></blockquote>

¿Cómo podríamos fortalecer la sostenibilidad de las organizaciones y colectivos sociales de Medellín?

Secretaría de Participación Ciudadana
