{"id":449489,"date":"2025-09-01T17:20:49","date_gmt":"2025-09-01T22:20:49","guid":{"rendered":"https:\/\/www.medellin.gov.co\/es\/?post_type=eventos&#038;p=449489"},"modified":"2025-09-01T17:24:14","modified_gmt":"2025-09-01T22:24:14","slug":"salas-abiertas","status":"publish","type":"eventos","link":"https:\/\/www.medellin.gov.co\/es\/eventos\/salas-abiertas\/","title":{"rendered":"Salas Abiertas"},"content":{"rendered":"<p>Progr\u00e1mate para asistir con tu familia y amigos en este mes de septiembre a la programaci\u00f3n de Salas Abiertas y haz parte del movimiento cultural de Medell\u00edn.<\/p>\n<p>Clown, cuenter\u00eda, teatro y mucho m\u00e1s \ud83c\udfad\ud83c\udf9f\ufe0f.<\/p>\n<p>Ag\u00e9ndate con la <a href=\"https:\/\/www.medellin.gov.co\/es\/wp-content\/uploads\/2025\/09\/Programacio\u0301n-Salas-Abiertas.pdf\" target=\"_blank\" rel=\"noopener\">programaci\u00f3n de Salas Abiertas<\/a> en el mes de septiembre con m\u00e1s de 30 actividades con entrada LIBRE.<\/p>\n<p>Disfruta la oferta cultural de nuestra Medell\u00edn Creativa \ud83e\udef6\ud83c\udffc.<\/p>\n\n\t\t<style type=\"text\/css\">\n\t\t\t#gallery-1 {\n\t\t\t\tmargin: auto;\n\t\t\t}\n\t\t\t#gallery-1 .gallery-item {\n\t\t\t\tfloat: left;\n\t\t\t\tmargin-top: 10px;\n\t\t\t\ttext-align: center;\n\t\t\t\twidth: 50%;\n\t\t\t}\n\t\t\t#gallery-1 img {\n\t\t\t\tborder: 2px solid #cfcfcf;\n\t\t\t}\n\t\t\t#gallery-1 .gallery-caption {\n\t\t\t\tmargin-left: 0;\n\t\t\t}\n\t\t\t\/* see gallery_shortcode() in wp-includes\/media.php *\/\n\t\t<\/style>\n\t\t<div id='gallery-1' class='gallery galleryid-449489 gallery-columns-2 gallery-size-large'><dl class='gallery-item'>\n\t\t\t<dt class='gallery-icon portrait'>\n\t\t\t\t<a href='https:\/\/www.medellin.gov.co\/es\/eventos\/salas-abiertas\/convocatorias-salas-abiertas-mes-septiembre-feed-2\/'><img width=\"680\" height=\"850\" src=\"https:\/\/www.medellin.gov.co\/es\/wp-content\/uploads\/2025\/09\/Mesa-de-trabajo-2.jpg\" class=\"attachment-large size-large\" alt=\"\" loading=\"lazy\" srcset=\"https:\/\/www.medellin.gov.co\/es\/wp-content\/uploads\/2025\/09\/Mesa-de-trabajo-2.jpg 680w, https:\/\/www.medellin.gov.co\/es\/wp-content\/uploads\/2025\/09\/Mesa-de-trabajo-2-240x300.jpg 240w, https:\/\/www.medellin.gov.co\/es\/wp-content\/uploads\/2025\/09\/Mesa-de-trabajo-2-120x150.jpg 120w\" sizes=\"(max-width: 680px) 100vw, 680px\" \/><\/a>\n\t\t\t<\/dt><\/dl><dl class='gallery-item'>\n\t\t\t<dt class='gallery-icon portrait'>\n\t\t\t\t<a href='https:\/\/www.medellin.gov.co\/es\/eventos\/salas-abiertas\/convocatorias-salas-abiertas-mes-septiembre-feed\/'><img width=\"680\" height=\"850\" src=\"https:\/\/www.medellin.gov.co\/es\/wp-content\/uploads\/2025\/09\/Mesa-de-trabajo-3.jpg\" class=\"attachment-large size-large\" alt=\"\" loading=\"lazy\" srcset=\"https:\/\/www.medellin.gov.co\/es\/wp-content\/uploads\/2025\/09\/Mesa-de-trabajo-3.jpg 680w, https:\/\/www.medellin.gov.co\/es\/wp-content\/uploads\/2025\/09\/Mesa-de-trabajo-3-240x300.jpg 240w, https:\/\/www.medellin.gov.co\/es\/wp-content\/uploads\/2025\/09\/Mesa-de-trabajo-3-120x150.jpg 120w\" sizes=\"(max-width: 680px) 100vw, 680px\" \/><\/a>\n\t\t\t<\/dt><\/dl><br style=\"clear: both\" \/>\n\t\t<\/div>\n\n<p style=\"text-align: center;\"><a href=\"https:\/\/www.medellin.gov.co\/es\/wp-content\/uploads\/2025\/09\/Programacio\u0301n-Salas-Abiertas.pdf\" target=\"_blank\" rel=\"noopener\"><strong>Programaci\u00f3n de Salas Abiertas<\/strong><\/a><br \/>\n<div class=\"iframe-container\"><iframe src=\"https:\/\/www.medellin.gov.co\/es\/wp-content\/uploads\/2025\/09\/Programacio\u0301n-Salas-Abiertas.pdf\" width=\"100%\" height=\"600px\"><span data-mce-type=\"bookmark\" style=\"display: inline-block; width: 0px; overflow: hidden; line-height: 0;\" class=\"mce_SELRES_start\">\ufeff<\/span><\/iframe><\/div><\/p>\n","protected":false},"featured_media":449506,"template":"","categories":[31],"tags":[444,428],"acf":{"extracto_del_evento":"Progr\u00e1mate para asistir con tu familia y amigos en este mes de septiembre a la programaci\u00f3n de Salas Abiertas y haz parte del movimiento cultural de Medell\u00edn.","inicio_del_evento":"20250903","hora_inicio":"08:00:00","fin_del_evento":"20250929","hora_fin":"20:00:00","estado_del_evento":"Activo","ubicacion":"Diferentes comunas de la ciudad","tipo_de_ingreso":"Gratis","organizacion_event":"Secretar\u00eda de Cultura Ciudadana","telefonos_eventos":"604 4444144","email_eventos":"","mapa_evento":""},"_links":{"self":[{"href":"https:\/\/www.medellin.gov.co\/es\/wp-json\/wp\/v2\/eventos\/449489"}],"collection":[{"href":"https:\/\/www.medellin.gov.co\/es\/wp-json\/wp\/v2\/eventos"}],"about":[{"href":"https:\/\/www.medellin.gov.co\/es\/wp-json\/wp\/v2\/types\/eventos"}],"wp:featuredmedia":[{"embeddable":true,"href":"https:\/\/www.medellin.gov.co\/es\/wp-json\/wp\/v2\/media\/449506"}],"wp:attachment":[{"href":"https:\/\/www.medellin.gov.co\/es\/wp-json\/wp\/v2\/media?parent=449489"}],"wp:term":[{"taxonomy":"category","embeddable":true,"href":"https:\/\/www.medellin.gov.co\/es\/wp-json\/wp\/v2\/categories?post=449489"},{"taxonomy":"post_tag","embeddable":true,"href":"https:\/\/www.medellin.gov.co\/es\/wp-json\/wp\/v2\/tags?post=449489"}],"curies":[{"name":"wp","href":"https:\/\/api.w.org\/{rel}","templated":true}]}}

<p>Prográmate para asistir con tu familia y amigos en este mes de septiembre a la programación de Salas Abiertas y haz parte del movimiento cultural de Medellín.</p>
<p>Clown, cuentería, teatro y mucho más 🎭🎟️.</p>
<p>Agéndate con la <a href="https://www.medellin.gov.co/es/wp-content/uploads/2025/09/Programación-Salas-Abiertas.pdf" target="_blank" rel="noopener">programación de Salas Abiertas</a> en el mes de septiembre con más de 30 actividades con entrada LIBRE.</p>
<p>Disfruta la oferta cultural de nuestra Medellín Creativa 🫶🏼.</p>

		<style type="text/css">
			#gallery-1 {
				margin: auto;
			}
			#gallery-1 .gallery-item {
				float: left;
				margin-top: 10px;
				text-align: center;
				width: 50%;
			}
			#gallery-1 img {
				border: 2px solid #cfcfcf;
			}
			#gallery-1 .gallery-caption {
				margin-left: 0;
			}
			/* see gallery_shortcode() in wp-includes/media.php */
		</style>
		<div id='gallery-1' class='gallery galleryid-449489 gallery-columns-2 gallery-size-large'><dl class='gallery-item'>
			<dt class='gallery-icon portrait'>
				<a href='https://www.medellin.gov.co/es/eventos/salas-abiertas/convocatorias-salas-abiertas-mes-septiembre-feed-2/'><img width="680" height="850" src="https://www.medellin.gov.co/es/wp-content/uploads/2025/09/Mesa-de-trabajo-2.jpg" class="attachment-large size-large" alt="" loading="lazy" srcset="https://www.medellin.gov.co/es/wp-content/uploads/2025/09/Mesa-de-trabajo-2.jpg 680w, https://www.medellin.gov.co/es/wp-content/uploads/2025/09/Mesa-de-trabajo-2-240x300.jpg 240w, https://www.medellin.gov.co/es/wp-content/uploads/2025/09/Mesa-de-trabajo-2-120x150.jpg 120w" sizes="(max-width: 680px) 100vw, 680px" /></a>
			</dt></dl><dl class='gallery-item'>
			<dt class='gallery-icon portrait'>
				<a href='https://www.medellin.gov.co/es/eventos/salas-abiertas/convocatorias-salas-abiertas-mes-septiembre-feed/'><img width="680" height="850" src="https://www.medellin.gov.co/es/wp-content/uploads/2025/09/Mesa-de-trabajo-3.jpg" class="attachment-large size-large" alt="" loading="lazy" srcset="https://www.medellin.gov.co/es/wp-content/uploads/2025/09/Mesa-de-trabajo-3.jpg 680w, https://www.medellin.gov.co/es/wp-content/uploads/2025/09/Mesa-de-trabajo-3-240x300.jpg 240w, https://www.medellin.gov.co/es/wp-content/uploads/2025/09/Mesa-de-trabajo-3-120x150.jpg 120w" sizes="(max-width: 680px) 100vw, 680px" /></a>
			</dt></dl><br style="clear: both" />
		</div>

<p style="text-align: center;"><a href="https://www.medellin.gov.co/es/wp-content/uploads/2025/09/Programación-Salas-Abiertas.pdf" target="_blank" rel="noopener"><strong>Programación de Salas Abiertas</strong></a><br />
<div class="iframe-container"><iframe src="https://www.medellin.gov.co/es/wp-content/uploads/2025/09/Programación-Salas-Abiertas.pdf" width="100%" height="600px"><span data-mce-type="bookmark" style="display: inline-block; width: 0px; overflow: hidden; line-height: 0;" class="mce_SELRES_start">﻿</span></iframe></div></p>

Prográmate para asistir con tu familia y amigos en este mes de septiembre a la programación de Salas Abiertas y haz parte del movimiento cultural de Medellín.

Secretaría de Cultura Ciudadana
