{"id":453716,"date":"2025-09-11T14:21:44","date_gmt":"2025-09-11T19:21:44","guid":{"rendered":"https:\/\/www.medellin.gov.co\/es\/?post_type=eventos&#038;p=453716"},"modified":"2025-09-11T14:28:39","modified_gmt":"2025-09-11T19:28:39","slug":"medellin-abre-la-convocatoria-a-los-premios-chango-2025-un-reconocimiento-a-los-liderazgos-afro-raizal-y-palenquero-de-la-ciudad","status":"publish","type":"eventos","link":"https:\/\/www.medellin.gov.co\/es\/eventos\/medellin-abre-la-convocatoria-a-los-premios-chango-2025-un-reconocimiento-a-los-liderazgos-afro-raizal-y-palenquero-de-la-ciudad\/","title":{"rendered":"Medell\u00edn abre la convocatoria a los Premios Chang\u00f3 2025: un reconocimiento a los liderazgos afro raizal y palenquero de la ciudad"},"content":{"rendered":"<p><em>El Distrito de Medell\u00edn invita a toda la poblaci\u00f3n negra, afrodescendiente, raizal y palenquera a participar en la s\u00e9ptima versi\u00f3n de los Premios Chang\u00f3, un reconocimiento al liderazgo, la identidad y el trabajo comunitario que transforma la ciudad.<\/em><\/p>\n<p>&nbsp;<\/p>\n<p>Del <strong>10 al 30 de septiembre<\/strong>, estar\u00e1n abiertas las inscripciones para postularse en alguna de las seis categor\u00edas que exaltan la labor de ni\u00f1os, ni\u00f1as, j\u00f3venes, docentes, l\u00edderes, lideresas, sabedores y colectivos que fortalecen la vida comunitaria, la defensa de los derechos y la visibilizaci\u00f3n de la cultura afro en Medell\u00edn.<\/p>\n<p><strong>Categor\u00edas de postulaci\u00f3n<\/strong><\/p>\n<ul>\n<li><strong>Or\u00edgenes \u2013 Iniciaci\u00f3n<\/strong> (liderazgo infantil y juvenil).<\/li>\n<li><strong>Muntu Afro<\/strong> (colectivos y organizaciones).<\/li>\n<li><strong>Vod\u00fa Afro<\/strong> (l\u00edder o lideresa social).<\/li>\n<li><strong>Transformadores<\/strong> (docentes).<\/li>\n<li><strong>Identidades<\/strong> (arte, cultura y gastronom\u00eda).<\/li>\n<li><strong>Sabedor \u2013 Sabedora<\/strong> (mayores de 60 a\u00f1os que transmiten conocimiento y experiencia).<\/li>\n<\/ul>\n<p><strong>C\u00f3mo participar<\/strong><\/p>\n<p>Si conoces un liderazgo que merece ser visibilizado o si haces parte de un proceso que transforma tu comunidad<\/p>\n<blockquote><p><a href=\"https:\/\/linkprotect.cudasvc.com\/url?a=https%3a%2f%2fforms.cloud.microsoft%2fr%2f8i6KVfpWeA&amp;c=E,1,NEN13tO7yQbpUkB6AWb4qZ21vpD7zBoLqew7lm2cc6vfGvN3fxX91utepvRx9Zy5xip8vR0mLxW6dMM_1F4PqVKaljrPe2Lk33bgjRogwu8NK9K-GCYOWxR0uHI,&amp;typo=1\" target=\"_blank\" rel=\"noopener\">Inscr\u00edbete aqu\u00ed\u00a0<\/a><\/p><\/blockquote>\n","protected":false},"featured_media":453720,"template":"","categories":[25],"tags":[444,428],"acf":{"extracto_del_evento":"El Distrito de Medell\u00edn invita a toda la poblaci\u00f3n negra, afrodescendiente, raizal y palenquera a participar en la s\u00e9ptima versi\u00f3n de los Premios Chang\u00f3, un reconocimiento al liderazgo, la identidad y el trabajo comunitario que transforma la ciudad.\r\n\r\n","inicio_del_evento":"20250910","hora_inicio":"07:00:00","fin_del_evento":"20250930","hora_fin":"19:00:00","estado_del_evento":"Pendiente","ubicacion":"Virtual","tipo_de_ingreso":"Gratis","organizacion_event":"Gerencia \u00c9tnica","telefonos_eventos":"604 4444144","email_eventos":"atencion.ciudadana@medellin.gov.co","mapa_evento":""},"_links":{"self":[{"href":"https:\/\/www.medellin.gov.co\/es\/wp-json\/wp\/v2\/eventos\/453716"}],"collection":[{"href":"https:\/\/www.medellin.gov.co\/es\/wp-json\/wp\/v2\/eventos"}],"about":[{"href":"https:\/\/www.medellin.gov.co\/es\/wp-json\/wp\/v2\/types\/eventos"}],"wp:featuredmedia":[{"embeddable":true,"href":"https:\/\/www.medellin.gov.co\/es\/wp-json\/wp\/v2\/media\/453720"}],"wp:attachment":[{"href":"https:\/\/www.medellin.gov.co\/es\/wp-json\/wp\/v2\/media?parent=453716"}],"wp:term":[{"taxonomy":"category","embeddable":true,"href":"https:\/\/www.medellin.gov.co\/es\/wp-json\/wp\/v2\/categories?post=453716"},{"taxonomy":"post_tag","embeddable":true,"href":"https:\/\/www.medellin.gov.co\/es\/wp-json\/wp\/v2\/tags?post=453716"}],"curies":[{"name":"wp","href":"https:\/\/api.w.org\/{rel}","templated":true}]}}

Medellín abre la convocatoria a los Premios Changó 2025: un reconocimiento a los liderazgos afro raizal y palenquero de la ciudad

<p><em>El Distrito de Medellín invita a toda la población negra, afrodescendiente, raizal y palenquera a participar en la séptima versión de los Premios Changó, un reconocimiento al liderazgo, la identidad y el trabajo comunitario que transforma la ciudad.</em></p>
<p>&nbsp;</p>
<p>Del <strong>10 al 30 de septiembre</strong>, estarán abiertas las inscripciones para postularse en alguna de las seis categorías que exaltan la labor de niños, niñas, jóvenes, docentes, líderes, lideresas, sabedores y colectivos que fortalecen la vida comunitaria, la defensa de los derechos y la visibilización de la cultura afro en Medellín.</p>
<p><strong>Categorías de postulación</strong></p>
<ul>
<li><strong>Orígenes – Iniciación</strong> (liderazgo infantil y juvenil).</li>
<li><strong>Muntu Afro</strong> (colectivos y organizaciones).</li>
<li><strong>Vodú Afro</strong> (líder o lideresa social).</li>
<li><strong>Transformadores</strong> (docentes).</li>
<li><strong>Identidades</strong> (arte, cultura y gastronomía).</li>
<li><strong>Sabedor – Sabedora</strong> (mayores de 60 años que transmiten conocimiento y experiencia).</li>
</ul>
<p><strong>Cómo participar</strong></p>
<p>Si conoces un liderazgo que merece ser visibilizado o si haces parte de un proceso que transforma tu comunidad</p>
<blockquote><p><a href="https://linkprotect.cudasvc.com/url?a=https%3a%2f%2fforms.cloud.microsoft%2fr%2f8i6KVfpWeA&amp;c=E,1,NEN13tO7yQbpUkB6AWb4qZ21vpD7zBoLqew7lm2cc6vfGvN3fxX91utepvRx9Zy5xip8vR0mLxW6dMM_1F4PqVKaljrPe2Lk33bgjRogwu8NK9K-GCYOWxR0uHI,&amp;typo=1" target="_blank" rel="noopener">Inscríbete aquí </a></p></blockquote>

El Distrito de Medellín invita a toda la población negra, afrodescendiente, raizal y palenquera a participar en la séptima versión de los Premios Changó, un reconocimiento al liderazgo, la identidad y el trabajo comunitario que transforma la ciudad.

Gerencia Étnica
