{"id":459441,"date":"2025-09-26T17:40:11","date_gmt":"2025-09-26T22:40:11","guid":{"rendered":"https:\/\/www.medellin.gov.co\/es\/?post_type=eventos&#038;p=459441"},"modified":"2025-09-26T17:43:12","modified_gmt":"2025-09-26T22:43:12","slug":"vive-la-plaza-el-evento-que-nos-invita-a-volver-a-la-plaza-botero","status":"publish","type":"eventos","link":"https:\/\/www.medellin.gov.co\/es\/eventos\/vive-la-plaza-el-evento-que-nos-invita-a-volver-a-la-plaza-botero\/","title":{"rendered":"Vive la Plaza, el evento que nos invita a volver a la Plaza Botero"},"content":{"rendered":"<p>La Alcald\u00eda de Medell\u00edn y el Museo de Antioquia invitan al evento \u00abVive la Plaza, habitar desde los sentidos\u00bb, que se realizar\u00e1 del lunes 29 de septiembre al domingo 5 de octubre, en la Plaza Botero del Centro de Medell\u00edn, como una gran apuesta para tejer lazos entre arte, ciudadan\u00eda y territorio, y generar espacios de conversaci\u00f3n y transformaci\u00f3n simb\u00f3lica desde la cultura.<\/p>\n<p>\u00a1Conoce toda la programaci\u00f3n aqu\u00ed y no te pierdas la oportunidad de conectar nuevamente desde este \u00edcono de la ciudad!<\/p>\n<blockquote><p><a href=\"https:\/\/www.medellin.gov.co\/es\/wp-content\/uploads\/2025\/09\/VIVE-LA-PLAZA-2025.pdf\" target=\"_blank\" rel=\"noopener\">Programaci\u00f3n Vive la Plaza<\/a><\/p><\/blockquote>\n","protected":false},"featured_media":459445,"template":"","categories":[23],"tags":[428],"acf":{"extracto_del_evento":"La Alcald\u00eda de Medell\u00edn y el Museo de Antioquia invitan al evento \"Vive la Plaza, habitar desde los sentidos\", que se realizar\u00e1 del lunes 29 de septiembre al domingo 5 de octubre.","inicio_del_evento":"20250929","hora_inicio":"08:00:00","fin_del_evento":"20251005","hora_fin":"18:00:00","estado_del_evento":"Pendiente","ubicacion":"Plaza Botero","tipo_de_ingreso":"Gratis","organizacion_event":"Gerencia del Centro y Territorios Estrat\u00e9gicos","telefonos_eventos":"604 4444144","email_eventos":"","mapa_evento":"<iframe src=\"https:\/\/www.google.com\/maps\/embed?pb=!1m18!1m12!1m3!1d3966.088665630934!2d-75.57094022688472!3d6.252047426262196!2m3!1f0!2f0!3f0!3m2!1i1024!2i768!4f13.1!3m3!1m2!1s0x8e4428fecb4dff77%3A0x2e5a7e51ab929892!2sPlaza%20Botero!5e0!3m2!1ses!2sco!4v1758925662805!5m2!1ses!2sco\" width=\"600\" height=\"450\" style=\"border:0;\" allowfullscreen=\"\" loading=\"lazy\" referrerpolicy=\"no-referrer-when-downgrade\"><\/iframe>"},"_links":{"self":[{"href":"https:\/\/www.medellin.gov.co\/es\/wp-json\/wp\/v2\/eventos\/459441"}],"collection":[{"href":"https:\/\/www.medellin.gov.co\/es\/wp-json\/wp\/v2\/eventos"}],"about":[{"href":"https:\/\/www.medellin.gov.co\/es\/wp-json\/wp\/v2\/types\/eventos"}],"wp:featuredmedia":[{"embeddable":true,"href":"https:\/\/www.medellin.gov.co\/es\/wp-json\/wp\/v2\/media\/459445"}],"wp:attachment":[{"href":"https:\/\/www.medellin.gov.co\/es\/wp-json\/wp\/v2\/media?parent=459441"}],"wp:term":[{"taxonomy":"category","embeddable":true,"href":"https:\/\/www.medellin.gov.co\/es\/wp-json\/wp\/v2\/categories?post=459441"},{"taxonomy":"post_tag","embeddable":true,"href":"https:\/\/www.medellin.gov.co\/es\/wp-json\/wp\/v2\/tags?post=459441"}],"curies":[{"name":"wp","href":"https:\/\/api.w.org\/{rel}","templated":true}]}}

<p>La Alcaldía de Medellín y el Museo de Antioquia invitan al evento «Vive la Plaza, habitar desde los sentidos», que se realizará del lunes 29 de septiembre al domingo 5 de octubre, en la Plaza Botero del Centro de Medellín, como una gran apuesta para tejer lazos entre arte, ciudadanía y territorio, y generar espacios de conversación y transformación simbólica desde la cultura.</p>
<p>¡Conoce toda la programación aquí y no te pierdas la oportunidad de conectar nuevamente desde este ícono de la ciudad!</p>
<blockquote><p><a href="https://www.medellin.gov.co/es/wp-content/uploads/2025/09/VIVE-LA-PLAZA-2025.pdf" target="_blank" rel="noopener">Programación Vive la Plaza</a></p></blockquote>

La Alcaldía de Medellín y el Museo de Antioquia invitan al evento "Vive la Plaza, habitar desde los sentidos", que se realizará del lunes 29 de septiembre al domingo 5 de octubre.

Gerencia del Centro y Territorios Estratégicos
