{"id":463541,"date":"2025-10-15T15:34:51","date_gmt":"2025-10-15T20:34:51","guid":{"rendered":"https:\/\/www.medellin.gov.co\/es\/?post_type=eventos&#038;p=463541"},"modified":"2025-10-15T16:03:54","modified_gmt":"2025-10-15T21:03:54","slug":"rendicion-de-cuentas-secretaria-de-la-juventud","status":"publish","type":"eventos","link":"https:\/\/www.medellin.gov.co\/es\/eventos\/rendicion-de-cuentas-secretaria-de-la-juventud\/","title":{"rendered":"Rendici\u00f3n de cuentas Secretar\u00eda de la Juventud"},"content":{"rendered":"<p>Invitamos a los j\u00f3venes a participar de la rendici\u00f3n de cuentas 2025 de la Secretar\u00eda de la Juventud, un espacio para compartir los principales avances y logros de la gesti\u00f3n realizada durante el a\u00f1o.<\/p>\n<p>Con el encuentro se busca promover la transparencia y el di\u00e1logo con la ciudadan\u00eda, lo que permitir\u00e1 conocer c\u00f3mo se invierten los recursos y c\u00f3mo las acciones de la administraci\u00f3n aportan a las juventudes del Distrito.<\/p>\n<p>Fecha: Jueves, 30 de octubre de 2025<br \/>\nLugar: Parque Biblioteca Jos\u00e9 Horacio Betancur \u2013 San Antonio de Prado (Cl. 50E Sur #75A-94)<br \/>\nHora: 10:00 a. m.<\/p>\n<ul>\n<li>Detalles en el siguiente enlace: <a href=\"https:\/\/www.medellinjoven.com\/que-hay-pa-hacer\/rendicion-de-cuentas-secretaria-de-la-juventud-1991\" target=\"_blank\" rel=\"noopener\">https:\/\/www.medellinjoven.com\/que-hay-pa-hacer\/rendicion-de-cuentas-secretaria-de-la-juventud-1991<\/a><\/li>\n<li>Link de inscripci\u00f3n: <a href=\"https:\/\/linkprotect.cudasvc.com\/url?a=https%3a%2f%2fsecretariadeinclusionsocial.co%2fappinclusionsocial%2findex.php%2fjuventud%2finclusion_ciudadano_eventos%3ftoken%3d05b56shicsfy%26idevento%3d33&amp;c=E,1,RJ55dc8P1uqOcDkZ1i98GuFhy7VxYTjoDCIvu16PQ4qq0wuqVweondnuGVAz5VceTsPwbbySEPFFXYJcx9PGqvZkCYM3zNDbAsoIGjSDPbJ9DKYz3g,,&amp;typo=1\" target=\"_blank\" rel=\"noopener\">https:\/\/secretariadeinclusionsocial.co\/appinclusionsocial\/index.php\/juventud\/inclusion_ciudadano_eventos?token=05b56shicsfy&amp;idevento=33<\/a><\/li>\n<\/ul>\n","protected":false},"featured_media":463663,"template":"","categories":[12],"tags":[428,730],"acf":{"extracto_del_evento":"Invitamos a los j\u00f3venes a participar de la rendici\u00f3n de cuentas 2025 de la Secretar\u00eda de la Juventud, un espacio para compartir los principales avances y logros de la gesti\u00f3n realizada durante el a\u00f1o.","inicio_del_evento":"20251030","hora_inicio":"10:00:00","fin_del_evento":"20251030","hora_fin":"14:00:00","estado_del_evento":"Activo","ubicacion":"Parque Biblioteca Jos\u00e9 Horacio Betancur \u2013 San Antonio de Prado (Cl. 50E Sur #75A-94)","tipo_de_ingreso":"Gratis","organizacion_event":"Secretar\u00eda de Juventud","telefonos_eventos":"604 4444144","email_eventos":"secretaria.juventud@medellin.gov.co","mapa_evento":"<iframe src=\"https:\/\/www.google.com\/maps\/embed?pb=!1m18!1m12!1m3!1d3966.654910407303!2d-75.65712632432093!3d6.176929627092325!2m3!1f0!2f0!3f0!3m2!1i1024!2i768!4f13.1!3m3!1m2!1s0x8e4681a56bb9942b%3A0x467ac87df016b1a7!2sParque%20Biblioteca%20Jos%C3%A9%20Horacio%20Betancur!5e0!3m2!1ses!2sco!4v1760560306773!5m2!1ses!2sco\" width=\"600\" height=\"450\" style=\"border:0;\" allowfullscreen=\"\" loading=\"lazy\" referrerpolicy=\"no-referrer-when-downgrade\"><\/iframe>"},"_links":{"self":[{"href":"https:\/\/www.medellin.gov.co\/es\/wp-json\/wp\/v2\/eventos\/463541"}],"collection":[{"href":"https:\/\/www.medellin.gov.co\/es\/wp-json\/wp\/v2\/eventos"}],"about":[{"href":"https:\/\/www.medellin.gov.co\/es\/wp-json\/wp\/v2\/types\/eventos"}],"wp:featuredmedia":[{"embeddable":true,"href":"https:\/\/www.medellin.gov.co\/es\/wp-json\/wp\/v2\/media\/463663"}],"wp:attachment":[{"href":"https:\/\/www.medellin.gov.co\/es\/wp-json\/wp\/v2\/media?parent=463541"}],"wp:term":[{"taxonomy":"category","embeddable":true,"href":"https:\/\/www.medellin.gov.co\/es\/wp-json\/wp\/v2\/categories?post=463541"},{"taxonomy":"post_tag","embeddable":true,"href":"https:\/\/www.medellin.gov.co\/es\/wp-json\/wp\/v2\/tags?post=463541"}],"curies":[{"name":"wp","href":"https:\/\/api.w.org\/{rel}","templated":true}]}}

Rendición de cuentas Secretaría de la Juventud

<p>Invitamos a los jóvenes a participar de la rendición de cuentas 2025 de la Secretaría de la Juventud, un espacio para compartir los principales avances y logros de la gestión realizada durante el año.</p>
<p>Con el encuentro se busca promover la transparencia y el diálogo con la ciudadanía, lo que permitirá conocer cómo se invierten los recursos y cómo las acciones de la administración aportan a las juventudes del Distrito.</p>
<p>Fecha: Jueves, 30 de octubre de 2025<br />
Lugar: Parque Biblioteca José Horacio Betancur – San Antonio de Prado (Cl. 50E Sur #75A-94)<br />
Hora: 10:00 a. m.</p>
<ul>
<li>Detalles en el siguiente enlace: <a href="https://www.medellinjoven.com/que-hay-pa-hacer/rendicion-de-cuentas-secretaria-de-la-juventud-1991" target="_blank" rel="noopener">https://www.medellinjoven.com/que-hay-pa-hacer/rendicion-de-cuentas-secretaria-de-la-juventud-1991</a></li>
<li>Link de inscripción: <a href="https://linkprotect.cudasvc.com/url?a=https%3a%2f%2fsecretariadeinclusionsocial.co%2fappinclusionsocial%2findex.php%2fjuventud%2finclusion_ciudadano_eventos%3ftoken%3d05b56shicsfy%26idevento%3d33&amp;c=E,1,RJ55dc8P1uqOcDkZ1i98GuFhy7VxYTjoDCIvu16PQ4qq0wuqVweondnuGVAz5VceTsPwbbySEPFFXYJcx9PGqvZkCYM3zNDbAsoIGjSDPbJ9DKYz3g,,&amp;typo=1" target="_blank" rel="noopener">https://secretariadeinclusionsocial.co/appinclusionsocial/index.php/juventud/inclusion_ciudadano_eventos?token=05b56shicsfy&amp;idevento=33</a></li>
</ul>

Invitamos a los jóvenes a participar de la rendición de cuentas 2025 de la Secretaría de la Juventud, un espacio para compartir los principales avances y logros de la gestión realizada durante el año.

Parque Biblioteca José Horacio Betancur – San Antonio de Prado (Cl. 50E Sur #75A-94)

Secretaría de Juventud
