{"id":477628,"date":"2025-11-19T13:09:19","date_gmt":"2025-11-19T18:09:19","guid":{"rendered":"https:\/\/www.medellin.gov.co\/es\/?post_type=eventos&#038;p=477628"},"modified":"2025-12-30T12:58:54","modified_gmt":"2025-12-30T17:58:54","slug":"rendicion-de-cuentas-2025-secretaria-salud","status":"publish","type":"eventos","link":"https:\/\/www.medellin.gov.co\/es\/eventos\/rendicion-de-cuentas-2025-secretaria-salud\/","title":{"rendered":"Rendici\u00f3n de Cuentas 2025 &#8211; Secretar\u00eda de Salud de Medell\u00edn"},"content":{"rendered":"<p>Te invitamos a ser parte de la Rendici\u00f3n de Cuentas 2025, \u00a1Salud que transforma vidas! un espacio de encuentro y di\u00e1logo donde informaremos de manera clara y transparente la inversi\u00f3n de recursos, los avances, hitos y logros alcanzados en la gesti\u00f3n de la Secretar\u00eda de Salud, en el marco del Plan de Desarrollo Distrital: Medell\u00edn te quiere 2024-2027.<\/p>\n<p>Participa en un conversatorio abierto en el auditorio central del edificio Plaza de la Libertad, donde la secretaria de salud y los subsecretarios compartir\u00e1n con la comunidad los resultados y dar\u00e1n respuesta a varias preguntas. \u00a1Te esperamos!<\/p>\n<p><img loading=\"lazy\" class=\"size-full wp-image-484749 aligncenter\" src=\"https:\/\/www.medellin.gov.co\/es\/wp-content\/uploads\/2025\/11\/Invitacio\u0301n-Rendicio\u0301n-de-Cuentas-Salud-2025.jpg\" alt=\"Invitacio\u0301n Rendicio\u0301n de Cuentas Salud 2025\" width=\"550\" height=\"720\" srcset=\"https:\/\/www.medellin.gov.co\/es\/wp-content\/uploads\/2025\/11\/Invitacio\u0301n-Rendicio\u0301n-de-Cuentas-Salud-2025.jpg 550w, https:\/\/www.medellin.gov.co\/es\/wp-content\/uploads\/2025\/11\/Invitacio\u0301n-Rendicio\u0301n-de-Cuentas-Salud-2025-229x300.jpg 229w, https:\/\/www.medellin.gov.co\/es\/wp-content\/uploads\/2025\/11\/Invitacio\u0301n-Rendicio\u0301n-de-Cuentas-Salud-2025-115x150.jpg 115w\" sizes=\"(max-width: 550px) 100vw, 550px\" \/><\/p>\n<p>&nbsp;<\/p>\n<blockquote><p><a href=\"https:\/\/www.medellin.gov.co\/es\/wp-content\/uploads\/2025\/11\/Rendicio\u0301n-de-Cuentas-Secretari\u0301a-de-Salud-2025.docx.pdf\">Rendicio\u0301n de Cuentas Secretari\u0301a de Salud 2025<\/a><\/p>\n<p><a href=\"https:\/\/www.medellin.gov.co\/es\/wp-content\/uploads\/2025\/11\/Informe-de-respuestas-a-las-preguntas-formuladas-por-la-ciudadani\u0301a.pdf\" target=\"_blank\" rel=\"noopener\">Encuentra aqu\u00ed el <span data-olk-copy-source=\"MessageBody\">informe de respuestas a las preguntas formuladas por la ciudadan\u00eda.<\/span><\/a><\/p><\/blockquote>\n","protected":false},"featured_media":485131,"template":"","categories":[18],"tags":[428,435,452],"acf":{"extracto_del_evento":"Te invitamos a ser parte de la Rendici\u00f3n de Cuentas 2025, \u00a1Salud que transforma vidas!","inicio_del_evento":"20251211","hora_inicio":"14:00:00","fin_del_evento":"20251211","hora_fin":"17:00:00","estado_del_evento":"Activo","ubicacion":"Auditorio central del edificio Plaza de la Libertad","tipo_de_ingreso":"Gratis","organizacion_event":"Secretar\u00eda de Salud de Medell\u00ecn","telefonos_eventos":"604 4444144","email_eventos":"","mapa_evento":"<iframe src=\"https:\/\/www.google.com\/maps\/embed?pb=!1m18!1m12!1m3!1d7932.27123993103!2d-75.5841884064209!3d6.2458527!2m3!1f0!2f0!3f0!3m2!1i1024!2i768!4f13.1!3m3!1m2!1s0x8e4429ab2970b791%3A0x95b171797472ba8a!2sPlaza%20de%20La%20Libertad!5e0!3m2!1ses!2sco!4v1763575388579!5m2!1ses!2sco\" width=\"600\" height=\"450\" style=\"border:0;\" allowfullscreen=\"\" loading=\"lazy\" referrerpolicy=\"no-referrer-when-downgrade\"><\/iframe>"},"_links":{"self":[{"href":"https:\/\/www.medellin.gov.co\/es\/wp-json\/wp\/v2\/eventos\/477628"}],"collection":[{"href":"https:\/\/www.medellin.gov.co\/es\/wp-json\/wp\/v2\/eventos"}],"about":[{"href":"https:\/\/www.medellin.gov.co\/es\/wp-json\/wp\/v2\/types\/eventos"}],"wp:featuredmedia":[{"embeddable":true,"href":"https:\/\/www.medellin.gov.co\/es\/wp-json\/wp\/v2\/media\/485131"}],"wp:attachment":[{"href":"https:\/\/www.medellin.gov.co\/es\/wp-json\/wp\/v2\/media?parent=477628"}],"wp:term":[{"taxonomy":"category","embeddable":true,"href":"https:\/\/www.medellin.gov.co\/es\/wp-json\/wp\/v2\/categories?post=477628"},{"taxonomy":"post_tag","embeddable":true,"href":"https:\/\/www.medellin.gov.co\/es\/wp-json\/wp\/v2\/tags?post=477628"}],"curies":[{"name":"wp","href":"https:\/\/api.w.org\/{rel}","templated":true}]}}

Rendición de Cuentas 2025 &#8211; Secretaría de Salud de Medellín

<p>Te invitamos a ser parte de la Rendición de Cuentas 2025, ¡Salud que transforma vidas! un espacio de encuentro y diálogo donde informaremos de manera clara y transparente la inversión de recursos, los avances, hitos y logros alcanzados en la gestión de la Secretaría de Salud, en el marco del Plan de Desarrollo Distrital: Medellín te quiere 2024-2027.</p>
<p>Participa en un conversatorio abierto en el auditorio central del edificio Plaza de la Libertad, donde la secretaria de salud y los subsecretarios compartirán con la comunidad los resultados y darán respuesta a varias preguntas. ¡Te esperamos!</p>
<p><img loading="lazy" class="size-full wp-image-484749 aligncenter" src="https://www.medellin.gov.co/es/wp-content/uploads/2025/11/Invitación-Rendición-de-Cuentas-Salud-2025.jpg" alt="Invitación Rendición de Cuentas Salud 2025" width="550" height="720" srcset="https://www.medellin.gov.co/es/wp-content/uploads/2025/11/Invitación-Rendición-de-Cuentas-Salud-2025.jpg 550w, https://www.medellin.gov.co/es/wp-content/uploads/2025/11/Invitación-Rendición-de-Cuentas-Salud-2025-229x300.jpg 229w, https://www.medellin.gov.co/es/wp-content/uploads/2025/11/Invitación-Rendición-de-Cuentas-Salud-2025-115x150.jpg 115w" sizes="(max-width: 550px) 100vw, 550px" /></p>
<p>&nbsp;</p>
<blockquote><p><a href="https://www.medellin.gov.co/es/wp-content/uploads/2025/11/Rendición-de-Cuentas-Secretaría-de-Salud-2025.docx.pdf">Rendición de Cuentas Secretaría de Salud 2025</a></p>
<p><a href="https://www.medellin.gov.co/es/wp-content/uploads/2025/11/Informe-de-respuestas-a-las-preguntas-formuladas-por-la-ciudadanía.pdf" target="_blank" rel="noopener">Encuentra aquí el <span data-olk-copy-source="MessageBody">informe de respuestas a las preguntas formuladas por la ciudadanía.</span></a></p></blockquote>

Te invitamos a ser parte de la Rendición de Cuentas 2025, ¡Salud que transforma vidas!

Secretaría de Salud de Medellìn
