{"id":479325,"date":"2025-11-21T12:28:02","date_gmt":"2025-11-21T17:28:02","guid":{"rendered":"https:\/\/www.medellin.gov.co\/es\/?post_type=eventos&#038;p=479325"},"modified":"2025-11-21T12:48:02","modified_gmt":"2025-11-21T17:48:02","slug":"semana-por-la-memoria-2025","status":"publish","type":"eventos","link":"https:\/\/www.medellin.gov.co\/es\/eventos\/semana-por-la-memoria-2025\/","title":{"rendered":"Semana por la Memoria 2025"},"content":{"rendered":"<p>Del <strong>26 al 30 de noviembre<\/strong>, el <strong><a href=\"https:\/\/www.museocasadelamemoria.gov.co\/\" target=\"_blank\" rel=\"noopener\">Museo Casa de la Memoria<\/a><\/strong> ser\u00e1 el escenario de una programaci\u00f3n especial que nos invita a reconocer, reflexionar y conectarnos con las voces e historias que han marcado nuestro territorio.<\/p>\n<p>Durante cinco d\u00edas, disfrutaremos de actividades como teatro, m\u00fasica, talleres y espacios de conversaci\u00f3n pensados para fortalecer la memoria colectiva. Desde hace 18 a\u00f1os, esta conmemoraci\u00f3n nos recuerda la importancia de recordar para no repetir y de trabajar juntos por una sociedad m\u00e1s justa y solidaria. La entrada es libre y no requiere inscripci\u00f3n previa.<\/p>\n<p><a href=\"https:\/\/www.museocasadelamemoria.gov.co\/semana-por-la-memoria-2025\/\" target=\"_blank\" rel=\"noopener\"><img loading=\"lazy\" class=\"wp-image-479363 size-full\" title=\"Semana por la Memoria 2025\" src=\"https:\/\/www.medellin.gov.co\/es\/wp-content\/uploads\/2025\/11\/semanaporlamemoria_1.jpg\" alt=\"Semana por la Memoria 2025\" width=\"1280\" height=\"533\" srcset=\"https:\/\/www.medellin.gov.co\/es\/wp-content\/uploads\/2025\/11\/semanaporlamemoria_1.jpg 1280w, https:\/\/www.medellin.gov.co\/es\/wp-content\/uploads\/2025\/11\/semanaporlamemoria_1-300x125.jpg 300w, https:\/\/www.medellin.gov.co\/es\/wp-content\/uploads\/2025\/11\/semanaporlamemoria_1-1024x426.jpg 1024w, https:\/\/www.medellin.gov.co\/es\/wp-content\/uploads\/2025\/11\/semanaporlamemoria_1-150x62.jpg 150w, https:\/\/www.medellin.gov.co\/es\/wp-content\/uploads\/2025\/11\/semanaporlamemoria_1-768x320.jpg 768w\" sizes=\"(max-width: 1280px) 100vw, 1280px\" \/><\/a><\/p>\n<blockquote><p>\ud83d\udc49 <strong><a href=\"https:\/\/www.museocasadelamemoria.gov.co\/semana-por-la-memoria-2025\/\" target=\"_blank\" rel=\"noopener\">Consulta la programaci\u00f3n completa aqu\u00ed<\/a><\/strong><\/p><\/blockquote>\n","protected":false},"featured_media":479361,"template":"","categories":[31],"tags":[634,444,428],"acf":{"extracto_del_evento":"Queremos invitarte a ser parte de la Semana por la Memoria 2025, que se realizar\u00e1 del 26 al 30 de noviembre en el Museo Casa de la Memoria. ","inicio_del_evento":"20251126","hora_inicio":"08:00:00","fin_del_evento":"20251130","hora_fin":"20:00:00","estado_del_evento":"Pendiente","ubicacion":"Museo Casa de la Memoria","tipo_de_ingreso":"Gratis","organizacion_event":"Museo Casa de la Memoria","telefonos_eventos":"604 4444144","email_eventos":"","mapa_evento":"<iframe src=\"https:\/\/www.google.com\/maps\/embed?pb=!1m18!1m12!1m3!1d3966.13505479367!2d-75.5566562!3d6.2459273!2m3!1f0!2f0!3f0!3m2!1i1024!2i768!4f13.1!3m3!1m2!1s0x8e442858bf2ab6b9%3A0xb5ad51d32782ddb4!2sMuseo%20Casa%20de%20la%20Memoria!5e0!3m2!1ses!2sco!4v1763745737195!5m2!1ses!2sco\" width=\"600\" height=\"450\" style=\"border:0;\" allowfullscreen=\"\" loading=\"lazy\" referrerpolicy=\"no-referrer-when-downgrade\"><\/iframe>"},"_links":{"self":[{"href":"https:\/\/www.medellin.gov.co\/es\/wp-json\/wp\/v2\/eventos\/479325"}],"collection":[{"href":"https:\/\/www.medellin.gov.co\/es\/wp-json\/wp\/v2\/eventos"}],"about":[{"href":"https:\/\/www.medellin.gov.co\/es\/wp-json\/wp\/v2\/types\/eventos"}],"wp:featuredmedia":[{"embeddable":true,"href":"https:\/\/www.medellin.gov.co\/es\/wp-json\/wp\/v2\/media\/479361"}],"wp:attachment":[{"href":"https:\/\/www.medellin.gov.co\/es\/wp-json\/wp\/v2\/media?parent=479325"}],"wp:term":[{"taxonomy":"category","embeddable":true,"href":"https:\/\/www.medellin.gov.co\/es\/wp-json\/wp\/v2\/categories?post=479325"},{"taxonomy":"post_tag","embeddable":true,"href":"https:\/\/www.medellin.gov.co\/es\/wp-json\/wp\/v2\/tags?post=479325"}],"curies":[{"name":"wp","href":"https:\/\/api.w.org\/{rel}","templated":true}]}}

<p>Del <strong>26 al 30 de noviembre</strong>, el <strong><a href="https://www.museocasadelamemoria.gov.co/" target="_blank" rel="noopener">Museo Casa de la Memoria</a></strong> será el escenario de una programación especial que nos invita a reconocer, reflexionar y conectarnos con las voces e historias que han marcado nuestro territorio.</p>
<p>Durante cinco días, disfrutaremos de actividades como teatro, música, talleres y espacios de conversación pensados para fortalecer la memoria colectiva. Desde hace 18 años, esta conmemoración nos recuerda la importancia de recordar para no repetir y de trabajar juntos por una sociedad más justa y solidaria. La entrada es libre y no requiere inscripción previa.</p>
<p><a href="https://www.museocasadelamemoria.gov.co/semana-por-la-memoria-2025/" target="_blank" rel="noopener"><img loading="lazy" class="wp-image-479363 size-full" title="Semana por la Memoria 2025" src="https://www.medellin.gov.co/es/wp-content/uploads/2025/11/semanaporlamemoria_1.jpg" alt="Semana por la Memoria 2025" width="1280" height="533" srcset="https://www.medellin.gov.co/es/wp-content/uploads/2025/11/semanaporlamemoria_1.jpg 1280w, https://www.medellin.gov.co/es/wp-content/uploads/2025/11/semanaporlamemoria_1-300x125.jpg 300w, https://www.medellin.gov.co/es/wp-content/uploads/2025/11/semanaporlamemoria_1-1024x426.jpg 1024w, https://www.medellin.gov.co/es/wp-content/uploads/2025/11/semanaporlamemoria_1-150x62.jpg 150w, https://www.medellin.gov.co/es/wp-content/uploads/2025/11/semanaporlamemoria_1-768x320.jpg 768w" sizes="(max-width: 1280px) 100vw, 1280px" /></a></p>
<blockquote><p>👉 <strong><a href="https://www.museocasadelamemoria.gov.co/semana-por-la-memoria-2025/" target="_blank" rel="noopener">Consulta la programación completa aquí</a></strong></p></blockquote>

Queremos invitarte a ser parte de la Semana por la Memoria 2025, que se realizará del 26 al 30 de noviembre en el Museo Casa de la Memoria.
