{"id":506539,"date":"2026-03-06T13:26:38","date_gmt":"2026-03-06T18:26:38","guid":{"rendered":"https:\/\/www.medellin.gov.co\/es\/?post_type=eventos&#038;p=506539"},"modified":"2026-03-06T13:34:58","modified_gmt":"2026-03-06T18:34:58","slug":"la-vida-de-los-archivos-2026","status":"publish","type":"eventos","link":"https:\/\/www.medellin.gov.co\/es\/eventos\/la-vida-de-los-archivos-2026\/","title":{"rendered":"La vida de los archivos 2026"},"content":{"rendered":"<p>Esta es una oportunidad para que artistas, investigadores y creadores desarrollen propuestas que exploren y resignifiquen los acervos de la <strong>Sala Antioquia o del Archivo Fotogr\u00e1fico de la Biblioteca P\u00fablica Piloto<\/strong>. Las iniciativas seleccionadas podr\u00e1n recibir hasta $15 millones para llevar a cabo procesos que conecten la investigaci\u00f3n con la pr\u00e1ctica art\u00edstica y generen nuevas miradas, relatos y lenguajes a partir de estos archivos.<\/p>\n<p>Si est\u00e1s interesado o tienen alg\u00fan amigo o familiar pueden consultar las bases en:<\/p>\n<p>\ud83d\udc49 \ud83d\udd17 <a href=\"https:\/\/linkprotect.cudasvc.com\/url?a=https%3a%2f%2f%2f%2fwww.medellin.gov.co%2festimuloscultura%2fverconvocatoria%2f1394&amp;c=E,1,ncD3psk4xkLXIh-TBFfsVZau5pri5R7qj8wx5cJZPczgEAUpV6gqAtVLPR-yYaiB5sZ4xA432CUfsWvdhVe8M4ZzBk0ke6FsJ6SoS1LA_cZzc_l1cpg,&amp;typo=1&amp;ancr_add=1\" data-auth=\"NotApplicable\" data-linkindex=\"1\">\/\/www.medellin.gov.co\/estimuloscultura\/verconvocatoria\/1394<\/a><\/p>\n<p><strong>Las inscripciones estar\u00e1n abiertas hasta el viernes 13 de marzo de 2026 a las 5:00 p. m.<\/strong>. \u2728\ud83d\udcda<\/p>\n\n\t\t<style type=\"text\/css\">\n\t\t\t#gallery-1 {\n\t\t\t\tmargin: auto;\n\t\t\t}\n\t\t\t#gallery-1 .gallery-item {\n\t\t\t\tfloat: left;\n\t\t\t\tmargin-top: 10px;\n\t\t\t\ttext-align: center;\n\t\t\t\twidth: 33%;\n\t\t\t}\n\t\t\t#gallery-1 img {\n\t\t\t\tborder: 2px solid #cfcfcf;\n\t\t\t}\n\t\t\t#gallery-1 .gallery-caption {\n\t\t\t\tmargin-left: 0;\n\t\t\t}\n\t\t\t\/* see gallery_shortcode() in wp-includes\/media.php *\/\n\t\t<\/style>\n\t\t<div id='gallery-1' class='gallery galleryid-506539 gallery-columns-3 gallery-size-large'><dl class='gallery-item'>\n\t\t\t<dt class='gallery-icon portrait'>\n\t\t\t\t<a href='https:\/\/www.medellin.gov.co\/es\/eventos\/la-vida-de-los-archivos-2026\/piezas-convocatoria_pagina_1\/'><img width=\"601\" height=\"850\" src=\"https:\/\/www.medellin.gov.co\/es\/wp-content\/uploads\/2026\/03\/piezas-convocatoria_Pagina_1.jpg\" class=\"attachment-large size-large\" alt=\"\" loading=\"lazy\" srcset=\"https:\/\/www.medellin.gov.co\/es\/wp-content\/uploads\/2026\/03\/piezas-convocatoria_Pagina_1.jpg 601w, https:\/\/www.medellin.gov.co\/es\/wp-content\/uploads\/2026\/03\/piezas-convocatoria_Pagina_1-212x300.jpg 212w, https:\/\/www.medellin.gov.co\/es\/wp-content\/uploads\/2026\/03\/piezas-convocatoria_Pagina_1-106x150.jpg 106w\" sizes=\"(max-width: 601px) 100vw, 601px\" \/><\/a>\n\t\t\t<\/dt><\/dl><dl class='gallery-item'>\n\t\t\t<dt class='gallery-icon portrait'>\n\t\t\t\t<a href='https:\/\/www.medellin.gov.co\/es\/eventos\/la-vida-de-los-archivos-2026\/piezas-convocatoria_pagina_2\/'><img width=\"601\" height=\"850\" src=\"https:\/\/www.medellin.gov.co\/es\/wp-content\/uploads\/2026\/03\/piezas-convocatoria_Pagina_2.jpg\" class=\"attachment-large size-large\" alt=\"\" loading=\"lazy\" srcset=\"https:\/\/www.medellin.gov.co\/es\/wp-content\/uploads\/2026\/03\/piezas-convocatoria_Pagina_2.jpg 601w, https:\/\/www.medellin.gov.co\/es\/wp-content\/uploads\/2026\/03\/piezas-convocatoria_Pagina_2-212x300.jpg 212w, https:\/\/www.medellin.gov.co\/es\/wp-content\/uploads\/2026\/03\/piezas-convocatoria_Pagina_2-106x150.jpg 106w\" sizes=\"(max-width: 601px) 100vw, 601px\" \/><\/a>\n\t\t\t<\/dt><\/dl><dl class='gallery-item'>\n\t\t\t<dt class='gallery-icon portrait'>\n\t\t\t\t<a href='https:\/\/www.medellin.gov.co\/es\/eventos\/la-vida-de-los-archivos-2026\/piezas-convocatoria_pagina_3\/'><img width=\"601\" height=\"850\" src=\"https:\/\/www.medellin.gov.co\/es\/wp-content\/uploads\/2026\/03\/piezas-convocatoria_Pagina_3.jpg\" class=\"attachment-large size-large\" alt=\"\" loading=\"lazy\" srcset=\"https:\/\/www.medellin.gov.co\/es\/wp-content\/uploads\/2026\/03\/piezas-convocatoria_Pagina_3.jpg 601w, https:\/\/www.medellin.gov.co\/es\/wp-content\/uploads\/2026\/03\/piezas-convocatoria_Pagina_3-212x300.jpg 212w, https:\/\/www.medellin.gov.co\/es\/wp-content\/uploads\/2026\/03\/piezas-convocatoria_Pagina_3-106x150.jpg 106w\" sizes=\"(max-width: 601px) 100vw, 601px\" \/><\/a>\n\t\t\t<\/dt><\/dl><br style=\"clear: both\" \/><dl class='gallery-item'>\n\t\t\t<dt class='gallery-icon portrait'>\n\t\t\t\t<a href='https:\/\/www.medellin.gov.co\/es\/eventos\/la-vida-de-los-archivos-2026\/piezas-convocatoria_pagina_4\/'><img width=\"601\" height=\"850\" src=\"https:\/\/www.medellin.gov.co\/es\/wp-content\/uploads\/2026\/03\/piezas-convocatoria_Pagina_4.jpg\" class=\"attachment-large size-large\" alt=\"\" loading=\"lazy\" srcset=\"https:\/\/www.medellin.gov.co\/es\/wp-content\/uploads\/2026\/03\/piezas-convocatoria_Pagina_4.jpg 601w, https:\/\/www.medellin.gov.co\/es\/wp-content\/uploads\/2026\/03\/piezas-convocatoria_Pagina_4-212x300.jpg 212w, https:\/\/www.medellin.gov.co\/es\/wp-content\/uploads\/2026\/03\/piezas-convocatoria_Pagina_4-106x150.jpg 106w\" sizes=\"(max-width: 601px) 100vw, 601px\" \/><\/a>\n\t\t\t<\/dt><\/dl><dl class='gallery-item'>\n\t\t\t<dt class='gallery-icon portrait'>\n\t\t\t\t<a href='https:\/\/www.medellin.gov.co\/es\/eventos\/la-vida-de-los-archivos-2026\/piezas-convocatoria_pagina_6\/'><img width=\"601\" height=\"850\" src=\"https:\/\/www.medellin.gov.co\/es\/wp-content\/uploads\/2026\/03\/piezas-convocatoria_Pagina_6.jpg\" class=\"attachment-large size-large\" alt=\"\" loading=\"lazy\" srcset=\"https:\/\/www.medellin.gov.co\/es\/wp-content\/uploads\/2026\/03\/piezas-convocatoria_Pagina_6.jpg 601w, https:\/\/www.medellin.gov.co\/es\/wp-content\/uploads\/2026\/03\/piezas-convocatoria_Pagina_6-212x300.jpg 212w, https:\/\/www.medellin.gov.co\/es\/wp-content\/uploads\/2026\/03\/piezas-convocatoria_Pagina_6-106x150.jpg 106w\" sizes=\"(max-width: 601px) 100vw, 601px\" \/><\/a>\n\t\t\t<\/dt><\/dl><dl class='gallery-item'>\n\t\t\t<dt class='gallery-icon portrait'>\n\t\t\t\t<a href='https:\/\/www.medellin.gov.co\/es\/eventos\/la-vida-de-los-archivos-2026\/piezas-convocatoria_pagina_5\/'><img width=\"601\" height=\"850\" src=\"https:\/\/www.medellin.gov.co\/es\/wp-content\/uploads\/2026\/03\/piezas-convocatoria_Pagina_5.jpg\" class=\"attachment-large size-large\" alt=\"\" loading=\"lazy\" srcset=\"https:\/\/www.medellin.gov.co\/es\/wp-content\/uploads\/2026\/03\/piezas-convocatoria_Pagina_5.jpg 601w, https:\/\/www.medellin.gov.co\/es\/wp-content\/uploads\/2026\/03\/piezas-convocatoria_Pagina_5-212x300.jpg 212w, https:\/\/www.medellin.gov.co\/es\/wp-content\/uploads\/2026\/03\/piezas-convocatoria_Pagina_5-106x150.jpg 106w\" sizes=\"(max-width: 601px) 100vw, 601px\" \/><\/a>\n\t\t\t<\/dt><\/dl><br style=\"clear: both\" \/>\n\t\t<\/div>\n\n","protected":false},"featured_media":506542,"template":"","categories":[31],"tags":[444,428],"acf":{"extracto_del_evento":"Esta es una oportunidad para que artistas, investigadores y creadores desarrollen propuestas que exploren y resignifiquen los acervos de la Sala Antioquia o del Archivo Fotogr\u00e1fico de la Biblioteca P\u00fablica Piloto.","inicio_del_evento":"20260306","hora_inicio":"08:00:00","fin_del_evento":"20260313","hora_fin":"16:00:00","estado_del_evento":"Activo","ubicacion":"Biblioteca P\u00fablica Piloto de Medell\u00edn","tipo_de_ingreso":"Gratis","organizacion_event":"Secretar\u00eda de Cultura Ciudadana","telefonos_eventos":"604 4444144","email_eventos":"","mapa_evento":"<iframe src=\"https:\/\/www.google.com\/maps\/embed?pb=!1m18!1m12!1m3!1d3966.059502814645!2d-75.57994972432077!3d6.255891826213916!2m3!1f0!2f0!3f0!3m2!1i1024!2i768!4f13.1!3m3!1m2!1s0x8e442903c7f5a631%3A0xb1b726602adb5e07!2sBiblioteca%20P%C3%BAblica%20Piloto!5e0!3m2!1ses!2sco!4v1772821218611!5m2!1ses!2sco\" width=\"600\" height=\"450\" style=\"border:0;\" allowfullscreen=\"\" loading=\"lazy\" referrerpolicy=\"no-referrer-when-downgrade\"><\/iframe>"},"_links":{"self":[{"href":"https:\/\/www.medellin.gov.co\/es\/wp-json\/wp\/v2\/eventos\/506539"}],"collection":[{"href":"https:\/\/www.medellin.gov.co\/es\/wp-json\/wp\/v2\/eventos"}],"about":[{"href":"https:\/\/www.medellin.gov.co\/es\/wp-json\/wp\/v2\/types\/eventos"}],"wp:featuredmedia":[{"embeddable":true,"href":"https:\/\/www.medellin.gov.co\/es\/wp-json\/wp\/v2\/media\/506542"}],"wp:attachment":[{"href":"https:\/\/www.medellin.gov.co\/es\/wp-json\/wp\/v2\/media?parent=506539"}],"wp:term":[{"taxonomy":"category","embeddable":true,"href":"https:\/\/www.medellin.gov.co\/es\/wp-json\/wp\/v2\/categories?post=506539"},{"taxonomy":"post_tag","embeddable":true,"href":"https:\/\/www.medellin.gov.co\/es\/wp-json\/wp\/v2\/tags?post=506539"}],"curies":[{"name":"wp","href":"https:\/\/api.w.org\/{rel}","templated":true}]}}

<p>Esta es una oportunidad para que artistas, investigadores y creadores desarrollen propuestas que exploren y resignifiquen los acervos de la <strong>Sala Antioquia o del Archivo Fotográfico de la Biblioteca Pública Piloto</strong>. Las iniciativas seleccionadas podrán recibir hasta $15 millones para llevar a cabo procesos que conecten la investigación con la práctica artística y generen nuevas miradas, relatos y lenguajes a partir de estos archivos.</p>
<p>Si estás interesado o tienen algún amigo o familiar pueden consultar las bases en:</p>
<p>👉 🔗 <a href="https://linkprotect.cudasvc.com/url?a=https%3a%2f%2f%2f%2fwww.medellin.gov.co%2festimuloscultura%2fverconvocatoria%2f1394&amp;c=E,1,ncD3psk4xkLXIh-TBFfsVZau5pri5R7qj8wx5cJZPczgEAUpV6gqAtVLPR-yYaiB5sZ4xA432CUfsWvdhVe8M4ZzBk0ke6FsJ6SoS1LA_cZzc_l1cpg,&amp;typo=1&amp;ancr_add=1" data-auth="NotApplicable" data-linkindex="1">//www.medellin.gov.co/estimuloscultura/verconvocatoria/1394</a></p>
<p><strong>Las inscripciones estarán abiertas hasta el viernes 13 de marzo de 2026 a las 5:00 p. m.</strong>. ✨📚</p>

		<style type="text/css">
			#gallery-1 {
				margin: auto;
			}
			#gallery-1 .gallery-item {
				float: left;
				margin-top: 10px;
				text-align: center;
				width: 33%;
			}
			#gallery-1 img {
				border: 2px solid #cfcfcf;
			}
			#gallery-1 .gallery-caption {
				margin-left: 0;
			}
			/* see gallery_shortcode() in wp-includes/media.php */
		</style>
		<div id='gallery-1' class='gallery galleryid-506539 gallery-columns-3 gallery-size-large'><dl class='gallery-item'>
			<dt class='gallery-icon portrait'>
				<a href='https://www.medellin.gov.co/es/eventos/la-vida-de-los-archivos-2026/piezas-convocatoria_pagina_1/'><img width="601" height="850" src="https://www.medellin.gov.co/es/wp-content/uploads/2026/03/piezas-convocatoria_Pagina_1.jpg" class="attachment-large size-large" alt="" loading="lazy" srcset="https://www.medellin.gov.co/es/wp-content/uploads/2026/03/piezas-convocatoria_Pagina_1.jpg 601w, https://www.medellin.gov.co/es/wp-content/uploads/2026/03/piezas-convocatoria_Pagina_1-212x300.jpg 212w, https://www.medellin.gov.co/es/wp-content/uploads/2026/03/piezas-convocatoria_Pagina_1-106x150.jpg 106w" sizes="(max-width: 601px) 100vw, 601px" /></a>
			</dt></dl><dl class='gallery-item'>
			<dt class='gallery-icon portrait'>
				<a href='https://www.medellin.gov.co/es/eventos/la-vida-de-los-archivos-2026/piezas-convocatoria_pagina_2/'><img width="601" height="850" src="https://www.medellin.gov.co/es/wp-content/uploads/2026/03/piezas-convocatoria_Pagina_2.jpg" class="attachment-large size-large" alt="" loading="lazy" srcset="https://www.medellin.gov.co/es/wp-content/uploads/2026/03/piezas-convocatoria_Pagina_2.jpg 601w, https://www.medellin.gov.co/es/wp-content/uploads/2026/03/piezas-convocatoria_Pagina_2-212x300.jpg 212w, https://www.medellin.gov.co/es/wp-content/uploads/2026/03/piezas-convocatoria_Pagina_2-106x150.jpg 106w" sizes="(max-width: 601px) 100vw, 601px" /></a>
			</dt></dl><dl class='gallery-item'>
			<dt class='gallery-icon portrait'>
				<a href='https://www.medellin.gov.co/es/eventos/la-vida-de-los-archivos-2026/piezas-convocatoria_pagina_3/'><img width="601" height="850" src="https://www.medellin.gov.co/es/wp-content/uploads/2026/03/piezas-convocatoria_Pagina_3.jpg" class="attachment-large size-large" alt="" loading="lazy" srcset="https://www.medellin.gov.co/es/wp-content/uploads/2026/03/piezas-convocatoria_Pagina_3.jpg 601w, https://www.medellin.gov.co/es/wp-content/uploads/2026/03/piezas-convocatoria_Pagina_3-212x300.jpg 212w, https://www.medellin.gov.co/es/wp-content/uploads/2026/03/piezas-convocatoria_Pagina_3-106x150.jpg 106w" sizes="(max-width: 601px) 100vw, 601px" /></a>
			</dt></dl><br style="clear: both" /><dl class='gallery-item'>
			<dt class='gallery-icon portrait'>
				<a href='https://www.medellin.gov.co/es/eventos/la-vida-de-los-archivos-2026/piezas-convocatoria_pagina_4/'><img width="601" height="850" src="https://www.medellin.gov.co/es/wp-content/uploads/2026/03/piezas-convocatoria_Pagina_4.jpg" class="attachment-large size-large" alt="" loading="lazy" srcset="https://www.medellin.gov.co/es/wp-content/uploads/2026/03/piezas-convocatoria_Pagina_4.jpg 601w, https://www.medellin.gov.co/es/wp-content/uploads/2026/03/piezas-convocatoria_Pagina_4-212x300.jpg 212w, https://www.medellin.gov.co/es/wp-content/uploads/2026/03/piezas-convocatoria_Pagina_4-106x150.jpg 106w" sizes="(max-width: 601px) 100vw, 601px" /></a>
			</dt></dl><dl class='gallery-item'>
			<dt class='gallery-icon portrait'>
				<a href='https://www.medellin.gov.co/es/eventos/la-vida-de-los-archivos-2026/piezas-convocatoria_pagina_6/'><img width="601" height="850" src="https://www.medellin.gov.co/es/wp-content/uploads/2026/03/piezas-convocatoria_Pagina_6.jpg" class="attachment-large size-large" alt="" loading="lazy" srcset="https://www.medellin.gov.co/es/wp-content/uploads/2026/03/piezas-convocatoria_Pagina_6.jpg 601w, https://www.medellin.gov.co/es/wp-content/uploads/2026/03/piezas-convocatoria_Pagina_6-212x300.jpg 212w, https://www.medellin.gov.co/es/wp-content/uploads/2026/03/piezas-convocatoria_Pagina_6-106x150.jpg 106w" sizes="(max-width: 601px) 100vw, 601px" /></a>
			</dt></dl><dl class='gallery-item'>
			<dt class='gallery-icon portrait'>
				<a href='https://www.medellin.gov.co/es/eventos/la-vida-de-los-archivos-2026/piezas-convocatoria_pagina_5/'><img width="601" height="850" src="https://www.medellin.gov.co/es/wp-content/uploads/2026/03/piezas-convocatoria_Pagina_5.jpg" class="attachment-large size-large" alt="" loading="lazy" srcset="https://www.medellin.gov.co/es/wp-content/uploads/2026/03/piezas-convocatoria_Pagina_5.jpg 601w, https://www.medellin.gov.co/es/wp-content/uploads/2026/03/piezas-convocatoria_Pagina_5-212x300.jpg 212w, https://www.medellin.gov.co/es/wp-content/uploads/2026/03/piezas-convocatoria_Pagina_5-106x150.jpg 106w" sizes="(max-width: 601px) 100vw, 601px" /></a>
			</dt></dl><br style="clear: both" />
		</div>

Esta es una oportunidad para que artistas, investigadores y creadores desarrollen propuestas que exploren y resignifiquen los acervos de la Sala Antioquia o del Archivo Fotográfico de la Biblioteca Pública Piloto.

Biblioteca Pública Piloto de Medellín

Secretaría de Cultura Ciudadana
