{"id":54609,"date":"2022-03-14T07:52:47","date_gmt":"2022-03-14T12:52:47","guid":{"rendered":"https:\/\/www.medellin.gov.co\/es\/eventos\/camina-pal-centro\/"},"modified":"2022-04-19T12:13:35","modified_gmt":"2022-04-19T17:13:35","slug":"camina-pal-centro","status":"publish","type":"eventos","link":"https:\/\/www.medellin.gov.co\/es\/eventos\/camina-pal-centro\/","title":{"rendered":"Camin\u00e1 pa&#8217;l Centro"},"content":{"rendered":"<p>A trav\u00e9s de la plataforma de Camin\u00e1 pa\u2019l Centro, se re\u00fanen diferentes entidades de la ciudad para invitar a los habitantes de Medell\u00edn a compartir, disfrutar y crear en la Comuna 10 (La Candelaria). A trav\u00e9s de esta estrategia se impulsan eventos de diferente \u00edndole en el espacio p\u00fablico para la sana apropiaci\u00f3n del Centro.<\/p>\n","protected":false},"featured_media":49878,"template":"","categories":[23],"tags":[440,428,455,450],"acf":{"extracto_del_evento":"A trav\u00e9s de la plataforma de Camin\u00e1 pa\u2019l Centro, se re\u00fanen diferentes entidades de la ciudad para invitar a los habitantes de Medell\u00edn a compartir, disfrutar y crear en la Comuna 10 (La Candelaria).","inicio_del_evento":"2022-05-13 00:00:00","hora_inicio":"","fin_del_evento":"2022-05-13 00:00:00","hora_fin":"","estado_del_evento":"Pendiente","ubicacion":"Territorio Vecino (Barrios Boston y Los \u00c1ngeles) Territorio Hist\u00f3rico (Parque Parque Berr\u00edo, Plaza Botero) Territorio Patrimonial (Barrio Prado) Territorio Educativo y Cultural (Sector San Ignacio)","tipo_de_ingreso":"Gratis","organizacion_event":"Gerencia del Centro","telefonos_eventos":"3216428926","email_eventos":"musinettv@gmail.com","mapa_evento":""},"_links":{"self":[{"href":"https:\/\/www.medellin.gov.co\/es\/wp-json\/wp\/v2\/eventos\/54609"}],"collection":[{"href":"https:\/\/www.medellin.gov.co\/es\/wp-json\/wp\/v2\/eventos"}],"about":[{"href":"https:\/\/www.medellin.gov.co\/es\/wp-json\/wp\/v2\/types\/eventos"}],"wp:featuredmedia":[{"embeddable":true,"href":"https:\/\/www.medellin.gov.co\/es\/wp-json\/wp\/v2\/media\/49878"}],"wp:attachment":[{"href":"https:\/\/www.medellin.gov.co\/es\/wp-json\/wp\/v2\/media?parent=54609"}],"wp:term":[{"taxonomy":"category","embeddable":true,"href":"https:\/\/www.medellin.gov.co\/es\/wp-json\/wp\/v2\/categories?post=54609"},{"taxonomy":"post_tag","embeddable":true,"href":"https:\/\/www.medellin.gov.co\/es\/wp-json\/wp\/v2\/tags?post=54609"}],"curies":[{"name":"wp","href":"https:\/\/api.w.org\/{rel}","templated":true}]}}

Caminá pa&#8217;l Centro

<p>A través de la plataforma de Caminá pa’l Centro, se reúnen diferentes entidades de la ciudad para invitar a los habitantes de Medellín a compartir, disfrutar y crear en la Comuna 10 (La Candelaria). A través de esta estrategia se impulsan eventos de diferente índole en el espacio público para la sana apropiación del Centro.</p>

A través de la plataforma de Caminá pa’l Centro, se reúnen diferentes entidades de la ciudad para invitar a los habitantes de Medellín a compartir, disfrutar y crear en la Comuna 10 (La Candelaria).

Territorio Vecino (Barrios Boston y Los Ángeles) Territorio Histórico (Parque Parque Berrío, Plaza Botero) Territorio Patrimonial (Barrio Prado) Territorio Educativo y Cultural (Sector San Ignacio)
