{"id":54715,"date":"2022-03-14T07:53:13","date_gmt":"2022-03-14T12:53:13","guid":{"rendered":"https:\/\/www.medellin.gov.co\/es\/eventos\/lanzamiento-campana-de-matriculas-2023\/"},"modified":"2022-07-07T23:20:24","modified_gmt":"2022-07-08T04:20:24","slug":"lanzamiento-campana-de-matriculas-2023","status":"publish","type":"eventos","link":"https:\/\/www.medellin.gov.co\/es\/eventos\/lanzamiento-campana-de-matriculas-2023\/","title":{"rendered":"Lanzamiento Campa\u00f1a de Matr\u00edculas 2023"},"content":{"rendered":"<p>En esta fecha se realiza el lanzamiento de la Campa\u00f1a de Matr\u00edculas 2023 a trav\u00e9s de diferentes estrategias interactivas y territoriales que buscan la permanencia escolar y la inserci\u00f3n de estudiantes que a\u00fan est\u00e1n por fuera del sistema educativo en la cuidad.<\/p>\n","protected":false},"featured_media":49991,"template":"","categories":[4],"tags":[431,428,434,450,443],"acf":{"extracto_del_evento":"Lanzamiento de la Campa\u00f1a de Matr\u00edculas 2023 a trav\u00e9s de diferentes estrategias interactivas y territoriales.","inicio_del_evento":"20221001","hora_inicio":"","fin_del_evento":"20221031","hora_fin":"","estado_del_evento":"Pendiente","ubicacion":"Por definir","tipo_de_ingreso":"Gratis","organizacion_event":"Secretar\u00eda de Educaci\u00f3n","telefonos_eventos":"6044444144","email_eventos":"paolaprensasem@gmail.com","mapa_evento":""},"_links":{"self":[{"href":"https:\/\/www.medellin.gov.co\/es\/wp-json\/wp\/v2\/eventos\/54715"}],"collection":[{"href":"https:\/\/www.medellin.gov.co\/es\/wp-json\/wp\/v2\/eventos"}],"about":[{"href":"https:\/\/www.medellin.gov.co\/es\/wp-json\/wp\/v2\/types\/eventos"}],"wp:featuredmedia":[{"embeddable":true,"href":"https:\/\/www.medellin.gov.co\/es\/wp-json\/wp\/v2\/media\/49991"}],"wp:attachment":[{"href":"https:\/\/www.medellin.gov.co\/es\/wp-json\/wp\/v2\/media?parent=54715"}],"wp:term":[{"taxonomy":"category","embeddable":true,"href":"https:\/\/www.medellin.gov.co\/es\/wp-json\/wp\/v2\/categories?post=54715"},{"taxonomy":"post_tag","embeddable":true,"href":"https:\/\/www.medellin.gov.co\/es\/wp-json\/wp\/v2\/tags?post=54715"}],"curies":[{"name":"wp","href":"https:\/\/api.w.org\/{rel}","templated":true}]}}

Lanzamiento Campaña de Matrículas 2023

<p>En esta fecha se realiza el lanzamiento de la Campaña de Matrículas 2023 a través de diferentes estrategias interactivas y territoriales que buscan la permanencia escolar y la inserción de estudiantes que aún están por fuera del sistema educativo en la cuidad.</p>

Lanzamiento de la Campaña de Matrículas 2023 a través de diferentes estrategias interactivas y territoriales.

Secretaría de Educación
