{"id":13690,"date":"2021-09-13T18:47:28","date_gmt":"2021-09-13T23:47:28","guid":{"rendered":"https:\/\/www.medellin.gov.co\/es\/?page_id=13690"},"modified":"2021-12-13T14:42:44","modified_gmt":"2021-12-13T19:42:44","slug":"desarrollo-de-estrategias-para-activar-el-centro-las-24-horas","status":"publish","type":"page","link":"https:\/\/www.medellin.gov.co\/es\/gerencia-del-centro\/cultura-centro-con-sentido\/desarrollo-de-estrategias-para-activar-el-centro-las-24-horas\/","title":{"rendered":"Desarrollo de estrategias para activar el Centro de Medell\u00edn las 24 horas"},"content":{"rendered":"\t\t<div data-elementor-type=\"wp-page\" data-elementor-id=\"13690\" class=\"elementor elementor-13690\">\n\t\t\t\t\t\t<div class=\"elementor-inner\">\n\t\t\t\t<div class=\"elementor-section-wrap\">\n\t\t\t\t\t\t\t\t\t<section class=\"elementor-section elementor-top-section elementor-element elementor-element-2f4fe4ce elementor-section-boxed elementor-section-height-default elementor-section-height-default\" data-id=\"2f4fe4ce\" data-element_type=\"section\">\n\t\t\t\t\t\t<div class=\"elementor-container elementor-column-gap-default\">\n\t\t\t\t\t\t\t<div class=\"elementor-row\">\n\t\t\t\t\t<div class=\"elementor-column elementor-col-100 elementor-top-column elementor-element elementor-element-5e3ac6ef\" data-id=\"5e3ac6ef\" data-element_type=\"column\">\n\t\t\t<div class=\"elementor-column-wrap elementor-element-populated\">\n\t\t\t\t\t\t\t<div class=\"elementor-widget-wrap\">\n\t\t\t\t\t\t<div class=\"elementor-element elementor-element-7dac53d4 elementor-widget elementor-widget-heading\" data-id=\"7dac53d4\" data-element_type=\"widget\" data-widget_type=\"heading.default\">\n\t\t\t\t<div class=\"elementor-widget-container\">\n\t\t\t<h1 class=\"elementor-heading-title elementor-size-default\">Desarrollo de estrategias para activar el Centro de Medell\u00edn las 24 horas<\/h1>\t\t<\/div>\n\t\t\t\t<\/div>\n\t\t\t\t<div class=\"elementor-element elementor-element-51a869d elementor-widget elementor-widget-image\" data-id=\"51a869d\" data-element_type=\"widget\" data-widget_type=\"image.default\">\n\t\t\t\t<div class=\"elementor-widget-container\">\n\t\t\t\t\t\t\t\t<div class=\"elementor-image\">\n\t\t\t\t\t\t\t\t\t\t\t\t<img width=\"1200\" height=\"801\" src=\"https:\/\/www.medellin.gov.co\/es\/wp-content\/uploads\/2021\/09\/mujer-vendedora-de-flores.jpg\" class=\"attachment-full size-full\" alt=\"Mujer vendedora de flores\" loading=\"lazy\" srcset=\"https:\/\/www.medellin.gov.co\/es\/wp-content\/uploads\/2021\/09\/mujer-vendedora-de-flores.jpg 1200w, https:\/\/www.medellin.gov.co\/es\/wp-content\/uploads\/2021\/09\/mujer-vendedora-de-flores-300x200.jpg 300w, https:\/\/www.medellin.gov.co\/es\/wp-content\/uploads\/2021\/09\/mujer-vendedora-de-flores-1024x684.jpg 1024w, https:\/\/www.medellin.gov.co\/es\/wp-content\/uploads\/2021\/09\/mujer-vendedora-de-flores-150x100.jpg 150w, https:\/\/www.medellin.gov.co\/es\/wp-content\/uploads\/2021\/09\/mujer-vendedora-de-flores-768x513.jpg 768w\" sizes=\"(max-width: 1200px) 100vw, 1200px\" \/>\t\t\t\t\t\t\t\t\t\t\t\t\t\t<\/div>\n\t\t\t\t\t\t<\/div>\n\t\t\t\t<\/div>\n\t\t\t\t<div class=\"elementor-element elementor-element-3d30e27 elementor-widget elementor-widget-text-editor\" data-id=\"3d30e27\" data-element_type=\"widget\" data-widget_type=\"text-editor.default\">\n\t\t\t\t<div class=\"elementor-widget-container\">\n\t\t\t\t\t\t\t\t<div class=\"elementor-text-editor elementor-clearfix\">\n\t\t\t\t<p>La alternativa seleccionada \u201carticulaci\u00f3n interinstitucional para activar el Centro las 24 horas\u201d est\u00e1 por encima de otras opciones de soluci\u00f3n porque aporta en el fortalecimiento del gobierno local, no solo desde la seguridad y la convivencia, sino tambi\u00e9n desde la garant\u00eda de derechos como: la vida, la libertad y la seguridad personal.<\/p><p>Asimismo, la articulaci\u00f3n interinstitucional para la promoci\u00f3n de la participaci\u00f3n ciudadana en materia de seguridad y convivencia, permite mejorar los programas y\/o estrategias implementados, as\u00ed como la oferta de servicios en horarios extendidos para un Centro las 24 horas, generando un mayor impacto en la percepci\u00f3n ciudadana positiva del Centro. Lo anterior, en alianza con actores claves del territorio como las organizaciones sociales, gremiales y culturales. <\/p>\t\t\t\t\t<\/div>\n\t\t\t\t\t\t<\/div>\n\t\t\t\t<\/div>\n\t\t\t\t<section class=\"elementor-section elementor-inner-section elementor-element elementor-element-85e7a06 elementor-section-boxed elementor-section-height-default elementor-section-height-default\" data-id=\"85e7a06\" data-element_type=\"section\">\n\t\t\t\t\t\t<div class=\"elementor-container elementor-column-gap-default\">\n\t\t\t\t\t\t\t<div class=\"elementor-row\">\n\t\t\t\t\t<div class=\"elementor-column elementor-col-50 elementor-inner-column elementor-element elementor-element-cba30d8\" data-id=\"cba30d8\" data-element_type=\"column\">\n\t\t\t<div class=\"elementor-column-wrap elementor-element-populated\">\n\t\t\t\t\t\t\t<div class=\"elementor-widget-wrap\">\n\t\t\t\t\t\t<div class=\"elementor-element elementor-element-ffd71b6 elementor-widget elementor-widget-image\" data-id=\"ffd71b6\" data-element_type=\"widget\" data-widget_type=\"image.default\">\n\t\t\t\t<div class=\"elementor-widget-container\">\n\t\t\t\t\t\t\t\t<div class=\"elementor-image\">\n\t\t\t\t\t\t\t\t\t\t\t\t<img width=\"1200\" height=\"801\" src=\"https:\/\/www.medellin.gov.co\/es\/wp-content\/uploads\/2021\/09\/pareja-sentada.jpg\" class=\"attachment-full size-full\" alt=\"Pareja sentada\" loading=\"lazy\" srcset=\"https:\/\/www.medellin.gov.co\/es\/wp-content\/uploads\/2021\/09\/pareja-sentada.jpg 1200w, https:\/\/www.medellin.gov.co\/es\/wp-content\/uploads\/2021\/09\/pareja-sentada-300x200.jpg 300w, https:\/\/www.medellin.gov.co\/es\/wp-content\/uploads\/2021\/09\/pareja-sentada-1024x684.jpg 1024w, https:\/\/www.medellin.gov.co\/es\/wp-content\/uploads\/2021\/09\/pareja-sentada-150x100.jpg 150w, https:\/\/www.medellin.gov.co\/es\/wp-content\/uploads\/2021\/09\/pareja-sentada-768x513.jpg 768w\" sizes=\"(max-width: 1200px) 100vw, 1200px\" \/>\t\t\t\t\t\t\t\t\t\t\t\t\t\t<\/div>\n\t\t\t\t\t\t<\/div>\n\t\t\t\t<\/div>\n\t\t\t\t\t\t<\/div>\n\t\t\t\t\t<\/div>\n\t\t<\/div>\n\t\t\t\t<div class=\"elementor-column elementor-col-50 elementor-inner-column elementor-element elementor-element-601756a\" data-id=\"601756a\" data-element_type=\"column\">\n\t\t\t<div class=\"elementor-column-wrap elementor-element-populated\">\n\t\t\t\t\t\t\t<div class=\"elementor-widget-wrap\">\n\t\t\t\t\t\t<div class=\"elementor-element elementor-element-7aebafc elementor-widget elementor-widget-text-editor\" data-id=\"7aebafc\" data-element_type=\"widget\" data-widget_type=\"text-editor.default\">\n\t\t\t\t<div class=\"elementor-widget-container\">\n\t\t\t\t\t\t\t\t<div class=\"elementor-text-editor elementor-clearfix\">\n\t\t\t\t<p>Teniendo en cuenta la actual situaci\u00f3n de amenaza por la pandemia del COVID-19, es necesario buscar alternativas de descongesti\u00f3n de la ciudad, especialmente de los horarios picos de conglomeraciones, por lo que actividades como las plateadas en la alternativa de soluci\u00f3n permiten una mayor distribuci\u00f3n en el desplazamiento y circulaci\u00f3n de la ciudadan\u00eda para hacer compras, acceder a servicios institucionales, de recreaci\u00f3n y cultura.<\/p><p>Aporta al cumplimiento de los objetivos de Desarrollo Sostenible al a\u00f1o 2030 \u00abPromover sociedades pac\u00edficas e inclusivas para el desarrollo sostenible, facilitar acceso a la justicia para todos y crear instituciones eficaces, responsables e inclusivas a todos los niveles\u00bb, \u00abgarantizar una vida saludable y promover el bienestar para todos y todas en todas las edades\u00bb.<\/p>\t\t\t\t\t<\/div>\n\t\t\t\t\t\t<\/div>\n\t\t\t\t<\/div>\n\t\t\t\t\t\t<\/div>\n\t\t\t\t\t<\/div>\n\t\t<\/div>\n\t\t\t\t\t\t\t\t<\/div>\n\t\t\t\t\t<\/div>\n\t\t<\/section>\n\t\t\t\t\t\t<\/div>\n\t\t\t\t\t<\/div>\n\t\t<\/div>\n\t\t\t\t\t\t\t\t<\/div>\n\t\t\t\t\t<\/div>\n\t\t<\/section>\n\t\t\t\t\t\t\t\t\t<\/div>\n\t\t\t<\/div>\n\t\t\t\t\t<\/div>\n\t\t","protected":false},"excerpt":{"rendered":"<p>Desarrollo de estrategias para activar el Centro de Medell\u00edn las 24 horas La alternativa seleccionada \u201carticulaci\u00f3n interinstitucional para activar el Centro las 24 horas\u201d est\u00e1 por encima de otras opciones de soluci\u00f3n porque aporta en &#8230;<\/p>\n","protected":false},"author":1,"featured_media":14421,"parent":13683,"menu_order":10,"comment_status":"closed","ping_status":"closed","template":"sec-gerencia-centro\/elementor.php","meta":[],"acf":[],"_links":{"self":[{"href":"https:\/\/www.medellin.gov.co\/es\/wp-json\/wp\/v2\/pages\/13690"}],"collection":[{"href":"https:\/\/www.medellin.gov.co\/es\/wp-json\/wp\/v2\/pages"}],"about":[{"href":"https:\/\/www.medellin.gov.co\/es\/wp-json\/wp\/v2\/types\/page"}],"author":[{"embeddable":true,"href":"https:\/\/www.medellin.gov.co\/es\/wp-json\/wp\/v2\/users\/1"}],"replies":[{"embeddable":true,"href":"https:\/\/www.medellin.gov.co\/es\/wp-json\/wp\/v2\/comments?post=13690"}],"version-history":[{"count":17,"href":"https:\/\/www.medellin.gov.co\/es\/wp-json\/wp\/v2\/pages\/13690\/revisions"}],"predecessor-version":[{"id":41483,"href":"https:\/\/www.medellin.gov.co\/es\/wp-json\/wp\/v2\/pages\/13690\/revisions\/41483"}],"up":[{"embeddable":true,"href":"https:\/\/www.medellin.gov.co\/es\/wp-json\/wp\/v2\/pages\/13683"}],"wp:featuredmedia":[{"embeddable":true,"href":"https:\/\/www.medellin.gov.co\/es\/wp-json\/wp\/v2\/media\/14421"}],"wp:attachment":[{"href":"https:\/\/www.medellin.gov.co\/es\/wp-json\/wp\/v2\/media?parent=13690"}],"curies":[{"name":"wp","href":"https:\/\/api.w.org\/{rel}","templated":true}]}}

Desarrollo de estrategias para activar el Centro de Medellín las 24 horas

<div data-elementor-type="wp-page" data-elementor-id="13690" class="elementor elementor-13690">
						<div class="elementor-inner">
				<div class="elementor-section-wrap">
									<section class="elementor-section elementor-top-section elementor-element elementor-element-2f4fe4ce elementor-section-boxed elementor-section-height-default elementor-section-height-default" data-id="2f4fe4ce" data-element_type="section">
						<div class="elementor-container elementor-column-gap-default">
							<div class="elementor-row">
					<div class="elementor-column elementor-col-100 elementor-top-column elementor-element elementor-element-5e3ac6ef" data-id="5e3ac6ef" data-element_type="column">
			<div class="elementor-column-wrap elementor-element-populated">
							<div class="elementor-widget-wrap">
						<div class="elementor-element elementor-element-7dac53d4 elementor-widget elementor-widget-heading" data-id="7dac53d4" data-element_type="widget" data-widget_type="heading.default">
				<div class="elementor-widget-container">
			<h1 class="elementor-heading-title elementor-size-default">Desarrollo de estrategias para activar el Centro de Medellín las 24 horas</h1>		</div>
				</div>
				<div class="elementor-element elementor-element-51a869d elementor-widget elementor-widget-image" data-id="51a869d" data-element_type="widget" data-widget_type="image.default">
				<div class="elementor-widget-container">
								<div class="elementor-image">
												<img width="1200" height="801" src="https://www.medellin.gov.co/es/wp-content/uploads/2021/09/mujer-vendedora-de-flores.jpg" class="attachment-full size-full" alt="Mujer vendedora de flores" loading="lazy" srcset="https://www.medellin.gov.co/es/wp-content/uploads/2021/09/mujer-vendedora-de-flores.jpg 1200w, https://www.medellin.gov.co/es/wp-content/uploads/2021/09/mujer-vendedora-de-flores-300x200.jpg 300w, https://www.medellin.gov.co/es/wp-content/uploads/2021/09/mujer-vendedora-de-flores-1024x684.jpg 1024w, https://www.medellin.gov.co/es/wp-content/uploads/2021/09/mujer-vendedora-de-flores-150x100.jpg 150w, https://www.medellin.gov.co/es/wp-content/uploads/2021/09/mujer-vendedora-de-flores-768x513.jpg 768w" sizes="(max-width: 1200px) 100vw, 1200px" />														</div>
						</div>
				</div>
				<div class="elementor-element elementor-element-3d30e27 elementor-widget elementor-widget-text-editor" data-id="3d30e27" data-element_type="widget" data-widget_type="text-editor.default">
				<div class="elementor-widget-container">
								<div class="elementor-text-editor elementor-clearfix">
				<p>La alternativa seleccionada “articulación interinstitucional para activar el Centro las 24 horas” está por encima de otras opciones de solución porque aporta en el fortalecimiento del gobierno local, no solo desde la seguridad y la convivencia, sino también desde la garantía de derechos como: la vida, la libertad y la seguridad personal.</p><p>Asimismo, la articulación interinstitucional para la promoción de la participación ciudadana en materia de seguridad y convivencia, permite mejorar los programas y/o estrategias implementados, así como la oferta de servicios en horarios extendidos para un Centro las 24 horas, generando un mayor impacto en la percepción ciudadana positiva del Centro. Lo anterior, en alianza con actores claves del territorio como las organizaciones sociales, gremiales y culturales. </p>					</div>
						</div>
				</div>
				<section class="elementor-section elementor-inner-section elementor-element elementor-element-85e7a06 elementor-section-boxed elementor-section-height-default elementor-section-height-default" data-id="85e7a06" data-element_type="section">
						<div class="elementor-container elementor-column-gap-default">
							<div class="elementor-row">
					<div class="elementor-column elementor-col-50 elementor-inner-column elementor-element elementor-element-cba30d8" data-id="cba30d8" data-element_type="column">
			<div class="elementor-column-wrap elementor-element-populated">
							<div class="elementor-widget-wrap">
						<div class="elementor-element elementor-element-ffd71b6 elementor-widget elementor-widget-image" data-id="ffd71b6" data-element_type="widget" data-widget_type="image.default">
				<div class="elementor-widget-container">
								<div class="elementor-image">
												<img width="1200" height="801" src="https://www.medellin.gov.co/es/wp-content/uploads/2021/09/pareja-sentada.jpg" class="attachment-full size-full" alt="Pareja sentada" loading="lazy" srcset="https://www.medellin.gov.co/es/wp-content/uploads/2021/09/pareja-sentada.jpg 1200w, https://www.medellin.gov.co/es/wp-content/uploads/2021/09/pareja-sentada-300x200.jpg 300w, https://www.medellin.gov.co/es/wp-content/uploads/2021/09/pareja-sentada-1024x684.jpg 1024w, https://www.medellin.gov.co/es/wp-content/uploads/2021/09/pareja-sentada-150x100.jpg 150w, https://www.medellin.gov.co/es/wp-content/uploads/2021/09/pareja-sentada-768x513.jpg 768w" sizes="(max-width: 1200px) 100vw, 1200px" />														</div>
						</div>
				</div>
						</div>
					</div>
		</div>
				<div class="elementor-column elementor-col-50 elementor-inner-column elementor-element elementor-element-601756a" data-id="601756a" data-element_type="column">
			<div class="elementor-column-wrap elementor-element-populated">
							<div class="elementor-widget-wrap">
						<div class="elementor-element elementor-element-7aebafc elementor-widget elementor-widget-text-editor" data-id="7aebafc" data-element_type="widget" data-widget_type="text-editor.default">
				<div class="elementor-widget-container">
								<div class="elementor-text-editor elementor-clearfix">
				<p>Teniendo en cuenta la actual situación de amenaza por la pandemia del COVID-19, es necesario buscar alternativas de descongestión de la ciudad, especialmente de los horarios picos de conglomeraciones, por lo que actividades como las plateadas en la alternativa de solución permiten una mayor distribución en el desplazamiento y circulación de la ciudadanía para hacer compras, acceder a servicios institucionales, de recreación y cultura.</p><p>Aporta al cumplimiento de los objetivos de Desarrollo Sostenible al año 2030 «Promover sociedades pacíficas e inclusivas para el desarrollo sostenible, facilitar acceso a la justicia para todos y crear instituciones eficaces, responsables e inclusivas a todos los niveles», «garantizar una vida saludable y promover el bienestar para todos y todas en todas las edades».</p>					</div>
						</div>
				</div>
						</div>
					</div>
		</div>
								</div>
					</div>
		</section>
						</div>
					</div>
		</div>
								</div>
					</div>
		</section>
									</div>
			</div>
					</div>

<p>Desarrollo de estrategias para activar el Centro de Medellín las 24 horas La alternativa seleccionada “articulación interinstitucional para activar el Centro las 24 horas” está por encima de otras opciones de solución porque aporta en &#8230;</p>
