{"id":152693,"date":"2023-01-31T15:16:41","date_gmt":"2023-01-31T20:16:41","guid":{"rendered":"https:\/\/www.medellin.gov.co\/es\/?page_id=152693"},"modified":"2023-08-29T11:46:36","modified_gmt":"2023-08-29T16:46:36","slug":"curso-de-amonestados-para-infractores-de-transito-en-medellin","status":"publish","type":"page","link":"https:\/\/www.medellin.gov.co\/es\/secretaria-de-movilidad\/curso-de-amonestados-para-infractores-de-transito-en-medellin\/","title":{"rendered":"Curso de amonestados para infractores de tr\u00e1nsito en Medell\u00edn"},"content":{"rendered":"\t\t<div data-elementor-type=\"wp-page\" data-elementor-id=\"152693\" class=\"elementor elementor-152693\">\n\t\t\t\t\t\t<div class=\"elementor-inner\">\n\t\t\t\t<div class=\"elementor-section-wrap\">\n\t\t\t\t\t\t\t\t\t<section class=\"elementor-section elementor-top-section elementor-element elementor-element-986f09d elementor-section-boxed elementor-section-height-default elementor-section-height-default\" data-id=\"986f09d\" data-element_type=\"section\">\n\t\t\t\t\t\t<div class=\"elementor-container elementor-column-gap-default\">\n\t\t\t\t\t\t\t<div class=\"elementor-row\">\n\t\t\t\t\t<div class=\"elementor-column elementor-col-100 elementor-top-column elementor-element elementor-element-f10a180\" data-id=\"f10a180\" data-element_type=\"column\">\n\t\t\t<div class=\"elementor-column-wrap elementor-element-populated\">\n\t\t\t\t\t\t\t<div class=\"elementor-widget-wrap\">\n\t\t\t\t\t\t<div class=\"elementor-element elementor-element-93b67b6 elementor-widget elementor-widget-heading\" data-id=\"93b67b6\" data-element_type=\"widget\" data-widget_type=\"heading.default\">\n\t\t\t\t<div class=\"elementor-widget-container\">\n\t\t\t<h1 class=\"elementor-heading-title elementor-size-default\">Curso de amonestados para infractores de tr\u00e1nsito en Medell\u00edn<\/h1>\t\t<\/div>\n\t\t\t\t<\/div>\n\t\t\t\t<div class=\"elementor-element elementor-element-0702853 elementor-widget elementor-widget-heading\" data-id=\"0702853\" data-element_type=\"widget\" data-widget_type=\"heading.default\">\n\t\t\t\t<div class=\"elementor-widget-container\">\n\t\t\t<h2 class=\"elementor-heading-title elementor-size-default\"><b>Por favor atienda<\/b> en su totalidad, antes de comenzar el curso, la siguiente informaci\u00f3n <\/h2>\t\t<\/div>\n\t\t\t\t<\/div>\n\t\t\t\t<div class=\"elementor-element elementor-element-082c5d2 elementor-widget elementor-widget-text-editor\" data-id=\"082c5d2\" data-element_type=\"widget\" data-widget_type=\"text-editor.default\">\n\t\t\t\t<div class=\"elementor-widget-container\">\n\t\t\t\t\t\t\t\t<div class=\"elementor-text-editor elementor-clearfix\">\n\t\t\t\t<p>El Curso de Amonestados que se realiza a trav\u00e9s de la Secretar\u00eda de Movilidad de Medell\u00edn solamente aplica para comparendos de tipo pedag\u00f3gico, es decir, aquellos que no contemplan una sanci\u00f3n econ\u00f3mica.\u00a0 No tiene ninguna relaci\u00f3n con aquellos comparendos que implican el pago de una sanci\u00f3n monetaria.\u00a0 Si \u00e9ste \u00faltimo es su caso, debe dirigirse a un CIA (Centro Integral de Atenci\u00f3n) y realizar all\u00ed el curso requerido para obtener un descuento en la multa.<\/p><p>Existen dos situaciones en las que usted puede verse obligado a realizar el curso para amonestados:<\/p><ol><li><strong><span style=\"color: #000000;\">Recibir una amonestaci\u00f3n o comparendo pedag\u00f3gico \u2013sin sanci\u00f3n econ\u00f3mica- por parte de un agente de tr\u00e1nsito en v\u00eda p\u00fablica.<\/span><\/strong> Si este es su caso, antes de realizar este curso debe dirigirse a cualquiera de las sedes de la Secretar\u00eda de Movilidad (Caribe, Premium Plaza o Sao Paulo), taquilla Actualizaciones, dentro de los cinco (5) d\u00edas h\u00e1biles posteriores a la imposici\u00f3n de la orden de comparendo, a efectos de notificarse y solicitar la programaci\u00f3n para el curso. Si usted realiza el curso virtual sin esta programaci\u00f3n previa, dicho curso no podr\u00e1 ser tenido en cuenta para descargar la sanci\u00f3n del sistema.<\/li><\/ol><ol start=\"2\"><li><span style=\"color: #000000;\"><strong>Ser sancionado con la realizaci\u00f3n del curso por parte de un inspector de tr\u00e1nsito.<\/strong><\/span> Si este es su caso, puede realizarlo en la fecha indicada en la Resoluci\u00f3n del inspector, sin necesidad de que usted gestione la fecha de programaci\u00f3n (ya estar\u00e1 definida en la resoluci\u00f3n).<\/li><\/ol>\t\t\t\t\t<\/div>\n\t\t\t\t\t\t<\/div>\n\t\t\t\t<\/div>\n\t\t\t\t<section class=\"elementor-section elementor-inner-section elementor-element elementor-element-32f2d36 elementor-section-boxed elementor-section-height-default elementor-section-height-default\" data-id=\"32f2d36\" data-element_type=\"section\">\n\t\t\t\t\t\t<div class=\"elementor-container elementor-column-gap-default\">\n\t\t\t\t\t\t\t<div class=\"elementor-row\">\n\t\t\t\t\t<div class=\"elementor-column elementor-col-50 elementor-inner-column elementor-element elementor-element-9ae4a3a\" data-id=\"9ae4a3a\" data-element_type=\"column\">\n\t\t\t<div class=\"elementor-column-wrap elementor-element-populated\">\n\t\t\t\t\t\t\t<div class=\"elementor-widget-wrap\">\n\t\t\t\t\t\t<div class=\"elementor-element elementor-element-abfff0f elementor-widget elementor-widget-image\" data-id=\"abfff0f\" data-element_type=\"widget\" data-widget_type=\"image.default\">\n\t\t\t\t<div class=\"elementor-widget-container\">\n\t\t\t\t\t\t\t\t<div class=\"elementor-image\">\n\t\t\t\t\t\t\t\t\t\t\t\t<img width=\"1024\" height=\"575\" src=\"https:\/\/www.medellin.gov.co\/es\/wp-content\/uploads\/2021\/11\/entrando-movilidad-linea-1024x575.jpeg\" class=\"attachment-large size-large\" alt=\"Entrando a Movilidad en L\u00ednea\" loading=\"lazy\" srcset=\"https:\/\/www.medellin.gov.co\/es\/wp-content\/uploads\/2021\/11\/entrando-movilidad-linea-1024x575.jpeg 1024w, https:\/\/www.medellin.gov.co\/es\/wp-content\/uploads\/2021\/11\/entrando-movilidad-linea-300x169.jpeg 300w, https:\/\/www.medellin.gov.co\/es\/wp-content\/uploads\/2021\/11\/entrando-movilidad-linea-150x84.jpeg 150w, https:\/\/www.medellin.gov.co\/es\/wp-content\/uploads\/2021\/11\/entrando-movilidad-linea-768x431.jpeg 768w, https:\/\/www.medellin.gov.co\/es\/wp-content\/uploads\/2021\/11\/entrando-movilidad-linea.jpeg 1280w\" sizes=\"(max-width: 1024px) 100vw, 1024px\" \/>\t\t\t\t\t\t\t\t\t\t\t\t\t\t<\/div>\n\t\t\t\t\t\t<\/div>\n\t\t\t\t<\/div>\n\t\t\t\t\t\t<\/div>\n\t\t\t\t\t<\/div>\n\t\t<\/div>\n\t\t\t\t<div class=\"elementor-column elementor-col-50 elementor-inner-column elementor-element elementor-element-8bb2547\" data-id=\"8bb2547\" data-element_type=\"column\">\n\t\t\t<div class=\"elementor-column-wrap elementor-element-populated\">\n\t\t\t\t\t\t\t<div class=\"elementor-widget-wrap\">\n\t\t\t\t\t\t<div class=\"elementor-element elementor-element-b2fa509 elementor-widget elementor-widget-text-editor\" data-id=\"b2fa509\" data-element_type=\"widget\" data-widget_type=\"text-editor.default\">\n\t\t\t\t<div class=\"elementor-widget-container\">\n\t\t\t\t\t\t\t\t<div class=\"elementor-text-editor elementor-clearfix\">\n\t\t\t\t<p>En cualquiera de los casos anteriores, si ya tiene fecha establecida para el Curso de Amonestados, puede realizarlo <a href=\"https:\/\/escuelavirtual.medellin.gov.co\/campusvirtual\/login\/index.php?lang=es_mx\" target=\"_blank\" rel=\"noopener\">haciendo clic aqu\u00ed.<\/a><\/p><ul><li>Su nombre de usuario <strong>es el n\u00famero del comparendo en su totalidad<\/strong>.<\/li><li>Su contrase\u00f1a <strong>es su n\u00famero de documento de identidad<\/strong> (aquel que figura en el acta de compromiso firmada o en la resoluci\u00f3n del inspector).<\/li><\/ul>\t\t\t\t\t<\/div>\n\t\t\t\t\t\t<\/div>\n\t\t\t\t<\/div>\n\t\t\t\t\t\t<\/div>\n\t\t\t\t\t<\/div>\n\t\t<\/div>\n\t\t\t\t\t\t\t\t<\/div>\n\t\t\t\t\t<\/div>\n\t\t<\/section>\n\t\t\t\t<div class=\"elementor-element elementor-element-6a1ca0f elementor-widget elementor-widget-text-editor\" data-id=\"6a1ca0f\" data-element_type=\"widget\" data-widget_type=\"text-editor.default\">\n\t\t\t\t<div class=\"elementor-widget-container\">\n\t\t\t\t\t\t\t\t<div class=\"elementor-text-editor elementor-clearfix\">\n\t\t\t\t<p>En caso de presentar alg\u00fan problema para ingresar al curso, puede escribir al correo <a href=\"mailto:moodle@medellin.gov.co\" target=\"_blank\" rel=\"noopener\">moodle@medellin.gov.co<\/a> indicando su nombre completo y su n\u00famero de documento de identidad.<\/p><p>Si no tiene claro cu\u00e1l es su n\u00famero de comparendo, puede ingresar al enlace que a continuaci\u00f3n se especifica y buscar all\u00ed el correspondiente a su n\u00famero de c\u00e9dula. <a href=\"https:\/\/docs.google.com\/spreadsheets\/d\/169xUKsaUBRkDq8I3xE2SX3ga3JG_BR4lRtL5wH52aR8\/edit#gid=0\" target=\"_blank\" rel=\"noopener\">Consulte su comparendo.<\/a><\/p><p>Tambi\u00e9n, en el correo <a href=\"mailto:moodle@medellin.gov.co\">moodle@medellin.gov.co<\/a> puede solicitar la confirmaci\u00f3n de su n\u00famero de comparendo. No olvide indicar su nombre completo y su n\u00famero de documento de identidad.<\/p><p>Si usted tiene varias amonestaciones, tiene que realizar un curso por cada comparendo o amonestaci\u00f3n que tenga.\u00a0 Para cada uno de ellos debe realizar el proceso de notificaci\u00f3n y programaci\u00f3n previamente descrito cuando aplique.<\/p><p>Tenga en cuenta que el Curso de Amonestados s\u00f3lo se debe realizar en la fecha programada por el Organismo de Tr\u00e1nsito, bien sea aquella plasmada en el compromiso firmado por el infractor al momento de la programaci\u00f3n en la taquilla o la definida en la resoluci\u00f3n del inspector. La hora l\u00edmite para su realizaci\u00f3n ser\u00e1 las 23:59 de la fecha establecida.<\/p><p>Transcurridos 20 d\u00edas despu\u00e9s de la realizaci\u00f3n del curso, podr\u00e1 verificar que el comparendo se encuentra descargado de la plataforma SIMIT.<\/p><p>El ciudadano que no realice el curso en la fecha se\u00f1alada contar\u00e1 con tres (3) d\u00edas h\u00e1biles para radicar documento con justificaci\u00f3n v\u00e1lida de su inasistencia en el siguiente link <a href=\"https:\/\/www.medellin.gov.co\/es\/pqrsd\/\">https:\/\/www.medellin.gov.co\/es\/pqrsd\/<\/a>, a efectos de solicitar reprogramaci\u00f3n del curso pedag\u00f3gico.\u00a0 No olvide que es el inspector, como autoridad de tr\u00e1nsito, quien determinar\u00e1 si la causa allegada es v\u00e1lida y es posible realizar la reprogramaci\u00f3n.<\/p><p>Una vez cumplido este plazo sin que se pruebe justa causa de inasistencia, el ciudadano se har\u00e1 acreedor a la sanci\u00f3n econ\u00f3mica que contempla el art\u00edculo 123 de la Ley 769 de 2002 (C\u00f3digo Nacional de Tr\u00e1nsito).<\/p>\t\t\t\t\t<\/div>\n\t\t\t\t\t\t<\/div>\n\t\t\t\t<\/div>\n\t\t\t\t<div class=\"elementor-element elementor-element-8ab3d27 elementor-widget elementor-widget-heading\" data-id=\"8ab3d27\" data-element_type=\"widget\" data-widget_type=\"heading.default\">\n\t\t\t\t<div class=\"elementor-widget-container\">\n\t\t\t<h2 class=\"elementor-heading-title elementor-size-default\"><b>Protecci\u00f3n de datos<\/b> y derechos de autor<\/h2>\t\t<\/div>\n\t\t\t\t<\/div>\n\t\t\t\t<div class=\"elementor-element elementor-element-931e53c elementor-widget elementor-widget-text-editor\" data-id=\"931e53c\" data-element_type=\"widget\" data-widget_type=\"text-editor.default\">\n\t\t\t\t<div class=\"elementor-widget-container\">\n\t\t\t\t\t\t\t\t<div class=\"elementor-text-editor elementor-clearfix\">\n\t\t\t\t<p>Seg\u00fan lo regulado en el Art\u00edculo 15 de la Constituci\u00f3n Pol\u00edtica de Colombia, Ley 1266 de 2008 Articulo 3 literales G y H, Ley 1437 de 2011 Art\u00edculo 24, Ley 1581 de 2012 Art\u00edculos 5, 6 y 7, Ley 1755 de 2015 Art\u00edculo 24 y 25, Ley 1712 de 2014 Art\u00edculo 18 Literal B; los datos personales aqu\u00ed solicitados se encuentran protegidos por las normas descritas y s\u00f3lo ser\u00e1n utilizados por el organismo de tr\u00e1nsito para la identificaci\u00f3n personal del contraventor y la migraci\u00f3n de la informaci\u00f3n en la plataforma SIMIT.<\/p>\n<p>La informaci\u00f3n contenida en el curso se encuentra protegida por lo dispuesto en la Ley 1915 de 2018 \u201cPor la cual se modifica la Ley 23 de 1982 y se establecen otras disposiciones en materia de derecho de autor y derechos conexos\u201d.&nbsp; Propiedad de la Secretar\u00eda de Movilidad de Medell\u00edn.<\/p>\t\t\t\t\t<\/div>\n\t\t\t\t\t\t<\/div>\n\t\t\t\t<\/div>\n\t\t\t\t\t\t<\/div>\n\t\t\t\t\t<\/div>\n\t\t<\/div>\n\t\t\t\t\t\t\t\t<\/div>\n\t\t\t\t\t<\/div>\n\t\t<\/section>\n\t\t\t\t\t\t\t\t\t<\/div>\n\t\t\t<\/div>\n\t\t\t\t\t<\/div>\n\t\t","protected":false},"excerpt":{"rendered":"<p>Curso de amonestados para infractores de tr\u00e1nsito en Medell\u00edn Por favor atienda en su totalidad, antes de comenzar el curso, la siguiente informaci\u00f3n El Curso de Amonestados que se realiza a trav\u00e9s de la Secretar\u00eda &#8230;<\/p>\n","protected":false},"author":4,"featured_media":16466,"parent":15075,"menu_order":0,"comment_status":"closed","ping_status":"closed","template":"sec-movilidad\/elementor.php","meta":[],"acf":[],"_links":{"self":[{"href":"https:\/\/www.medellin.gov.co\/es\/wp-json\/wp\/v2\/pages\/152693"}],"collection":[{"href":"https:\/\/www.medellin.gov.co\/es\/wp-json\/wp\/v2\/pages"}],"about":[{"href":"https:\/\/www.medellin.gov.co\/es\/wp-json\/wp\/v2\/types\/page"}],"author":[{"embeddable":true,"href":"https:\/\/www.medellin.gov.co\/es\/wp-json\/wp\/v2\/users\/4"}],"replies":[{"embeddable":true,"href":"https:\/\/www.medellin.gov.co\/es\/wp-json\/wp\/v2\/comments?post=152693"}],"version-history":[{"count":10,"href":"https:\/\/www.medellin.gov.co\/es\/wp-json\/wp\/v2\/pages\/152693\/revisions"}],"predecessor-version":[{"id":243402,"href":"https:\/\/www.medellin.gov.co\/es\/wp-json\/wp\/v2\/pages\/152693\/revisions\/243402"}],"up":[{"embeddable":true,"href":"https:\/\/www.medellin.gov.co\/es\/wp-json\/wp\/v2\/pages\/15075"}],"wp:featuredmedia":[{"embeddable":true,"href":"https:\/\/www.medellin.gov.co\/es\/wp-json\/wp\/v2\/media\/16466"}],"wp:attachment":[{"href":"https:\/\/www.medellin.gov.co\/es\/wp-json\/wp\/v2\/media?parent=152693"}],"curies":[{"name":"wp","href":"https:\/\/api.w.org\/{rel}","templated":true}]}}

Curso de amonestados para infractores de tránsito en Medellín

<div data-elementor-type="wp-page" data-elementor-id="152693" class="elementor elementor-152693">
						<div class="elementor-inner">
				<div class="elementor-section-wrap">
									<section class="elementor-section elementor-top-section elementor-element elementor-element-986f09d elementor-section-boxed elementor-section-height-default elementor-section-height-default" data-id="986f09d" data-element_type="section">
						<div class="elementor-container elementor-column-gap-default">
							<div class="elementor-row">
					<div class="elementor-column elementor-col-100 elementor-top-column elementor-element elementor-element-f10a180" data-id="f10a180" data-element_type="column">
			<div class="elementor-column-wrap elementor-element-populated">
							<div class="elementor-widget-wrap">
						<div class="elementor-element elementor-element-93b67b6 elementor-widget elementor-widget-heading" data-id="93b67b6" data-element_type="widget" data-widget_type="heading.default">
				<div class="elementor-widget-container">
			<h1 class="elementor-heading-title elementor-size-default">Curso de amonestados para infractores de tránsito en Medellín</h1>		</div>
				</div>
				<div class="elementor-element elementor-element-0702853 elementor-widget elementor-widget-heading" data-id="0702853" data-element_type="widget" data-widget_type="heading.default">
				<div class="elementor-widget-container">
			<h2 class="elementor-heading-title elementor-size-default"><b>Por favor atienda</b> en su totalidad, antes de comenzar el curso, la siguiente información </h2>		</div>
				</div>
				<div class="elementor-element elementor-element-082c5d2 elementor-widget elementor-widget-text-editor" data-id="082c5d2" data-element_type="widget" data-widget_type="text-editor.default">
				<div class="elementor-widget-container">
								<div class="elementor-text-editor elementor-clearfix">
				<p>El Curso de Amonestados que se realiza a través de la Secretaría de Movilidad de Medellín solamente aplica para comparendos de tipo pedagógico, es decir, aquellos que no contemplan una sanción económica.  No tiene ninguna relación con aquellos comparendos que implican el pago de una sanción monetaria.  Si éste último es su caso, debe dirigirse a un CIA (Centro Integral de Atención) y realizar allí el curso requerido para obtener un descuento en la multa.</p><p>Existen dos situaciones en las que usted puede verse obligado a realizar el curso para amonestados:</p><ol><li><strong><span style="color: #000000;">Recibir una amonestación o comparendo pedagógico –sin sanción económica- por parte de un agente de tránsito en vía pública.</span></strong> Si este es su caso, antes de realizar este curso debe dirigirse a cualquiera de las sedes de la Secretaría de Movilidad (Caribe, Premium Plaza o Sao Paulo), taquilla Actualizaciones, dentro de los cinco (5) días hábiles posteriores a la imposición de la orden de comparendo, a efectos de notificarse y solicitar la programación para el curso. Si usted realiza el curso virtual sin esta programación previa, dicho curso no podrá ser tenido en cuenta para descargar la sanción del sistema.</li></ol><ol start="2"><li><span style="color: #000000;"><strong>Ser sancionado con la realización del curso por parte de un inspector de tránsito.</strong></span> Si este es su caso, puede realizarlo en la fecha indicada en la Resolución del inspector, sin necesidad de que usted gestione la fecha de programación (ya estará definida en la resolución).</li></ol>					</div>
						</div>
				</div>
				<section class="elementor-section elementor-inner-section elementor-element elementor-element-32f2d36 elementor-section-boxed elementor-section-height-default elementor-section-height-default" data-id="32f2d36" data-element_type="section">
						<div class="elementor-container elementor-column-gap-default">
							<div class="elementor-row">
					<div class="elementor-column elementor-col-50 elementor-inner-column elementor-element elementor-element-9ae4a3a" data-id="9ae4a3a" data-element_type="column">
			<div class="elementor-column-wrap elementor-element-populated">
							<div class="elementor-widget-wrap">
						<div class="elementor-element elementor-element-abfff0f elementor-widget elementor-widget-image" data-id="abfff0f" data-element_type="widget" data-widget_type="image.default">
				<div class="elementor-widget-container">
								<div class="elementor-image">
												<img width="1024" height="575" src="https://www.medellin.gov.co/es/wp-content/uploads/2021/11/entrando-movilidad-linea-1024x575.jpeg" class="attachment-large size-large" alt="Entrando a Movilidad en Línea" loading="lazy" srcset="https://www.medellin.gov.co/es/wp-content/uploads/2021/11/entrando-movilidad-linea-1024x575.jpeg 1024w, https://www.medellin.gov.co/es/wp-content/uploads/2021/11/entrando-movilidad-linea-300x169.jpeg 300w, https://www.medellin.gov.co/es/wp-content/uploads/2021/11/entrando-movilidad-linea-150x84.jpeg 150w, https://www.medellin.gov.co/es/wp-content/uploads/2021/11/entrando-movilidad-linea-768x431.jpeg 768w, https://www.medellin.gov.co/es/wp-content/uploads/2021/11/entrando-movilidad-linea.jpeg 1280w" sizes="(max-width: 1024px) 100vw, 1024px" />														</div>
						</div>
				</div>
						</div>
					</div>
		</div>
				<div class="elementor-column elementor-col-50 elementor-inner-column elementor-element elementor-element-8bb2547" data-id="8bb2547" data-element_type="column">
			<div class="elementor-column-wrap elementor-element-populated">
							<div class="elementor-widget-wrap">
						<div class="elementor-element elementor-element-b2fa509 elementor-widget elementor-widget-text-editor" data-id="b2fa509" data-element_type="widget" data-widget_type="text-editor.default">
				<div class="elementor-widget-container">
								<div class="elementor-text-editor elementor-clearfix">
				<p>En cualquiera de los casos anteriores, si ya tiene fecha establecida para el Curso de Amonestados, puede realizarlo <a href="https://escuelavirtual.medellin.gov.co/campusvirtual/login/index.php?lang=es_mx" target="_blank" rel="noopener">haciendo clic aquí.</a></p><ul><li>Su nombre de usuario <strong>es el número del comparendo en su totalidad</strong>.</li><li>Su contraseña <strong>es su número de documento de identidad</strong> (aquel que figura en el acta de compromiso firmada o en la resolución del inspector).</li></ul>					</div>
						</div>
				</div>
						</div>
					</div>
		</div>
								</div>
					</div>
		</section>
				<div class="elementor-element elementor-element-6a1ca0f elementor-widget elementor-widget-text-editor" data-id="6a1ca0f" data-element_type="widget" data-widget_type="text-editor.default">
				<div class="elementor-widget-container">
								<div class="elementor-text-editor elementor-clearfix">
				<p>En caso de presentar algún problema para ingresar al curso, puede escribir al correo <a href="mailto:moodle@medellin.gov.co" target="_blank" rel="noopener">moodle@medellin.gov.co</a> indicando su nombre completo y su número de documento de identidad.</p><p>Si no tiene claro cuál es su número de comparendo, puede ingresar al enlace que a continuación se especifica y buscar allí el correspondiente a su número de cédula. <a href="https://docs.google.com/spreadsheets/d/169xUKsaUBRkDq8I3xE2SX3ga3JG_BR4lRtL5wH52aR8/edit#gid=0" target="_blank" rel="noopener">Consulte su comparendo.</a></p><p>También, en el correo <a href="mailto:moodle@medellin.gov.co">moodle@medellin.gov.co</a> puede solicitar la confirmación de su número de comparendo. No olvide indicar su nombre completo y su número de documento de identidad.</p><p>Si usted tiene varias amonestaciones, tiene que realizar un curso por cada comparendo o amonestación que tenga.  Para cada uno de ellos debe realizar el proceso de notificación y programación previamente descrito cuando aplique.</p><p>Tenga en cuenta que el Curso de Amonestados sólo se debe realizar en la fecha programada por el Organismo de Tránsito, bien sea aquella plasmada en el compromiso firmado por el infractor al momento de la programación en la taquilla o la definida en la resolución del inspector. La hora límite para su realización será las 23:59 de la fecha establecida.</p><p>Transcurridos 20 días después de la realización del curso, podrá verificar que el comparendo se encuentra descargado de la plataforma SIMIT.</p><p>El ciudadano que no realice el curso en la fecha señalada contará con tres (3) días hábiles para radicar documento con justificación válida de su inasistencia en el siguiente link <a href="https://www.medellin.gov.co/es/pqrsd/">https://www.medellin.gov.co/es/pqrsd/</a>, a efectos de solicitar reprogramación del curso pedagógico.  No olvide que es el inspector, como autoridad de tránsito, quien determinará si la causa allegada es válida y es posible realizar la reprogramación.</p><p>Una vez cumplido este plazo sin que se pruebe justa causa de inasistencia, el ciudadano se hará acreedor a la sanción económica que contempla el artículo 123 de la Ley 769 de 2002 (Código Nacional de Tránsito).</p>					</div>
						</div>
				</div>
				<div class="elementor-element elementor-element-8ab3d27 elementor-widget elementor-widget-heading" data-id="8ab3d27" data-element_type="widget" data-widget_type="heading.default">
				<div class="elementor-widget-container">
			<h2 class="elementor-heading-title elementor-size-default"><b>Protección de datos</b> y derechos de autor</h2>		</div>
				</div>
				<div class="elementor-element elementor-element-931e53c elementor-widget elementor-widget-text-editor" data-id="931e53c" data-element_type="widget" data-widget_type="text-editor.default">
				<div class="elementor-widget-container">
								<div class="elementor-text-editor elementor-clearfix">
				<p>Según lo regulado en el Artículo 15 de la Constitución Política de Colombia, Ley 1266 de 2008 Articulo 3 literales G y H, Ley 1437 de 2011 Artículo 24, Ley 1581 de 2012 Artículos 5, 6 y 7, Ley 1755 de 2015 Artículo 24 y 25, Ley 1712 de 2014 Artículo 18 Literal B; los datos personales aquí solicitados se encuentran protegidos por las normas descritas y sólo serán utilizados por el organismo de tránsito para la identificación personal del contraventor y la migración de la información en la plataforma SIMIT.</p>
<p>La información contenida en el curso se encuentra protegida por lo dispuesto en la Ley 1915 de 2018 “Por la cual se modifica la Ley 23 de 1982 y se establecen otras disposiciones en materia de derecho de autor y derechos conexos”.&nbsp; Propiedad de la Secretaría de Movilidad de Medellín.</p>					</div>
						</div>
				</div>
						</div>
					</div>
		</div>
								</div>
					</div>
		</section>
									</div>
			</div>
					</div>

<p>Curso de amonestados para infractores de tránsito en Medellín Por favor atienda en su totalidad, antes de comenzar el curso, la siguiente información El Curso de Amonestados que se realiza a través de la Secretaría &#8230;</p>
