{"id":164403,"date":"2023-03-06T10:48:24","date_gmt":"2023-03-06T15:48:24","guid":{"rendered":"https:\/\/www.medellin.gov.co\/es\/?page_id=164403"},"modified":"2023-07-24T09:13:54","modified_gmt":"2023-07-24T14:13:54","slug":"obras-y-mejoramientos-de-la-infraestructura-educativa-en-la-comuna-10-la-candelaria","status":"publish","type":"page","link":"https:\/\/www.medellin.gov.co\/es\/secretaria-de-educacion\/obras-y-mejoramientos-de-infraestructura-educativa-de-medellin\/obras-y-mejoramientos-de-infraestructura-educativa-en-la-zona-3-de-medellin\/obras-y-mejoramientos-de-la-infraestructura-educativa-en-la-comuna-10-la-candelaria\/","title":{"rendered":"Obras y mejoramientos de la infraestructura educativa en la Comuna 10 &#8211; La Candelaria"},"content":{"rendered":"\t\t<div data-elementor-type=\"wp-page\" data-elementor-id=\"164403\" class=\"elementor elementor-164403\">\n\t\t\t\t\t\t<div class=\"elementor-inner\">\n\t\t\t\t<div class=\"elementor-section-wrap\">\n\t\t\t\t\t\t\t\t\t<section class=\"elementor-section elementor-top-section elementor-element elementor-element-33458c2 elementor-section-boxed elementor-section-height-default elementor-section-height-default\" data-id=\"33458c2\" data-element_type=\"section\">\n\t\t\t\t\t\t<div class=\"elementor-container elementor-column-gap-default\">\n\t\t\t\t\t\t\t<div class=\"elementor-row\">\n\t\t\t\t\t<div class=\"elementor-column elementor-col-100 elementor-top-column elementor-element elementor-element-3d553e9\" data-id=\"3d553e9\" data-element_type=\"column\">\n\t\t\t<div class=\"elementor-column-wrap elementor-element-populated\">\n\t\t\t\t\t\t\t<div class=\"elementor-widget-wrap\">\n\t\t\t\t\t\t<div class=\"elementor-element elementor-element-2aaec04 elementor-widget elementor-widget-heading\" data-id=\"2aaec04\" data-element_type=\"widget\" data-widget_type=\"heading.default\">\n\t\t\t\t<div class=\"elementor-widget-container\">\n\t\t\t<h1 class=\"elementor-heading-title elementor-size-default\">Conoce todas las obras y mejoramientos de la infraestructura educativa de la Comuna 10 - La Candelaria<\/h1>\t\t<\/div>\n\t\t\t\t<\/div>\n\t\t\t\t<section class=\"elementor-section elementor-inner-section elementor-element elementor-element-8c3eb93 elementor-section-boxed elementor-section-height-default elementor-section-height-default\" data-id=\"8c3eb93\" data-element_type=\"section\">\n\t\t\t\t\t\t<div class=\"elementor-container elementor-column-gap-default\">\n\t\t\t\t\t\t\t<div class=\"elementor-row\">\n\t\t\t\t\t<div class=\"elementor-column elementor-col-50 elementor-inner-column elementor-element elementor-element-762ac1a\" data-id=\"762ac1a\" data-element_type=\"column\">\n\t\t\t<div class=\"elementor-column-wrap elementor-element-populated\">\n\t\t\t\t\t\t\t<div class=\"elementor-widget-wrap\">\n\t\t\t\t\t\t<div class=\"elementor-element elementor-element-dbea1a4 elementor-widget elementor-widget-text-editor\" data-id=\"dbea1a4\" data-element_type=\"widget\" data-widget_type=\"text-editor.default\">\n\t\t\t\t<div class=\"elementor-widget-container\">\n\t\t\t\t\t\t\t\t<div class=\"elementor-text-editor elementor-clearfix\">\n\t\t\t\t<p><span data-sheets-value=\"{\" data-sheets-userformat=\"{\">En 2023, la Comuna 10 &#8211; La Candelaria ser\u00e1 beneficiada con 11 obras que embellecer\u00e1n y mejorar\u00e1n su infraestructura educativa, para fortalecer el Valle del Software y la transformaci\u00f3n educativa y cultural.<\/span><\/p>\t\t\t\t\t<\/div>\n\t\t\t\t\t\t<\/div>\n\t\t\t\t<\/div>\n\t\t\t\t\t\t<\/div>\n\t\t\t\t\t<\/div>\n\t\t<\/div>\n\t\t\t\t<div class=\"elementor-column elementor-col-50 elementor-inner-column elementor-element elementor-element-2e52370\" data-id=\"2e52370\" data-element_type=\"column\">\n\t\t\t<div class=\"elementor-column-wrap elementor-element-populated\">\n\t\t\t\t\t\t\t<div class=\"elementor-widget-wrap\">\n\t\t\t\t\t\t<div class=\"elementor-element elementor-element-d875105 elementor-widget elementor-widget-image\" data-id=\"d875105\" data-element_type=\"widget\" data-widget_type=\"image.default\">\n\t\t\t\t<div class=\"elementor-widget-container\">\n\t\t\t\t\t\t\t\t<div class=\"elementor-image\">\n\t\t\t\t\t\t\t\t\t\t\t\t<img width=\"1000\" height=\"450\" src=\"https:\/\/www.medellin.gov.co\/es\/wp-content\/uploads\/2022\/04\/20220331-Colegio-Diego-Echavarria-1.jpg\" class=\"attachment-large size-large\" alt=\"20220331-Colegio-Diego-Echavarria-1\" loading=\"lazy\" srcset=\"https:\/\/www.medellin.gov.co\/es\/wp-content\/uploads\/2022\/04\/20220331-Colegio-Diego-Echavarria-1.jpg 1000w, https:\/\/www.medellin.gov.co\/es\/wp-content\/uploads\/2022\/04\/20220331-Colegio-Diego-Echavarria-1-300x135.jpg 300w, https:\/\/www.medellin.gov.co\/es\/wp-content\/uploads\/2022\/04\/20220331-Colegio-Diego-Echavarria-1-150x68.jpg 150w, https:\/\/www.medellin.gov.co\/es\/wp-content\/uploads\/2022\/04\/20220331-Colegio-Diego-Echavarria-1-768x346.jpg 768w\" sizes=\"(max-width: 1000px) 100vw, 1000px\" \/>\t\t\t\t\t\t\t\t\t\t\t\t\t\t<\/div>\n\t\t\t\t\t\t<\/div>\n\t\t\t\t<\/div>\n\t\t\t\t\t\t<\/div>\n\t\t\t\t\t<\/div>\n\t\t<\/div>\n\t\t\t\t\t\t\t\t<\/div>\n\t\t\t\t\t<\/div>\n\t\t<\/section>\n\t\t\t\t<div class=\"elementor-element elementor-element-137eddc elementor-widget elementor-widget-heading\" data-id=\"137eddc\" data-element_type=\"widget\" data-widget_type=\"heading.default\">\n\t\t\t\t<div class=\"elementor-widget-container\">\n\t\t\t<h2 class=\"elementor-heading-title elementor-size-default\"><b>Infraestructura<\/b> educativa a intervenir en la Comuna 10 - La Candelaria<\/h2>\t\t<\/div>\n\t\t\t\t<\/div>\n\t\t\t\t<div class=\"elementor-element elementor-element-265671d elementor-widget elementor-widget-text-editor\" data-id=\"265671d\" data-element_type=\"widget\" data-widget_type=\"text-editor.default\">\n\t\t\t\t<div class=\"elementor-widget-container\">\n\t\t\t\t\t\t\t\t<div class=\"elementor-text-editor elementor-clearfix\">\n\t\t\t\t<p>Para conocer el detalle de cada una de las intervenciones de las infraestructuras educativas, da clic sobre el nombre. Medell\u00edn est\u00e1 mejor que nunca.<\/p>\t\t\t\t\t<\/div>\n\t\t\t\t\t\t<\/div>\n\t\t\t\t<\/div>\n\t\t\t\t<div class=\"elementor-element elementor-element-ea3e43b elementor-widget elementor-widget-text-editor\" data-id=\"ea3e43b\" data-element_type=\"widget\" data-widget_type=\"text-editor.default\">\n\t\t\t\t<div class=\"elementor-widget-container\">\n\t\t\t\t\t\t\t\t<div class=\"elementor-text-editor elementor-clearfix\">\n\t\t\t\t<p>Instituci\u00f3n Educativa Alfonso L\u00f3pez Pumarejo <\/p><p>Instituci\u00f3n Educativa Centro Formativo De Antioquia -Cefa <\/p><p>Instituci\u00f3n Educativa H\u00e9ctor Abad G\u00f3mez <\/p><ul><li>Secci\u00f3n Escuela Dar\u00edo Londo\u00f1o Cardona<\/li><\/ul><p>Instituci\u00f3n Educativa Javiera Londo\u00f1o <\/p><ul><li>Secci\u00f3n Escuela Antonia Santos<\/li><li>Secci\u00f3n Escuela Luis Alfonso Agudelo<\/li><\/ul><p>Instituci\u00f3n Educativa Tulio Ospina <\/p><p>Instituci\u00f3n Educativa Ana De Castrill\u00f3n <\/p><p>Instituci\u00f3n Educativa El Salvador <\/p><p>Instituci\u00f3n Educativa San Benito <\/p>\t\t\t\t\t<\/div>\n\t\t\t\t\t\t<\/div>\n\t\t\t\t<\/div>\n\t\t\t\t\t\t<\/div>\n\t\t\t\t\t<\/div>\n\t\t<\/div>\n\t\t\t\t\t\t\t\t<\/div>\n\t\t\t\t\t<\/div>\n\t\t<\/section>\n\t\t\t\t\t\t\t\t\t<\/div>\n\t\t\t<\/div>\n\t\t\t\t\t<\/div>\n\t\t","protected":false},"excerpt":{"rendered":"<p>Conoce todas las obras y mejoramientos de la infraestructura educativa de la Comuna 10 &#8211; La Candelaria En 2023, la Comuna 10 &#8211; La Candelaria ser\u00e1 beneficiada con 11 obras que embellecer\u00e1n y mejorar\u00e1n su &#8230;<\/p>\n","protected":false},"author":31,"featured_media":63272,"parent":163371,"menu_order":0,"comment_status":"closed","ping_status":"closed","template":"sec-educacion\/elementor.php","meta":[],"acf":[],"_links":{"self":[{"href":"https:\/\/www.medellin.gov.co\/es\/wp-json\/wp\/v2\/pages\/164403"}],"collection":[{"href":"https:\/\/www.medellin.gov.co\/es\/wp-json\/wp\/v2\/pages"}],"about":[{"href":"https:\/\/www.medellin.gov.co\/es\/wp-json\/wp\/v2\/types\/page"}],"author":[{"embeddable":true,"href":"https:\/\/www.medellin.gov.co\/es\/wp-json\/wp\/v2\/users\/31"}],"replies":[{"embeddable":true,"href":"https:\/\/www.medellin.gov.co\/es\/wp-json\/wp\/v2\/comments?post=164403"}],"version-history":[{"count":9,"href":"https:\/\/www.medellin.gov.co\/es\/wp-json\/wp\/v2\/pages\/164403\/revisions"}],"predecessor-version":[{"id":224050,"href":"https:\/\/www.medellin.gov.co\/es\/wp-json\/wp\/v2\/pages\/164403\/revisions\/224050"}],"up":[{"embeddable":true,"href":"https:\/\/www.medellin.gov.co\/es\/wp-json\/wp\/v2\/pages\/163371"}],"wp:featuredmedia":[{"embeddable":true,"href":"https:\/\/www.medellin.gov.co\/es\/wp-json\/wp\/v2\/media\/63272"}],"wp:attachment":[{"href":"https:\/\/www.medellin.gov.co\/es\/wp-json\/wp\/v2\/media?parent=164403"}],"curies":[{"name":"wp","href":"https:\/\/api.w.org\/{rel}","templated":true}]}}

<div data-elementor-type="wp-page" data-elementor-id="164403" class="elementor elementor-164403">
						<div class="elementor-inner">
				<div class="elementor-section-wrap">
									<section class="elementor-section elementor-top-section elementor-element elementor-element-33458c2 elementor-section-boxed elementor-section-height-default elementor-section-height-default" data-id="33458c2" data-element_type="section">
						<div class="elementor-container elementor-column-gap-default">
							<div class="elementor-row">
					<div class="elementor-column elementor-col-100 elementor-top-column elementor-element elementor-element-3d553e9" data-id="3d553e9" data-element_type="column">
			<div class="elementor-column-wrap elementor-element-populated">
							<div class="elementor-widget-wrap">
						<div class="elementor-element elementor-element-2aaec04 elementor-widget elementor-widget-heading" data-id="2aaec04" data-element_type="widget" data-widget_type="heading.default">
				<div class="elementor-widget-container">
			<h1 class="elementor-heading-title elementor-size-default">Conoce todas las obras y mejoramientos de la infraestructura educativa de la Comuna 10 - La Candelaria</h1>		</div>
				</div>
				<section class="elementor-section elementor-inner-section elementor-element elementor-element-8c3eb93 elementor-section-boxed elementor-section-height-default elementor-section-height-default" data-id="8c3eb93" data-element_type="section">
						<div class="elementor-container elementor-column-gap-default">
							<div class="elementor-row">
					<div class="elementor-column elementor-col-50 elementor-inner-column elementor-element elementor-element-762ac1a" data-id="762ac1a" data-element_type="column">
			<div class="elementor-column-wrap elementor-element-populated">
							<div class="elementor-widget-wrap">
						<div class="elementor-element elementor-element-dbea1a4 elementor-widget elementor-widget-text-editor" data-id="dbea1a4" data-element_type="widget" data-widget_type="text-editor.default">
				<div class="elementor-widget-container">
								<div class="elementor-text-editor elementor-clearfix">
				<p><span data-sheets-value="{" data-sheets-userformat="{">En 2023, la Comuna 10 &#8211; La Candelaria será beneficiada con 11 obras que embellecerán y mejorarán su infraestructura educativa, para fortalecer el Valle del Software y la transformación educativa y cultural.</span></p>					</div>
						</div>
				</div>
						</div>
					</div>
		</div>
				<div class="elementor-column elementor-col-50 elementor-inner-column elementor-element elementor-element-2e52370" data-id="2e52370" data-element_type="column">
			<div class="elementor-column-wrap elementor-element-populated">
							<div class="elementor-widget-wrap">
						<div class="elementor-element elementor-element-d875105 elementor-widget elementor-widget-image" data-id="d875105" data-element_type="widget" data-widget_type="image.default">
				<div class="elementor-widget-container">
								<div class="elementor-image">
												<img width="1000" height="450" src="https://www.medellin.gov.co/es/wp-content/uploads/2022/04/20220331-Colegio-Diego-Echavarria-1.jpg" class="attachment-large size-large" alt="20220331-Colegio-Diego-Echavarria-1" loading="lazy" srcset="https://www.medellin.gov.co/es/wp-content/uploads/2022/04/20220331-Colegio-Diego-Echavarria-1.jpg 1000w, https://www.medellin.gov.co/es/wp-content/uploads/2022/04/20220331-Colegio-Diego-Echavarria-1-300x135.jpg 300w, https://www.medellin.gov.co/es/wp-content/uploads/2022/04/20220331-Colegio-Diego-Echavarria-1-150x68.jpg 150w, https://www.medellin.gov.co/es/wp-content/uploads/2022/04/20220331-Colegio-Diego-Echavarria-1-768x346.jpg 768w" sizes="(max-width: 1000px) 100vw, 1000px" />														</div>
						</div>
				</div>
						</div>
					</div>
		</div>
								</div>
					</div>
		</section>
				<div class="elementor-element elementor-element-137eddc elementor-widget elementor-widget-heading" data-id="137eddc" data-element_type="widget" data-widget_type="heading.default">
				<div class="elementor-widget-container">
			<h2 class="elementor-heading-title elementor-size-default"><b>Infraestructura</b> educativa a intervenir en la Comuna 10 - La Candelaria</h2>		</div>
				</div>
				<div class="elementor-element elementor-element-265671d elementor-widget elementor-widget-text-editor" data-id="265671d" data-element_type="widget" data-widget_type="text-editor.default">
				<div class="elementor-widget-container">
								<div class="elementor-text-editor elementor-clearfix">
				<p>Para conocer el detalle de cada una de las intervenciones de las infraestructuras educativas, da clic sobre el nombre. Medellín está mejor que nunca.</p>					</div>
						</div>
				</div>
				<div class="elementor-element elementor-element-ea3e43b elementor-widget elementor-widget-text-editor" data-id="ea3e43b" data-element_type="widget" data-widget_type="text-editor.default">
				<div class="elementor-widget-container">
								<div class="elementor-text-editor elementor-clearfix">
				<p>Institución Educativa Alfonso López Pumarejo </p><p>Institución Educativa Centro Formativo De Antioquia -Cefa </p><p>Institución Educativa Héctor Abad Gómez </p><ul><li>Sección Escuela Darío Londoño Cardona</li></ul><p>Institución Educativa Javiera Londoño </p><ul><li>Sección Escuela Antonia Santos</li><li>Sección Escuela Luis Alfonso Agudelo</li></ul><p>Institución Educativa Tulio Ospina </p><p>Institución Educativa Ana De Castrillón </p><p>Institución Educativa El Salvador </p><p>Institución Educativa San Benito </p>					</div>
						</div>
				</div>
						</div>
					</div>
		</div>
								</div>
					</div>
		</section>
									</div>
			</div>
					</div>

<p>Conoce todas las obras y mejoramientos de la infraestructura educativa de la Comuna 10 &#8211; La Candelaria En 2023, la Comuna 10 &#8211; La Candelaria será beneficiada con 11 obras que embellecerán y mejorarán su &#8230;</p>
