{"id":17596,"date":"2021-09-24T14:12:17","date_gmt":"2021-09-24T19:12:17","guid":{"rendered":"https:\/\/www.medellin.gov.co\/es\/?page_id=17596"},"modified":"2023-12-11T18:37:37","modified_gmt":"2023-12-11T23:37:37","slug":"analisis-de-desigualdades-sociales-en-salud","status":"publish","type":"page","link":"https:\/\/www.medellin.gov.co\/es\/secretaria-de-salud\/que-hacemos\/observatorio-de-salud\/analisis-de-desigualdades-sociales-en-salud\/","title":{"rendered":"An\u00e1lisis de desigualdades sociales"},"content":{"rendered":"\t\t<div data-elementor-type=\"wp-page\" data-elementor-id=\"17596\" class=\"elementor elementor-17596\">\n\t\t\t\t\t\t<div class=\"elementor-inner\">\n\t\t\t\t<div class=\"elementor-section-wrap\">\n\t\t\t\t\t\t\t\t\t<section class=\"elementor-section elementor-top-section elementor-element elementor-element-29052031 elementor-section-boxed elementor-section-height-default elementor-section-height-default\" data-id=\"29052031\" data-element_type=\"section\">\n\t\t\t\t\t\t<div class=\"elementor-container elementor-column-gap-default\">\n\t\t\t\t\t\t\t<div class=\"elementor-row\">\n\t\t\t\t\t<div class=\"elementor-column elementor-col-100 elementor-top-column elementor-element elementor-element-74159f8e\" data-id=\"74159f8e\" data-element_type=\"column\">\n\t\t\t<div class=\"elementor-column-wrap elementor-element-populated\">\n\t\t\t\t\t\t\t<div class=\"elementor-widget-wrap\">\n\t\t\t\t\t\t<div class=\"elementor-element elementor-element-7b832b45 elementor-widget elementor-widget-heading\" data-id=\"7b832b45\" data-element_type=\"widget\" data-widget_type=\"heading.default\">\n\t\t\t\t<div class=\"elementor-widget-container\">\n\t\t\t<h1 class=\"elementor-heading-title elementor-size-default\">An\u00e1lisis de desigualdades sociales<\/h1>\t\t<\/div>\n\t\t\t\t<\/div>\n\t\t\t\t<section class=\"elementor-section elementor-inner-section elementor-element elementor-element-585549e elementor-reverse-mobile elementor-section-boxed elementor-section-height-default elementor-section-height-default\" data-id=\"585549e\" data-element_type=\"section\">\n\t\t\t\t\t\t<div class=\"elementor-container elementor-column-gap-default\">\n\t\t\t\t\t\t\t<div class=\"elementor-row\">\n\t\t\t\t\t<div class=\"elementor-column elementor-col-50 elementor-inner-column elementor-element elementor-element-915c3cd\" data-id=\"915c3cd\" data-element_type=\"column\">\n\t\t\t<div class=\"elementor-column-wrap elementor-element-populated\">\n\t\t\t\t\t\t\t<div class=\"elementor-widget-wrap\">\n\t\t\t\t\t\t<div class=\"elementor-element elementor-element-3f20fde elementor-widget elementor-widget-text-editor\" data-id=\"3f20fde\" data-element_type=\"widget\" data-widget_type=\"text-editor.default\">\n\t\t\t\t<div class=\"elementor-widget-container\">\n\t\t\t\t\t\t\t\t<div class=\"elementor-text-editor elementor-clearfix\">\n\t\t\t\t<p>Las inequidades en salud son diferencias sistem\u00e1ticas, socialmente modificables e injustas. La equidad es un imperativo \u00e9tico y un principio esencial de la agenda sostenible de cada pa\u00eds. El progreso en la reducci\u00f3n de la inequidad es un objetivo clave que es fundamental medir, como indicador de efectividad de las Pol\u00edticas P\u00fablicas.<\/p>\n<p style=\"margin-bottom: 20px;\">Las desigualdades sociales afectan tanto a los pa\u00edses de ingresos altos como bajos y, en algunos casos, los resultados son a\u00fan peores en las zonas urbanas que en las zonas rurales. As\u00ed pues, si bien la evidencia de la llamada \u00abventaja urbana\u00bb sugiere que las poblaciones de las ciudades a menudo gozan de mejor salud que las zonas rurales, existen grandes desigualdades en cuanto a las oportunidades sociales y los resultados de salud en el seno de las \u00e1reas urbanas, lo que fue identificado por ONU Habitat como el lado oculto de las ciudades.<\/p>\t\t\t\t\t<\/div>\n\t\t\t\t\t\t<\/div>\n\t\t\t\t<\/div>\n\t\t\t\t\t\t<\/div>\n\t\t\t\t\t<\/div>\n\t\t<\/div>\n\t\t\t\t<div class=\"elementor-column elementor-col-50 elementor-inner-column elementor-element elementor-element-158dad7\" data-id=\"158dad7\" data-element_type=\"column\">\n\t\t\t<div class=\"elementor-column-wrap elementor-element-populated\">\n\t\t\t\t\t\t\t<div class=\"elementor-widget-wrap\">\n\t\t\t\t\t\t<div class=\"elementor-element elementor-element-c56ef44 elementor-widget elementor-widget-image\" data-id=\"c56ef44\" data-element_type=\"widget\" data-widget_type=\"image.default\">\n\t\t\t\t<div class=\"elementor-widget-container\">\n\t\t\t\t\t\t\t\t<div class=\"elementor-image\">\n\t\t\t\t\t\t\t\t\t\t\t\t<img width=\"1024\" height=\"678\" src=\"https:\/\/www.medellin.gov.co\/es\/wp-content\/uploads\/2021\/09\/monitoreo-de-inquietudes-sanitarias.jpg\" class=\"attachment-full size-full\" alt=\"Monitoreo de inquietudes sanitarias\" loading=\"lazy\" srcset=\"https:\/\/www.medellin.gov.co\/es\/wp-content\/uploads\/2021\/09\/monitoreo-de-inquietudes-sanitarias.jpg 1024w, https:\/\/www.medellin.gov.co\/es\/wp-content\/uploads\/2021\/09\/monitoreo-de-inquietudes-sanitarias-300x199.jpg 300w, https:\/\/www.medellin.gov.co\/es\/wp-content\/uploads\/2021\/09\/monitoreo-de-inquietudes-sanitarias-150x99.jpg 150w, https:\/\/www.medellin.gov.co\/es\/wp-content\/uploads\/2021\/09\/monitoreo-de-inquietudes-sanitarias-768x509.jpg 768w\" sizes=\"(max-width: 1024px) 100vw, 1024px\" \/>\t\t\t\t\t\t\t\t\t\t\t\t\t\t<\/div>\n\t\t\t\t\t\t<\/div>\n\t\t\t\t<\/div>\n\t\t\t\t\t\t<\/div>\n\t\t\t\t\t<\/div>\n\t\t<\/div>\n\t\t\t\t\t\t\t\t<\/div>\n\t\t\t\t\t<\/div>\n\t\t<\/section>\n\t\t\t\t<div class=\"elementor-element elementor-element-5aed237 elementor-widget elementor-widget-text-editor\" data-id=\"5aed237\" data-element_type=\"widget\" data-widget_type=\"text-editor.default\">\n\t\t\t\t<div class=\"elementor-widget-container\">\n\t\t\t\t\t\t\t\t<div class=\"elementor-text-editor elementor-clearfix\">\n\t\t\t\t<p><span style=\"color: var( --e-global-color-text ); font-family: var( --e-global-typography-text-font-family ), Sans-serif; font-size: var( --e-global-typography-text-font-size ); font-weight: var( --e-global-typography-text-font-weight );\">Estos grupos poblacionales m\u00e1s desfavorecidos forman a menudo parte de una \u00abpoblaci\u00f3n invisible\u00bb sistem\u00e1ticamente excluida de la sociedad urbana. Los hogares urbanos pobres, especialmente los asentamientos de tipo informal, son a menudo invisibles en las encuestas de poblaci\u00f3n o en las estad\u00edsticas oficiales y con frecuencia no son reconocidos por investigadores y analistas. Si ciertas personas, grupos y \u00e1reas no son reconocidos, entonces es m\u00e1s que probable que tampoco reciban servicios sociales y de salud.<\/span><\/p><p>Para el an\u00e1lisis de las desigualdades en salud a la luz de los determinantes, utilizamos el modelo conceptual de determinantes sociales de la salud de la Organizaci\u00f3n Mundial de la Salud, donde adem\u00e1s se incluye el territorio como generador de desigualdades en el acceso a bienes y servicios relacionados o no con la prestaci\u00f3n de servicios de salud y es el territorio, donde los otros ejes de desigualdad, interact\u00faan y potencian sus efectos.<\/p>\t\t\t\t\t<\/div>\n\t\t\t\t\t\t<\/div>\n\t\t\t\t<\/div>\n\t\t\t\t<div class=\"elementor-element elementor-element-f28112d elementor-tablet-align-left elementor-mobile-align-center elementor-widget elementor-widget-button\" data-id=\"f28112d\" data-element_type=\"widget\" data-widget_type=\"button.default\">\n\t\t\t\t<div class=\"elementor-widget-container\">\n\t\t\t\t\t<div class=\"elementor-button-wrapper\">\n\t\t\t<a href=\"https:\/\/www.medellin.gov.co\/es\/wp-content\/uploads\/2023\/06\/10_Desigualdades-en-salud-2021_21102022.pdf\" target=\"_blank\" class=\"elementor-button-link elementor-button elementor-size-sm\" role=\"button\">\n\t\t\t\t\t\t<span class=\"elementor-button-content-wrapper\">\n\t\t\t\t\t\t<span class=\"elementor-button-text\">Conoce el archivo<\/span>\n\t\t<\/span>\n\t\t\t\t\t<\/a>\n\t\t<\/div>\n\t\t\t\t<\/div>\n\t\t\t\t<\/div>\n\t\t\t\t<div class=\"elementor-element elementor-element-7c5a175 elementor-widget elementor-widget-html\" data-id=\"7c5a175\" data-element_type=\"widget\" data-widget_type=\"html.default\">\n\t\t\t\t<div class=\"elementor-widget-container\">\n\t\t\t<div class=\"iframe-container\"><iframe src=\"https:\/\/app.powerbi.com\/view?r=eyJrIjoiMWVlNDVlMjAtNTA0Ny00NGIyLThmNTItZDEwYTdmMGJkYmQyIiwidCI6IjljNDhlMDg4LTVlNDQtNGIwZC05M2EwLWVlYjJjNjEyN2MzZCIsImMiOjR9&pageName=ReportSectiond8363f09925352a508ce\" height=\"800\" width=\"100%\"><\/iframe><\/div>\t\t<\/div>\n\t\t\t\t<\/div>\n\t\t\t\t\t\t<\/div>\n\t\t\t\t\t<\/div>\n\t\t<\/div>\n\t\t\t\t\t\t\t\t<\/div>\n\t\t\t\t\t<\/div>\n\t\t<\/section>\n\t\t\t\t\t\t\t\t\t<\/div>\n\t\t\t<\/div>\n\t\t\t\t\t<\/div>\n\t\t","protected":false},"excerpt":{"rendered":"<p>An\u00e1lisis de desigualdades sociales Las inequidades en salud son diferencias sistem\u00e1ticas, socialmente modificables e injustas. La equidad es un imperativo \u00e9tico y un principio esencial de la agenda sostenible de cada pa\u00eds. El progreso en &#8230;<\/p>\n","protected":false},"author":1,"featured_media":17425,"parent":17589,"menu_order":10,"comment_status":"closed","ping_status":"closed","template":"sec-salud\/elementor.php","meta":[],"acf":[],"_links":{"self":[{"href":"https:\/\/www.medellin.gov.co\/es\/wp-json\/wp\/v2\/pages\/17596"}],"collection":[{"href":"https:\/\/www.medellin.gov.co\/es\/wp-json\/wp\/v2\/pages"}],"about":[{"href":"https:\/\/www.medellin.gov.co\/es\/wp-json\/wp\/v2\/types\/page"}],"author":[{"embeddable":true,"href":"https:\/\/www.medellin.gov.co\/es\/wp-json\/wp\/v2\/users\/1"}],"replies":[{"embeddable":true,"href":"https:\/\/www.medellin.gov.co\/es\/wp-json\/wp\/v2\/comments?post=17596"}],"version-history":[{"count":10,"href":"https:\/\/www.medellin.gov.co\/es\/wp-json\/wp\/v2\/pages\/17596\/revisions"}],"predecessor-version":[{"id":288563,"href":"https:\/\/www.medellin.gov.co\/es\/wp-json\/wp\/v2\/pages\/17596\/revisions\/288563"}],"up":[{"embeddable":true,"href":"https:\/\/www.medellin.gov.co\/es\/wp-json\/wp\/v2\/pages\/17589"}],"wp:featuredmedia":[{"embeddable":true,"href":"https:\/\/www.medellin.gov.co\/es\/wp-json\/wp\/v2\/media\/17425"}],"wp:attachment":[{"href":"https:\/\/www.medellin.gov.co\/es\/wp-json\/wp\/v2\/media?parent=17596"}],"curies":[{"name":"wp","href":"https:\/\/api.w.org\/{rel}","templated":true}]}}

Análisis de desigualdades sociales

<div data-elementor-type="wp-page" data-elementor-id="17596" class="elementor elementor-17596">
						<div class="elementor-inner">
				<div class="elementor-section-wrap">
									<section class="elementor-section elementor-top-section elementor-element elementor-element-29052031 elementor-section-boxed elementor-section-height-default elementor-section-height-default" data-id="29052031" data-element_type="section">
						<div class="elementor-container elementor-column-gap-default">
							<div class="elementor-row">
					<div class="elementor-column elementor-col-100 elementor-top-column elementor-element elementor-element-74159f8e" data-id="74159f8e" data-element_type="column">
			<div class="elementor-column-wrap elementor-element-populated">
							<div class="elementor-widget-wrap">
						<div class="elementor-element elementor-element-7b832b45 elementor-widget elementor-widget-heading" data-id="7b832b45" data-element_type="widget" data-widget_type="heading.default">
				<div class="elementor-widget-container">
			<h1 class="elementor-heading-title elementor-size-default">Análisis de desigualdades sociales</h1>		</div>
				</div>
				<section class="elementor-section elementor-inner-section elementor-element elementor-element-585549e elementor-reverse-mobile elementor-section-boxed elementor-section-height-default elementor-section-height-default" data-id="585549e" data-element_type="section">
						<div class="elementor-container elementor-column-gap-default">
							<div class="elementor-row">
					<div class="elementor-column elementor-col-50 elementor-inner-column elementor-element elementor-element-915c3cd" data-id="915c3cd" data-element_type="column">
			<div class="elementor-column-wrap elementor-element-populated">
							<div class="elementor-widget-wrap">
						<div class="elementor-element elementor-element-3f20fde elementor-widget elementor-widget-text-editor" data-id="3f20fde" data-element_type="widget" data-widget_type="text-editor.default">
				<div class="elementor-widget-container">
								<div class="elementor-text-editor elementor-clearfix">
				<p>Las inequidades en salud son diferencias sistemáticas, socialmente modificables e injustas. La equidad es un imperativo ético y un principio esencial de la agenda sostenible de cada país. El progreso en la reducción de la inequidad es un objetivo clave que es fundamental medir, como indicador de efectividad de las Políticas Públicas.</p>
<p style="margin-bottom: 20px;">Las desigualdades sociales afectan tanto a los países de ingresos altos como bajos y, en algunos casos, los resultados son aún peores en las zonas urbanas que en las zonas rurales. Así pues, si bien la evidencia de la llamada «ventaja urbana» sugiere que las poblaciones de las ciudades a menudo gozan de mejor salud que las zonas rurales, existen grandes desigualdades en cuanto a las oportunidades sociales y los resultados de salud en el seno de las áreas urbanas, lo que fue identificado por ONU Habitat como el lado oculto de las ciudades.</p>					</div>
						</div>
				</div>
						</div>
					</div>
		</div>
				<div class="elementor-column elementor-col-50 elementor-inner-column elementor-element elementor-element-158dad7" data-id="158dad7" data-element_type="column">
			<div class="elementor-column-wrap elementor-element-populated">
							<div class="elementor-widget-wrap">
						<div class="elementor-element elementor-element-c56ef44 elementor-widget elementor-widget-image" data-id="c56ef44" data-element_type="widget" data-widget_type="image.default">
				<div class="elementor-widget-container">
								<div class="elementor-image">
												<img width="1024" height="678" src="https://www.medellin.gov.co/es/wp-content/uploads/2021/09/monitoreo-de-inquietudes-sanitarias.jpg" class="attachment-full size-full" alt="Monitoreo de inquietudes sanitarias" loading="lazy" srcset="https://www.medellin.gov.co/es/wp-content/uploads/2021/09/monitoreo-de-inquietudes-sanitarias.jpg 1024w, https://www.medellin.gov.co/es/wp-content/uploads/2021/09/monitoreo-de-inquietudes-sanitarias-300x199.jpg 300w, https://www.medellin.gov.co/es/wp-content/uploads/2021/09/monitoreo-de-inquietudes-sanitarias-150x99.jpg 150w, https://www.medellin.gov.co/es/wp-content/uploads/2021/09/monitoreo-de-inquietudes-sanitarias-768x509.jpg 768w" sizes="(max-width: 1024px) 100vw, 1024px" />														</div>
						</div>
				</div>
						</div>
					</div>
		</div>
								</div>
					</div>
		</section>
				<div class="elementor-element elementor-element-5aed237 elementor-widget elementor-widget-text-editor" data-id="5aed237" data-element_type="widget" data-widget_type="text-editor.default">
				<div class="elementor-widget-container">
								<div class="elementor-text-editor elementor-clearfix">
				<p><span style="color: var( --e-global-color-text ); font-family: var( --e-global-typography-text-font-family ), Sans-serif; font-size: var( --e-global-typography-text-font-size ); font-weight: var( --e-global-typography-text-font-weight );">Estos grupos poblacionales más desfavorecidos forman a menudo parte de una «población invisible» sistemáticamente excluida de la sociedad urbana. Los hogares urbanos pobres, especialmente los asentamientos de tipo informal, son a menudo invisibles en las encuestas de población o en las estadísticas oficiales y con frecuencia no son reconocidos por investigadores y analistas. Si ciertas personas, grupos y áreas no son reconocidos, entonces es más que probable que tampoco reciban servicios sociales y de salud.</span></p><p>Para el análisis de las desigualdades en salud a la luz de los determinantes, utilizamos el modelo conceptual de determinantes sociales de la salud de la Organización Mundial de la Salud, donde además se incluye el territorio como generador de desigualdades en el acceso a bienes y servicios relacionados o no con la prestación de servicios de salud y es el territorio, donde los otros ejes de desigualdad, interactúan y potencian sus efectos.</p>					</div>
						</div>
				</div>
				<div class="elementor-element elementor-element-f28112d elementor-tablet-align-left elementor-mobile-align-center elementor-widget elementor-widget-button" data-id="f28112d" data-element_type="widget" data-widget_type="button.default">
				<div class="elementor-widget-container">
					<div class="elementor-button-wrapper">
			<a href="https://www.medellin.gov.co/es/wp-content/uploads/2023/06/10_Desigualdades-en-salud-2021_21102022.pdf" target="_blank" class="elementor-button-link elementor-button elementor-size-sm" role="button">
						<span class="elementor-button-content-wrapper">
						<span class="elementor-button-text">Conoce el archivo</span>
		</span>
					</a>
		</div>
				</div>
				</div>
				<div class="elementor-element elementor-element-7c5a175 elementor-widget elementor-widget-html" data-id="7c5a175" data-element_type="widget" data-widget_type="html.default">
				<div class="elementor-widget-container">
			<div class="iframe-container"><iframe src="https://app.powerbi.com/view?r=eyJrIjoiMWVlNDVlMjAtNTA0Ny00NGIyLThmNTItZDEwYTdmMGJkYmQyIiwidCI6IjljNDhlMDg4LTVlNDQtNGIwZC05M2EwLWVlYjJjNjEyN2MzZCIsImMiOjR9&pageName=ReportSectiond8363f09925352a508ce" height="800" width="100%"></iframe></div>		</div>
				</div>
						</div>
					</div>
		</div>
								</div>
					</div>
		</section>
									</div>
			</div>
					</div>

<p>Análisis de desigualdades sociales Las inequidades en salud son diferencias sistemáticas, socialmente modificables e injustas. La equidad es un imperativo ético y un principio esencial de la agenda sostenible de cada país. El progreso en &#8230;</p>
