{"id":17620,"date":"2021-09-24T14:20:47","date_gmt":"2021-09-24T19:20:47","guid":{"rendered":"https:\/\/www.medellin.gov.co\/es\/?page_id=17620"},"modified":"2022-06-14T16:47:19","modified_gmt":"2022-06-14T21:47:19","slug":"elusion-y-evasion","status":"publish","type":"page","link":"https:\/\/www.medellin.gov.co\/es\/secretaria-de-salud\/subsecretaria-de-servicios-de-salud\/seguridad-social-en-salud\/elusion-y-evasion\/","title":{"rendered":"Prevenci\u00f3n de la Elusi\u00f3n y la Evasi\u00f3n en el Sistema General de Seguridad Social"},"content":{"rendered":"\t\t<div data-elementor-type=\"wp-page\" data-elementor-id=\"17620\" class=\"elementor elementor-17620\">\n\t\t\t\t\t\t<div class=\"elementor-inner\">\n\t\t\t\t<div class=\"elementor-section-wrap\">\n\t\t\t\t\t\t\t\t\t<section class=\"elementor-section elementor-top-section elementor-element elementor-element-77057cc6 elementor-section-boxed elementor-section-height-default elementor-section-height-default\" data-id=\"77057cc6\" data-element_type=\"section\">\n\t\t\t\t\t\t<div class=\"elementor-container elementor-column-gap-default\">\n\t\t\t\t\t\t\t<div class=\"elementor-row\">\n\t\t\t\t\t<div class=\"elementor-column elementor-col-100 elementor-top-column elementor-element elementor-element-18327e99\" data-id=\"18327e99\" data-element_type=\"column\">\n\t\t\t<div class=\"elementor-column-wrap elementor-element-populated\">\n\t\t\t\t\t\t\t<div class=\"elementor-widget-wrap\">\n\t\t\t\t\t\t<div class=\"elementor-element elementor-element-4c8f9e63 elementor-widget elementor-widget-heading\" data-id=\"4c8f9e63\" data-element_type=\"widget\" data-widget_type=\"heading.default\">\n\t\t\t\t<div class=\"elementor-widget-container\">\n\t\t\t<h1 class=\"elementor-heading-title elementor-size-default\">Prevenci\u00f3n de la Elusi\u00f3n y la Evasi\u00f3n en el Sistema General de Seguridad Social<\/h1>\t\t<\/div>\n\t\t\t\t<\/div>\n\t\t\t\t<div class=\"elementor-element elementor-element-fa978d7 elementor-widget elementor-widget-text-editor\" data-id=\"fa978d7\" data-element_type=\"widget\" data-widget_type=\"text-editor.default\">\n\t\t\t\t<div class=\"elementor-widget-container\">\n\t\t\t\t\t\t\t\t<div class=\"elementor-text-editor elementor-clearfix\">\n\t\t\t\t<p>Conoce el significado de estos dos t\u00e9rminos:<\/p>\t\t\t\t\t<\/div>\n\t\t\t\t\t\t<\/div>\n\t\t\t\t<\/div>\n\t\t\t\t<div class=\"elementor-element elementor-element-9924ab1 elementor-widget elementor-widget-heading\" data-id=\"9924ab1\" data-element_type=\"widget\" data-widget_type=\"heading.default\">\n\t\t\t\t<div class=\"elementor-widget-container\">\n\t\t\t<h2 class=\"elementor-heading-title elementor-size-default\"><b>Elusi\u00f3n en el Sistema General<\/b> de Seguridad Social<\/h2>\t\t<\/div>\n\t\t\t\t<\/div>\n\t\t\t\t<div class=\"elementor-element elementor-element-94ede84 elementor-widget elementor-widget-text-editor\" data-id=\"94ede84\" data-element_type=\"widget\" data-widget_type=\"text-editor.default\">\n\t\t\t\t<div class=\"elementor-widget-container\">\n\t\t\t\t\t\t\t\t<div class=\"elementor-text-editor elementor-clearfix\">\n\t\t\t\t<p>La elusi\u00f3n hace referencia al momento en que se realizan los pagos a la seguridad social por un ingreso base de cotizaci\u00f3n inferior al que realmente corresponde. En este caso, los empleadores deber\u00e1n responder por el mayor valor de las prestaciones que se causen, entre lo que reconozca la entidad administradora y el valor que deba reconocerse de acuerdo con el salario realmente devengado por el trabajador; adem\u00e1s, podr\u00e1 ser sujeto de multas impuestas por el Ministerio de Trabajo y la Superintendencia de Salud.<\/p>\t\t\t\t\t<\/div>\n\t\t\t\t\t\t<\/div>\n\t\t\t\t<\/div>\n\t\t\t\t<div class=\"elementor-element elementor-element-a5ed139 elementor-widget elementor-widget-heading\" data-id=\"a5ed139\" data-element_type=\"widget\" data-widget_type=\"heading.default\">\n\t\t\t\t<div class=\"elementor-widget-container\">\n\t\t\t<h2 class=\"elementor-heading-title elementor-size-default\"><b>Evasi\u00f3n en el Sistema General<\/b> de Seguridad Social<\/h2>\t\t<\/div>\n\t\t\t\t<\/div>\n\t\t\t\t<div class=\"elementor-element elementor-element-432d096 elementor-widget elementor-widget-text-editor\" data-id=\"432d096\" data-element_type=\"widget\" data-widget_type=\"text-editor.default\">\n\t\t\t\t<div class=\"elementor-widget-container\">\n\t\t\t\t\t\t\t\t<div class=\"elementor-text-editor elementor-clearfix\">\n\t\t\t\t<p>Cuando se detecta la evasi\u00f3n de aportes por parte de un empleador, al no realizar los pagos a la seguridad social de sus trabajadores, incumpliendo su obligaci\u00f3n de afiliarlos, adem\u00e1s de responder por el pago de las prestaciones, podr\u00e1 ser sujeto de las multas impuestas por el Ministerio de Trabajo y la Superintendencia de Salud.<\/p>\t\t\t\t\t<\/div>\n\t\t\t\t\t\t<\/div>\n\t\t\t\t<\/div>\n\t\t\t\t\t\t<\/div>\n\t\t\t\t\t<\/div>\n\t\t<\/div>\n\t\t\t\t\t\t\t\t<\/div>\n\t\t\t\t\t<\/div>\n\t\t<\/section>\n\t\t\t\t\t\t\t\t\t<\/div>\n\t\t\t<\/div>\n\t\t\t\t\t<\/div>\n\t\t","protected":false},"excerpt":{"rendered":"<p>Prevenci\u00f3n de la Elusi\u00f3n y la Evasi\u00f3n en el Sistema General de Seguridad Social Conoce el significado de estos dos t\u00e9rminos: Elusi\u00f3n en el Sistema General de Seguridad Social La elusi\u00f3n hace referencia al momento &#8230;<\/p>\n","protected":false},"author":1,"featured_media":17425,"parent":17602,"menu_order":30,"comment_status":"closed","ping_status":"closed","template":"sec-salud\/elementor.php","meta":[],"acf":[],"_links":{"self":[{"href":"https:\/\/www.medellin.gov.co\/es\/wp-json\/wp\/v2\/pages\/17620"}],"collection":[{"href":"https:\/\/www.medellin.gov.co\/es\/wp-json\/wp\/v2\/pages"}],"about":[{"href":"https:\/\/www.medellin.gov.co\/es\/wp-json\/wp\/v2\/types\/page"}],"author":[{"embeddable":true,"href":"https:\/\/www.medellin.gov.co\/es\/wp-json\/wp\/v2\/users\/1"}],"replies":[{"embeddable":true,"href":"https:\/\/www.medellin.gov.co\/es\/wp-json\/wp\/v2\/comments?post=17620"}],"version-history":[{"count":15,"href":"https:\/\/www.medellin.gov.co\/es\/wp-json\/wp\/v2\/pages\/17620\/revisions"}],"predecessor-version":[{"id":65801,"href":"https:\/\/www.medellin.gov.co\/es\/wp-json\/wp\/v2\/pages\/17620\/revisions\/65801"}],"up":[{"embeddable":true,"href":"https:\/\/www.medellin.gov.co\/es\/wp-json\/wp\/v2\/pages\/17602"}],"wp:featuredmedia":[{"embeddable":true,"href":"https:\/\/www.medellin.gov.co\/es\/wp-json\/wp\/v2\/media\/17425"}],"wp:attachment":[{"href":"https:\/\/www.medellin.gov.co\/es\/wp-json\/wp\/v2\/media?parent=17620"}],"curies":[{"name":"wp","href":"https:\/\/api.w.org\/{rel}","templated":true}]}}

Prevención de la Elusión y la Evasión en el Sistema General de Seguridad Social

<div data-elementor-type="wp-page" data-elementor-id="17620" class="elementor elementor-17620">
						<div class="elementor-inner">
				<div class="elementor-section-wrap">
									<section class="elementor-section elementor-top-section elementor-element elementor-element-77057cc6 elementor-section-boxed elementor-section-height-default elementor-section-height-default" data-id="77057cc6" data-element_type="section">
						<div class="elementor-container elementor-column-gap-default">
							<div class="elementor-row">
					<div class="elementor-column elementor-col-100 elementor-top-column elementor-element elementor-element-18327e99" data-id="18327e99" data-element_type="column">
			<div class="elementor-column-wrap elementor-element-populated">
							<div class="elementor-widget-wrap">
						<div class="elementor-element elementor-element-4c8f9e63 elementor-widget elementor-widget-heading" data-id="4c8f9e63" data-element_type="widget" data-widget_type="heading.default">
				<div class="elementor-widget-container">
			<h1 class="elementor-heading-title elementor-size-default">Prevención de la Elusión y la Evasión en el Sistema General de Seguridad Social</h1>		</div>
				</div>
				<div class="elementor-element elementor-element-fa978d7 elementor-widget elementor-widget-text-editor" data-id="fa978d7" data-element_type="widget" data-widget_type="text-editor.default">
				<div class="elementor-widget-container">
								<div class="elementor-text-editor elementor-clearfix">
				<p>Conoce el significado de estos dos términos:</p>					</div>
						</div>
				</div>
				<div class="elementor-element elementor-element-9924ab1 elementor-widget elementor-widget-heading" data-id="9924ab1" data-element_type="widget" data-widget_type="heading.default">
				<div class="elementor-widget-container">
			<h2 class="elementor-heading-title elementor-size-default"><b>Elusión en el Sistema General</b> de Seguridad Social</h2>		</div>
				</div>
				<div class="elementor-element elementor-element-94ede84 elementor-widget elementor-widget-text-editor" data-id="94ede84" data-element_type="widget" data-widget_type="text-editor.default">
				<div class="elementor-widget-container">
								<div class="elementor-text-editor elementor-clearfix">
				<p>La elusión hace referencia al momento en que se realizan los pagos a la seguridad social por un ingreso base de cotización inferior al que realmente corresponde. En este caso, los empleadores deberán responder por el mayor valor de las prestaciones que se causen, entre lo que reconozca la entidad administradora y el valor que deba reconocerse de acuerdo con el salario realmente devengado por el trabajador; además, podrá ser sujeto de multas impuestas por el Ministerio de Trabajo y la Superintendencia de Salud.</p>					</div>
						</div>
				</div>
				<div class="elementor-element elementor-element-a5ed139 elementor-widget elementor-widget-heading" data-id="a5ed139" data-element_type="widget" data-widget_type="heading.default">
				<div class="elementor-widget-container">
			<h2 class="elementor-heading-title elementor-size-default"><b>Evasión en el Sistema General</b> de Seguridad Social</h2>		</div>
				</div>
				<div class="elementor-element elementor-element-432d096 elementor-widget elementor-widget-text-editor" data-id="432d096" data-element_type="widget" data-widget_type="text-editor.default">
				<div class="elementor-widget-container">
								<div class="elementor-text-editor elementor-clearfix">
				<p>Cuando se detecta la evasión de aportes por parte de un empleador, al no realizar los pagos a la seguridad social de sus trabajadores, incumpliendo su obligación de afiliarlos, además de responder por el pago de las prestaciones, podrá ser sujeto de las multas impuestas por el Ministerio de Trabajo y la Superintendencia de Salud.</p>					</div>
						</div>
				</div>
						</div>
					</div>
		</div>
								</div>
					</div>
		</section>
									</div>
			</div>
					</div>

<p>Prevención de la Elusión y la Evasión en el Sistema General de Seguridad Social Conoce el significado de estos dos términos: Elusión en el Sistema General de Seguridad Social La elusión hace referencia al momento &#8230;</p>
