{"id":198170,"date":"2023-05-19T10:31:25","date_gmt":"2023-05-19T15:31:25","guid":{"rendered":"https:\/\/www.medellin.gov.co\/es\/?page_id=198170"},"modified":"2023-05-25T11:55:23","modified_gmt":"2023-05-25T16:55:23","slug":"incidentes-y-victimas-por-hechos-de-transito","status":"publish","type":"page","link":"https:\/\/www.medellin.gov.co\/es\/secretaria-de-movilidad\/observatorio-de-movilidad\/incidentes-y-victimas-por-hechos-de-transito\/","title":{"rendered":"Incidentes y v\u00edctimas por hechos de tr\u00e1nsito"},"content":{"rendered":"\t\t<div data-elementor-type=\"wp-page\" data-elementor-id=\"198170\" class=\"elementor elementor-198170\">\n\t\t\t\t\t\t<div class=\"elementor-inner\">\n\t\t\t\t<div class=\"elementor-section-wrap\">\n\t\t\t\t\t\t\t\t\t<section class=\"elementor-section elementor-top-section elementor-element elementor-element-1f12914 elementor-section-boxed elementor-section-height-default elementor-section-height-default\" data-id=\"1f12914\" data-element_type=\"section\">\n\t\t\t\t\t\t<div class=\"elementor-container elementor-column-gap-default\">\n\t\t\t\t\t\t\t<div class=\"elementor-row\">\n\t\t\t\t\t<div class=\"elementor-column elementor-col-100 elementor-top-column elementor-element elementor-element-86328b3\" data-id=\"86328b3\" data-element_type=\"column\">\n\t\t\t<div class=\"elementor-column-wrap elementor-element-populated\">\n\t\t\t\t\t\t\t<div class=\"elementor-widget-wrap\">\n\t\t\t\t\t\t<div class=\"elementor-element elementor-element-6971904 elementor-widget elementor-widget-heading\" data-id=\"6971904\" data-element_type=\"widget\" data-widget_type=\"heading.default\">\n\t\t\t\t<div class=\"elementor-widget-container\">\n\t\t\t<h1 class=\"elementor-heading-title elementor-size-default\">Incidentes y v\u00edctimas por hechos de tr\u00e1nsito<\/h1>\t\t<\/div>\n\t\t\t\t<\/div>\n\t\t\t\t<div class=\"elementor-element elementor-element-135d01e elementor-widget elementor-widget-text-editor\" data-id=\"135d01e\" data-element_type=\"widget\" data-widget_type=\"text-editor.default\">\n\t\t\t\t<div class=\"elementor-widget-container\">\n\t\t\t\t\t\t\t\t<div class=\"elementor-text-editor elementor-clearfix\">\n\t\t\t\t<p>A continuaci\u00f3n, se presenta el hist\u00f3rico de incidentes viales clasificados por gravedad, clase de accidente, comuna, mes, a\u00f1o, d\u00eda de la semana, hora y tipo de v\u00eda, entre otros. A partir del tablero se pueden realizar diferentes consultas para tener un panorama general de los incidentes viales en la ciudad de Medell\u00edn.<\/p><p>El tablero de control 3, permite realizar una caracterizaci\u00f3n de las v\u00edctimas por hechos de tr\u00e1nsito, clasificadas por edad, sexo y condici\u00f3n, permite realizar an\u00e1lisis de variables cruzadas.<\/p>\t\t\t\t\t<\/div>\n\t\t\t\t\t\t<\/div>\n\t\t\t\t<\/div>\n\t\t\t\t\t\t<\/div>\n\t\t\t\t\t<\/div>\n\t\t<\/div>\n\t\t\t\t\t\t\t\t<\/div>\n\t\t\t\t\t<\/div>\n\t\t<\/section>\n\t\t\t\t<section class=\"elementor-section elementor-top-section elementor-element elementor-element-646d39c elementor-section-boxed elementor-section-height-default elementor-section-height-default\" data-id=\"646d39c\" data-element_type=\"section\">\n\t\t\t\t\t\t<div class=\"elementor-container elementor-column-gap-default\">\n\t\t\t\t\t\t\t<div class=\"elementor-row\">\n\t\t\t\t\t<div class=\"elementor-column elementor-col-100 elementor-top-column elementor-element elementor-element-56c4e60\" data-id=\"56c4e60\" data-element_type=\"column\">\n\t\t\t<div class=\"elementor-column-wrap elementor-element-populated\">\n\t\t\t\t\t\t\t<div class=\"elementor-widget-wrap\">\n\t\t\t\t\t\t<div class=\"elementor-element elementor-element-932e35f elementor-widget elementor-widget-text-editor\" data-id=\"932e35f\" data-element_type=\"widget\" data-widget_type=\"text-editor.default\">\n\t\t\t\t<div class=\"elementor-widget-container\">\n\t\t\t\t\t\t\t\t<div class=\"elementor-text-editor elementor-clearfix\">\n\t\t\t\t<div class='tableauPlaceholder' id='viz1685033633248' style='position: relative'><noscript><a href='https:&#47;&#47;www.medellin.gov.co&#47;'><img alt=' ' src='https:&#47;&#47;public.tableau.com&#47;static&#47;images&#47;Ta&#47;Tableroincidentes-ObservatoriodeMovilidad&#47;Portada&#47;1_rss.png' style='border: none' \/><\/a><\/noscript><object class='tableauViz'  style='display:none;'><param name='host_url' value='https%3A%2F%2Fpublic.tableau.com%2F' \/> <param name='embed_code_version' value='3' \/> <param name='site_root' value='' \/><param name='name' value='Tableroincidentes-ObservatoriodeMovilidad&#47;Portada' \/><param name='tabs' value='yes' \/><param name='toolbar' value='yes' \/><param name='static_image' value='https:&#47;&#47;public.tableau.com&#47;static&#47;images&#47;Ta&#47;Tableroincidentes-ObservatoriodeMovilidad&#47;Portada&#47;1.png' \/> <param name='animate_transition' value='yes' \/><param name='display_static_image' value='yes' \/><param name='display_spinner' value='yes' \/><param name='display_overlay' value='yes' \/><param name='display_count' value='yes' \/><param name='language' value='es' \/><\/object><\/div>                <script type='text\/javascript'>                    var divElement = document.getElementById('viz1685033633248');                    var vizElement = divElement.getElementsByTagName('object')[0];                    vizElement.style.width='1150px';vizElement.style.height='850px';                    var scriptElement = document.createElement('script');                    scriptElement.src = 'https:\/\/public.tableau.com\/javascripts\/api\/viz_v1.js';                    vizElement.parentNode.insertBefore(scriptElement, vizElement);                <\/script>\t\t\t\t\t<\/div>\n\t\t\t\t\t\t<\/div>\n\t\t\t\t<\/div>\n\t\t\t\t\t\t<\/div>\n\t\t\t\t\t<\/div>\n\t\t<\/div>\n\t\t\t\t\t\t\t\t<\/div>\n\t\t\t\t\t<\/div>\n\t\t<\/section>\n\t\t\t\t\t\t\t\t\t<\/div>\n\t\t\t<\/div>\n\t\t\t\t\t<\/div>\n\t\t","protected":false},"excerpt":{"rendered":"<p>Incidentes y v\u00edctimas por hechos de tr\u00e1nsito A continuaci\u00f3n, se presenta el hist\u00f3rico de incidentes viales clasificados por gravedad, clase de accidente, comuna, mes, a\u00f1o, d\u00eda de la semana, hora y tipo de v\u00eda, entre &#8230;<\/p>\n","protected":false},"author":31,"featured_media":193866,"parent":198015,"menu_order":0,"comment_status":"closed","ping_status":"closed","template":"sec-movilidad\/elementor.php","meta":[],"acf":[],"_links":{"self":[{"href":"https:\/\/www.medellin.gov.co\/es\/wp-json\/wp\/v2\/pages\/198170"}],"collection":[{"href":"https:\/\/www.medellin.gov.co\/es\/wp-json\/wp\/v2\/pages"}],"about":[{"href":"https:\/\/www.medellin.gov.co\/es\/wp-json\/wp\/v2\/types\/page"}],"author":[{"embeddable":true,"href":"https:\/\/www.medellin.gov.co\/es\/wp-json\/wp\/v2\/users\/31"}],"replies":[{"embeddable":true,"href":"https:\/\/www.medellin.gov.co\/es\/wp-json\/wp\/v2\/comments?post=198170"}],"version-history":[{"count":10,"href":"https:\/\/www.medellin.gov.co\/es\/wp-json\/wp\/v2\/pages\/198170\/revisions"}],"predecessor-version":[{"id":199876,"href":"https:\/\/www.medellin.gov.co\/es\/wp-json\/wp\/v2\/pages\/198170\/revisions\/199876"}],"up":[{"embeddable":true,"href":"https:\/\/www.medellin.gov.co\/es\/wp-json\/wp\/v2\/pages\/198015"}],"wp:featuredmedia":[{"embeddable":true,"href":"https:\/\/www.medellin.gov.co\/es\/wp-json\/wp\/v2\/media\/193866"}],"wp:attachment":[{"href":"https:\/\/www.medellin.gov.co\/es\/wp-json\/wp\/v2\/media?parent=198170"}],"curies":[{"name":"wp","href":"https:\/\/api.w.org\/{rel}","templated":true}]}}

Incidentes y víctimas por hechos de tránsito

<div data-elementor-type="wp-page" data-elementor-id="198170" class="elementor elementor-198170">
						<div class="elementor-inner">
				<div class="elementor-section-wrap">
									<section class="elementor-section elementor-top-section elementor-element elementor-element-1f12914 elementor-section-boxed elementor-section-height-default elementor-section-height-default" data-id="1f12914" data-element_type="section">
						<div class="elementor-container elementor-column-gap-default">
							<div class="elementor-row">
					<div class="elementor-column elementor-col-100 elementor-top-column elementor-element elementor-element-86328b3" data-id="86328b3" data-element_type="column">
			<div class="elementor-column-wrap elementor-element-populated">
							<div class="elementor-widget-wrap">
						<div class="elementor-element elementor-element-6971904 elementor-widget elementor-widget-heading" data-id="6971904" data-element_type="widget" data-widget_type="heading.default">
				<div class="elementor-widget-container">
			<h1 class="elementor-heading-title elementor-size-default">Incidentes y víctimas por hechos de tránsito</h1>		</div>
				</div>
				<div class="elementor-element elementor-element-135d01e elementor-widget elementor-widget-text-editor" data-id="135d01e" data-element_type="widget" data-widget_type="text-editor.default">
				<div class="elementor-widget-container">
								<div class="elementor-text-editor elementor-clearfix">
				<p>A continuación, se presenta el histórico de incidentes viales clasificados por gravedad, clase de accidente, comuna, mes, año, día de la semana, hora y tipo de vía, entre otros. A partir del tablero se pueden realizar diferentes consultas para tener un panorama general de los incidentes viales en la ciudad de Medellín.</p><p>El tablero de control 3, permite realizar una caracterización de las víctimas por hechos de tránsito, clasificadas por edad, sexo y condición, permite realizar análisis de variables cruzadas.</p>					</div>
						</div>
				</div>
						</div>
					</div>
		</div>
								</div>
					</div>
		</section>
				<section class="elementor-section elementor-top-section elementor-element elementor-element-646d39c elementor-section-boxed elementor-section-height-default elementor-section-height-default" data-id="646d39c" data-element_type="section">
						<div class="elementor-container elementor-column-gap-default">
							<div class="elementor-row">
					<div class="elementor-column elementor-col-100 elementor-top-column elementor-element elementor-element-56c4e60" data-id="56c4e60" data-element_type="column">
			<div class="elementor-column-wrap elementor-element-populated">
							<div class="elementor-widget-wrap">
						<div class="elementor-element elementor-element-932e35f elementor-widget elementor-widget-text-editor" data-id="932e35f" data-element_type="widget" data-widget_type="text-editor.default">
				<div class="elementor-widget-container">
								<div class="elementor-text-editor elementor-clearfix">
				<div class='tableauPlaceholder' id='viz1685033633248' style='position: relative'><noscript><a href='https:&#47;&#47;www.medellin.gov.co&#47;'><img alt=' ' src='https:&#47;&#47;public.tableau.com&#47;static&#47;images&#47;Ta&#47;Tableroincidentes-ObservatoriodeMovilidad&#47;Portada&#47;1_rss.png' style='border: none' /></a></noscript><object class='tableauViz'  style='display:none;'><param name='host_url' value='https%3A%2F%2Fpublic.tableau.com%2F' /> <param name='embed_code_version' value='3' /> <param name='site_root' value='' /><param name='name' value='Tableroincidentes-ObservatoriodeMovilidad&#47;Portada' /><param name='tabs' value='yes' /><param name='toolbar' value='yes' /><param name='static_image' value='https:&#47;&#47;public.tableau.com&#47;static&#47;images&#47;Ta&#47;Tableroincidentes-ObservatoriodeMovilidad&#47;Portada&#47;1.png' /> <param name='animate_transition' value='yes' /><param name='display_static_image' value='yes' /><param name='display_spinner' value='yes' /><param name='display_overlay' value='yes' /><param name='display_count' value='yes' /><param name='language' value='es' /></object></div>                <script type='text/javascript'>                    var divElement = document.getElementById('viz1685033633248');                    var vizElement = divElement.getElementsByTagName('object')[0];                    vizElement.style.width='1150px';vizElement.style.height='850px';                    var scriptElement = document.createElement('script');                    scriptElement.src = 'https://public.tableau.com/javascripts/api/viz_v1.js';                    vizElement.parentNode.insertBefore(scriptElement, vizElement);                </script>					</div>
						</div>
				</div>
						</div>
					</div>
		</div>
								</div>
					</div>
		</section>
									</div>
			</div>
					</div>

<p>Incidentes y víctimas por hechos de tránsito A continuación, se presenta el histórico de incidentes viales clasificados por gravedad, clase de accidente, comuna, mes, año, día de la semana, hora y tipo de vía, entre &#8230;</p>
