{"id":20773,"date":"2021-10-04T14:54:02","date_gmt":"2021-10-04T19:54:02","guid":{"rendered":"https:\/\/www.medellin.gov.co\/es\/?page_id=20773"},"modified":"2026-04-15T12:56:52","modified_gmt":"2026-04-15T17:56:52","slug":"linea-123","status":"publish","type":"page","link":"https:\/\/www.medellin.gov.co\/es\/dagrd\/linea-123\/","title":{"rendered":"L\u00ednea 123 DAGRD Medell\u00edn"},"content":{"rendered":"\t\t<div data-elementor-type=\"wp-page\" data-elementor-id=\"20773\" class=\"elementor elementor-20773\">\n\t\t\t\t\t\t<div class=\"elementor-inner\">\n\t\t\t\t<div class=\"elementor-section-wrap\">\n\t\t\t\t\t\t\t\t\t<section class=\"elementor-section elementor-top-section elementor-element elementor-element-cf778f2 elementor-section-boxed elementor-section-height-default elementor-section-height-default\" data-id=\"cf778f2\" data-element_type=\"section\">\n\t\t\t\t\t\t<div class=\"elementor-container elementor-column-gap-default\">\n\t\t\t\t\t\t\t<div class=\"elementor-row\">\n\t\t\t\t\t<div class=\"elementor-column elementor-col-100 elementor-top-column elementor-element elementor-element-729ad3d\" data-id=\"729ad3d\" data-element_type=\"column\">\n\t\t\t<div class=\"elementor-column-wrap elementor-element-populated\">\n\t\t\t\t\t\t\t<div class=\"elementor-widget-wrap\">\n\t\t\t\t\t\t<div class=\"elementor-element elementor-element-efb1f91 elementor-widget elementor-widget-heading\" data-id=\"efb1f91\" data-element_type=\"widget\" data-widget_type=\"heading.default\">\n\t\t\t\t<div class=\"elementor-widget-container\">\n\t\t\t<h1 class=\"elementor-heading-title elementor-size-default\">L\u00ednea 123 Dagrd Medell\u00edn<\/h1>\t\t<\/div>\n\t\t\t\t<\/div>\n\t\t\t\t<section class=\"elementor-section elementor-inner-section elementor-element elementor-element-7239ee7 elementor-section-boxed elementor-section-height-default elementor-section-height-default\" data-id=\"7239ee7\" data-element_type=\"section\">\n\t\t\t\t\t\t<div class=\"elementor-container elementor-column-gap-default\">\n\t\t\t\t\t\t\t<div class=\"elementor-row\">\n\t\t\t\t\t<div class=\"elementor-column elementor-col-50 elementor-inner-column elementor-element elementor-element-d1bfdf8\" data-id=\"d1bfdf8\" data-element_type=\"column\">\n\t\t\t<div class=\"elementor-column-wrap elementor-element-populated\">\n\t\t\t\t\t\t\t<div class=\"elementor-widget-wrap\">\n\t\t\t\t\t\t<div class=\"elementor-element elementor-element-9da0685 elementor-widget elementor-widget-text-editor\" data-id=\"9da0685\" data-element_type=\"widget\" data-widget_type=\"text-editor.default\">\n\t\t\t\t<div class=\"elementor-widget-container\">\n\t\t\t\t\t\t\t\t<div class=\"elementor-text-editor elementor-clearfix\">\n\t\t\t\t<p><span style=\"font-weight: 400;\">El M\u00f3dulo 123 del Dagrd hace parte del sistema de atenci\u00f3n de emergencias de Medell\u00edn y opera como punto de articulaci\u00f3n para la recepci\u00f3n, an\u00e1lisis y despacho de incidentes reportados por la ciudadan\u00eda a trav\u00e9s de la l\u00ednea \u00fanica de emergencias 123.<\/span><\/p><p><span style=\"font-weight: 400;\">En este espacio se coordinan, de manera permanente y en articulaci\u00f3n con el Cuerpo Oficial de Bomberos Medell\u00edn y otras entidades del sistema de emergencias de la ciudad, las acciones necesarias para la atenci\u00f3n de incidentes como incendios, inundaciones, movimientos en masa, ca\u00edda de \u00e1rboles, escapes de gas, atrapamientos y rescates, entre otras situaciones que puedan representar riesgo para la vida, los bienes o el ambiente.<\/span><\/p>\t\t\t\t\t<\/div>\n\t\t\t\t\t\t<\/div>\n\t\t\t\t<\/div>\n\t\t\t\t\t\t<\/div>\n\t\t\t\t\t<\/div>\n\t\t<\/div>\n\t\t\t\t<div class=\"elementor-column elementor-col-50 elementor-inner-column elementor-element elementor-element-fc8399f\" data-id=\"fc8399f\" data-element_type=\"column\">\n\t\t\t<div class=\"elementor-column-wrap elementor-element-populated\">\n\t\t\t\t\t\t\t<div class=\"elementor-widget-wrap\">\n\t\t\t\t\t\t<div class=\"elementor-element elementor-element-fa5d239 elementor-widget elementor-widget-image\" data-id=\"fa5d239\" data-element_type=\"widget\" data-widget_type=\"image.default\">\n\t\t\t\t<div class=\"elementor-widget-container\">\n\t\t\t\t\t\t\t\t<div class=\"elementor-image\">\n\t\t\t\t\t\t\t\t\t\t\t\t<img width=\"1024\" height=\"576\" src=\"https:\/\/www.medellin.gov.co\/es\/wp-content\/uploads\/2024\/07\/Linea-123-centro-de-monitoreo-3-1024x576.jpg\" class=\"attachment-large size-large\" alt=\"Durante el primer semestre de este a\u00f1o, la l\u00ednea 123 recibi\u00f3 alrededor de 97.000 llamadas improcedentes\" loading=\"lazy\" srcset=\"https:\/\/www.medellin.gov.co\/es\/wp-content\/uploads\/2024\/07\/Linea-123-centro-de-monitoreo-3-1024x576.jpg 1024w, https:\/\/www.medellin.gov.co\/es\/wp-content\/uploads\/2024\/07\/Linea-123-centro-de-monitoreo-3-300x169.jpg 300w, https:\/\/www.medellin.gov.co\/es\/wp-content\/uploads\/2024\/07\/Linea-123-centro-de-monitoreo-3-150x84.jpg 150w, https:\/\/www.medellin.gov.co\/es\/wp-content\/uploads\/2024\/07\/Linea-123-centro-de-monitoreo-3-768x432.jpg 768w, https:\/\/www.medellin.gov.co\/es\/wp-content\/uploads\/2024\/07\/Linea-123-centro-de-monitoreo-3-1536x864.jpg 1536w, https:\/\/www.medellin.gov.co\/es\/wp-content\/uploads\/2024\/07\/Linea-123-centro-de-monitoreo-3.jpg 1600w\" sizes=\"(max-width: 1024px) 100vw, 1024px\" \/>\t\t\t\t\t\t\t\t\t\t\t\t\t\t<\/div>\n\t\t\t\t\t\t<\/div>\n\t\t\t\t<\/div>\n\t\t\t\t\t\t<\/div>\n\t\t\t\t\t<\/div>\n\t\t<\/div>\n\t\t\t\t\t\t\t\t<\/div>\n\t\t\t\t\t<\/div>\n\t\t<\/section>\n\t\t\t\t\t\t<\/div>\n\t\t\t\t\t<\/div>\n\t\t<\/div>\n\t\t\t\t\t\t\t\t<\/div>\n\t\t\t\t\t<\/div>\n\t\t<\/section>\n\t\t\t\t<section class=\"elementor-section elementor-top-section elementor-element elementor-element-619d4a8 elementor-section-full_width elementor-section-height-default elementor-section-height-default\" data-id=\"619d4a8\" data-element_type=\"section\" data-settings=\"{&quot;background_background&quot;:&quot;classic&quot;}\">\n\t\t\t\t\t\t<div class=\"elementor-container elementor-column-gap-default\">\n\t\t\t\t\t\t\t<div class=\"elementor-row\">\n\t\t\t\t\t<div class=\"elementor-column elementor-col-100 elementor-top-column elementor-element elementor-element-f1dcbb0\" data-id=\"f1dcbb0\" data-element_type=\"column\">\n\t\t\t<div class=\"elementor-column-wrap elementor-element-populated\">\n\t\t\t\t\t\t\t<div class=\"elementor-widget-wrap\">\n\t\t\t\t\t\t<section class=\"elementor-section elementor-inner-section elementor-element elementor-element-31372d6 elementor-section-content-middle elementor-section-boxed elementor-section-height-default elementor-section-height-default\" data-id=\"31372d6\" data-element_type=\"section\">\n\t\t\t\t\t\t<div class=\"elementor-container elementor-column-gap-default\">\n\t\t\t\t\t\t\t<div class=\"elementor-row\">\n\t\t\t\t\t<div class=\"elementor-column elementor-col-100 elementor-inner-column elementor-element elementor-element-a437358\" data-id=\"a437358\" data-element_type=\"column\">\n\t\t\t<div class=\"elementor-column-wrap elementor-element-populated\">\n\t\t\t\t\t\t\t<div class=\"elementor-widget-wrap\">\n\t\t\t\t\t\t<div class=\"elementor-element elementor-element-287c012 elementor-widget elementor-widget-text-editor\" data-id=\"287c012\" data-element_type=\"widget\" data-widget_type=\"text-editor.default\">\n\t\t\t\t<div class=\"elementor-widget-container\">\n\t\t\t\t\t\t\t\t<div class=\"elementor-text-editor elementor-clearfix\">\n\t\t\t\t<h2><span class=\"titulo-banner-linea1\">Recuerda que el \u00fanico canal de atenci\u00f3n de emergencias <\/span><br \/><span class=\"titulo-banner-linea2\">en Medell\u00edn es la l\u00ednea 123<br \/><\/span><\/h2>\t\t\t\t\t<\/div>\n\t\t\t\t\t\t<\/div>\n\t\t\t\t<\/div>\n\t\t\t\t\t\t<\/div>\n\t\t\t\t\t<\/div>\n\t\t<\/div>\n\t\t\t\t\t\t\t\t<\/div>\n\t\t\t\t\t<\/div>\n\t\t<\/section>\n\t\t\t\t\t\t<\/div>\n\t\t\t\t\t<\/div>\n\t\t<\/div>\n\t\t\t\t\t\t\t\t<\/div>\n\t\t\t\t\t<\/div>\n\t\t<\/section>\n\t\t\t\t\t\t\t\t\t<\/div>\n\t\t\t<\/div>\n\t\t\t\t\t<\/div>\n\t\t","protected":false},"excerpt":{"rendered":"<p>L\u00ednea 123 Dagrd Medell\u00edn El M\u00f3dulo 123 Dagrd hace parte del engranaje de la primera l\u00ednea de atenci\u00f3n y manejo de emergencias en la ciudad. Est\u00e1 compuesto por doce radioperadores y un coordinador. La agencia &#8230;<\/p>\n","protected":false},"author":31,"featured_media":20763,"parent":20762,"menu_order":25,"comment_status":"closed","ping_status":"closed","template":"","meta":[],"acf":[],"_links":{"self":[{"href":"https:\/\/www.medellin.gov.co\/es\/wp-json\/wp\/v2\/pages\/20773"}],"collection":[{"href":"https:\/\/www.medellin.gov.co\/es\/wp-json\/wp\/v2\/pages"}],"about":[{"href":"https:\/\/www.medellin.gov.co\/es\/wp-json\/wp\/v2\/types\/page"}],"author":[{"embeddable":true,"href":"https:\/\/www.medellin.gov.co\/es\/wp-json\/wp\/v2\/users\/31"}],"replies":[{"embeddable":true,"href":"https:\/\/www.medellin.gov.co\/es\/wp-json\/wp\/v2\/comments?post=20773"}],"version-history":[{"count":10,"href":"https:\/\/www.medellin.gov.co\/es\/wp-json\/wp\/v2\/pages\/20773\/revisions"}],"predecessor-version":[{"id":518654,"href":"https:\/\/www.medellin.gov.co\/es\/wp-json\/wp\/v2\/pages\/20773\/revisions\/518654"}],"up":[{"embeddable":true,"href":"https:\/\/www.medellin.gov.co\/es\/wp-json\/wp\/v2\/pages\/20762"}],"wp:featuredmedia":[{"embeddable":true,"href":"https:\/\/www.medellin.gov.co\/es\/wp-json\/wp\/v2\/media\/20763"}],"wp:attachment":[{"href":"https:\/\/www.medellin.gov.co\/es\/wp-json\/wp\/v2\/media?parent=20773"}],"curies":[{"name":"wp","href":"https:\/\/api.w.org\/{rel}","templated":true}]}}

Línea 123 DAGRD Medellín

<div data-elementor-type="wp-page" data-elementor-id="20773" class="elementor elementor-20773">
						<div class="elementor-inner">
				<div class="elementor-section-wrap">
									<section class="elementor-section elementor-top-section elementor-element elementor-element-cf778f2 elementor-section-boxed elementor-section-height-default elementor-section-height-default" data-id="cf778f2" data-element_type="section">
						<div class="elementor-container elementor-column-gap-default">
							<div class="elementor-row">
					<div class="elementor-column elementor-col-100 elementor-top-column elementor-element elementor-element-729ad3d" data-id="729ad3d" data-element_type="column">
			<div class="elementor-column-wrap elementor-element-populated">
							<div class="elementor-widget-wrap">
						<div class="elementor-element elementor-element-efb1f91 elementor-widget elementor-widget-heading" data-id="efb1f91" data-element_type="widget" data-widget_type="heading.default">
				<div class="elementor-widget-container">
			<h1 class="elementor-heading-title elementor-size-default">Línea 123 Dagrd Medellín</h1>		</div>
				</div>
				<section class="elementor-section elementor-inner-section elementor-element elementor-element-7239ee7 elementor-section-boxed elementor-section-height-default elementor-section-height-default" data-id="7239ee7" data-element_type="section">
						<div class="elementor-container elementor-column-gap-default">
							<div class="elementor-row">
					<div class="elementor-column elementor-col-50 elementor-inner-column elementor-element elementor-element-d1bfdf8" data-id="d1bfdf8" data-element_type="column">
			<div class="elementor-column-wrap elementor-element-populated">
							<div class="elementor-widget-wrap">
						<div class="elementor-element elementor-element-9da0685 elementor-widget elementor-widget-text-editor" data-id="9da0685" data-element_type="widget" data-widget_type="text-editor.default">
				<div class="elementor-widget-container">
								<div class="elementor-text-editor elementor-clearfix">
				<p><span style="font-weight: 400;">El Módulo 123 del Dagrd hace parte del sistema de atención de emergencias de Medellín y opera como punto de articulación para la recepción, análisis y despacho de incidentes reportados por la ciudadanía a través de la línea única de emergencias 123.</span></p><p><span style="font-weight: 400;">En este espacio se coordinan, de manera permanente y en articulación con el Cuerpo Oficial de Bomberos Medellín y otras entidades del sistema de emergencias de la ciudad, las acciones necesarias para la atención de incidentes como incendios, inundaciones, movimientos en masa, caída de árboles, escapes de gas, atrapamientos y rescates, entre otras situaciones que puedan representar riesgo para la vida, los bienes o el ambiente.</span></p>					</div>
						</div>
				</div>
						</div>
					</div>
		</div>
				<div class="elementor-column elementor-col-50 elementor-inner-column elementor-element elementor-element-fc8399f" data-id="fc8399f" data-element_type="column">
			<div class="elementor-column-wrap elementor-element-populated">
							<div class="elementor-widget-wrap">
						<div class="elementor-element elementor-element-fa5d239 elementor-widget elementor-widget-image" data-id="fa5d239" data-element_type="widget" data-widget_type="image.default">
				<div class="elementor-widget-container">
								<div class="elementor-image">
												<img width="1024" height="576" src="https://www.medellin.gov.co/es/wp-content/uploads/2024/07/Linea-123-centro-de-monitoreo-3-1024x576.jpg" class="attachment-large size-large" alt="Durante el primer semestre de este año, la línea 123 recibió alrededor de 97.000 llamadas improcedentes" loading="lazy" srcset="https://www.medellin.gov.co/es/wp-content/uploads/2024/07/Linea-123-centro-de-monitoreo-3-1024x576.jpg 1024w, https://www.medellin.gov.co/es/wp-content/uploads/2024/07/Linea-123-centro-de-monitoreo-3-300x169.jpg 300w, https://www.medellin.gov.co/es/wp-content/uploads/2024/07/Linea-123-centro-de-monitoreo-3-150x84.jpg 150w, https://www.medellin.gov.co/es/wp-content/uploads/2024/07/Linea-123-centro-de-monitoreo-3-768x432.jpg 768w, https://www.medellin.gov.co/es/wp-content/uploads/2024/07/Linea-123-centro-de-monitoreo-3-1536x864.jpg 1536w, https://www.medellin.gov.co/es/wp-content/uploads/2024/07/Linea-123-centro-de-monitoreo-3.jpg 1600w" sizes="(max-width: 1024px) 100vw, 1024px" />														</div>
						</div>
				</div>
						</div>
					</div>
		</div>
								</div>
					</div>
		</section>
						</div>
					</div>
		</div>
								</div>
					</div>
		</section>
				<section class="elementor-section elementor-top-section elementor-element elementor-element-619d4a8 elementor-section-full_width elementor-section-height-default elementor-section-height-default" data-id="619d4a8" data-element_type="section" data-settings="{&quot;background_background&quot;:&quot;classic&quot;}">
						<div class="elementor-container elementor-column-gap-default">
							<div class="elementor-row">
					<div class="elementor-column elementor-col-100 elementor-top-column elementor-element elementor-element-f1dcbb0" data-id="f1dcbb0" data-element_type="column">
			<div class="elementor-column-wrap elementor-element-populated">
							<div class="elementor-widget-wrap">
						<section class="elementor-section elementor-inner-section elementor-element elementor-element-31372d6 elementor-section-content-middle elementor-section-boxed elementor-section-height-default elementor-section-height-default" data-id="31372d6" data-element_type="section">
						<div class="elementor-container elementor-column-gap-default">
							<div class="elementor-row">
					<div class="elementor-column elementor-col-100 elementor-inner-column elementor-element elementor-element-a437358" data-id="a437358" data-element_type="column">
			<div class="elementor-column-wrap elementor-element-populated">
							<div class="elementor-widget-wrap">
						<div class="elementor-element elementor-element-287c012 elementor-widget elementor-widget-text-editor" data-id="287c012" data-element_type="widget" data-widget_type="text-editor.default">
				<div class="elementor-widget-container">
								<div class="elementor-text-editor elementor-clearfix">
				<h2><span class="titulo-banner-linea1">Recuerda que el único canal de atención de emergencias </span><br /><span class="titulo-banner-linea2">en Medellín es la línea 123<br /></span></h2>					</div>
						</div>
				</div>
						</div>
					</div>
		</div>
								</div>
					</div>
		</section>
						</div>
					</div>
		</div>
								</div>
					</div>
		</section>
									</div>
			</div>
					</div>

<p>Línea 123 Dagrd Medellín El Módulo 123 Dagrd hace parte del engranaje de la primera línea de atención y manejo de emergencias en la ciudad. Está compuesto por doce radioperadores y un coordinador. La agencia &#8230;</p>
