{"id":404048,"date":"2025-04-30T09:09:21","date_gmt":"2025-04-30T14:09:21","guid":{"rendered":"https:\/\/www.medellin.gov.co\/es\/?page_id=404048"},"modified":"2025-05-21T10:14:22","modified_gmt":"2025-05-21T15:14:22","slug":"ruta-anual-de-presupuesto-participativo","status":"publish","type":"page","link":"https:\/\/www.medellin.gov.co\/es\/secretaria-participacion-ciudadana\/ruta-anual-de-presupuesto-participativo\/","title":{"rendered":"Ruta Anual de Presupuesto Participativo"},"content":{"rendered":"\t\t<div data-elementor-type=\"wp-page\" data-elementor-id=\"404048\" class=\"elementor elementor-404048\">\n\t\t\t\t\t\t<div class=\"elementor-inner\">\n\t\t\t\t<div class=\"elementor-section-wrap\">\n\t\t\t\t\t\t\t<div class=\"elementor-element elementor-element-4b33755 e-container--column e-container\" data-id=\"4b33755\" data-element_type=\"container\">\t\t\t\t<div class=\"elementor-element elementor-element-804087c elementor-widget elementor-widget-spacer\" data-id=\"804087c\" data-element_type=\"widget\" data-widget_type=\"spacer.default\">\n\t\t\t\t<div class=\"elementor-widget-container\">\n\t\t\t\t\t<div class=\"elementor-spacer\">\n\t\t\t<div class=\"elementor-spacer-inner\"><\/div>\n\t\t<\/div>\n\t\t\t\t<\/div>\n\t\t\t\t<\/div>\n\t\t<\/div><div class=\"elementor-element elementor-element-7a72a2f e-container--column e-container\" data-id=\"7a72a2f\" data-element_type=\"container\">\t\t\t\t<div class=\"elementor-element elementor-element-076ed1d elementor-widget elementor-widget-text-editor\" data-id=\"076ed1d\" data-element_type=\"widget\" data-widget_type=\"text-editor.default\">\n\t\t\t\t<div class=\"elementor-widget-container\">\n\t\t\t\t\t\t\t\t<div class=\"elementor-text-editor elementor-clearfix\">\n\t\t\t\t<h1>Ruta Anual de Presupuesto Participativo<\/h1>\t\t\t\t\t<\/div>\n\t\t\t\t\t\t<\/div>\n\t\t\t\t<\/div>\n\t\t<\/div><div class=\"elementor-element elementor-element-5879f71 e-container--column e-container\" data-id=\"5879f71\" data-element_type=\"container\">\t\t\t\t<div class=\"elementor-element elementor-element-71f7ff8 elementor-widget elementor-widget-spacer\" data-id=\"71f7ff8\" data-element_type=\"widget\" data-widget_type=\"spacer.default\">\n\t\t\t\t<div class=\"elementor-widget-container\">\n\t\t\t\t\t<div class=\"elementor-spacer\">\n\t\t\t<div class=\"elementor-spacer-inner\"><\/div>\n\t\t<\/div>\n\t\t\t\t<\/div>\n\t\t\t\t<\/div>\n\t\t<\/div><div class=\"elementor-element elementor-element-eb8d93c e-container--row e-container\" data-id=\"eb8d93c\" data-element_type=\"container\">\t\t<div class=\"elementor-element elementor-element-8cd2970 e-container--column e-container\" data-id=\"8cd2970\" data-element_type=\"container\">\t\t\t\t<div class=\"elementor-element elementor-element-875b378 elementor-widget elementor-widget-text-editor\" data-id=\"875b378\" data-element_type=\"widget\" data-widget_type=\"text-editor.default\">\n\t\t\t\t<div class=\"elementor-widget-container\">\n\t\t\t\t\t\t\t\t<div class=\"elementor-text-editor elementor-clearfix\">\n\t\t\t\t<p>Con la recolecci\u00f3n de insumos, la Alcald\u00eda de Medell\u00edn pone en marcha la fase de Planeaci\u00f3n Participativa, uno de los componentes de la Ruta Anual de Presupuesto Participativo 2025-2026. Este es un ejercicio que brinda la oportunidad de proponer, en temas como educaci\u00f3n, salud, cultura, infraestructura y medio ambiente, la inversi\u00f3n de los recursos p\u00fablicos en los territorios.<\/p><p>En este sentido, se realizar\u00e1n Talleres de Recolecci\u00f3n de Insumos, espacios en los que podr\u00e1n aportar sus ideas y necesidades. Estos ser\u00e1n organizados por el Departamento Administrativo de Planeaci\u00f3n y la Secretar\u00eda de Participaci\u00f3n, en articulaci\u00f3n con diferentes dependencias y entes descentralizados.<\/p><p>\u00a0<\/p>\t\t\t\t\t<\/div>\n\t\t\t\t\t\t<\/div>\n\t\t\t\t<\/div>\n\t\t<\/div><div class=\"elementor-element elementor-element-e8609a0 e-container--column e-container\" data-id=\"e8609a0\" data-element_type=\"container\">\t\t\t\t<div class=\"elementor-element elementor-element-ea9601a elementor-widget elementor-widget-image\" data-id=\"ea9601a\" data-element_type=\"widget\" data-widget_type=\"image.default\">\n\t\t\t\t<div class=\"elementor-widget-container\">\n\t\t\t\t\t\t\t\t<div class=\"elementor-image\">\n\t\t\t\t\t\t\t\t\t\t\t\t<img width=\"1024\" height=\"682\" src=\"https:\/\/www.medellin.gov.co\/es\/wp-content\/uploads\/2025\/04\/Imagen-plan-anual-Presupuesto-Participativo-1024x682.jpg\" class=\"attachment-large size-large\" alt=\"Imagen plan anual Presupuesto Participativo\" loading=\"lazy\" srcset=\"https:\/\/www.medellin.gov.co\/es\/wp-content\/uploads\/2025\/04\/Imagen-plan-anual-Presupuesto-Participativo-1024x682.jpg 1024w, https:\/\/www.medellin.gov.co\/es\/wp-content\/uploads\/2025\/04\/Imagen-plan-anual-Presupuesto-Participativo-300x200.jpg 300w, https:\/\/www.medellin.gov.co\/es\/wp-content\/uploads\/2025\/04\/Imagen-plan-anual-Presupuesto-Participativo-150x100.jpg 150w, https:\/\/www.medellin.gov.co\/es\/wp-content\/uploads\/2025\/04\/Imagen-plan-anual-Presupuesto-Participativo-768x512.jpg 768w, https:\/\/www.medellin.gov.co\/es\/wp-content\/uploads\/2025\/04\/Imagen-plan-anual-Presupuesto-Participativo.jpg 1280w\" sizes=\"(max-width: 1024px) 100vw, 1024px\" \/>\t\t\t\t\t\t\t\t\t\t\t\t\t\t<\/div>\n\t\t\t\t\t\t<\/div>\n\t\t\t\t<\/div>\n\t\t<\/div><\/div>\t\t<section class=\"elementor-section elementor-top-section elementor-element elementor-element-87c3658 elementor-section-boxed elementor-section-height-default elementor-section-height-default\" data-id=\"87c3658\" data-element_type=\"section\">\n\t\t\t\t\t\t<div class=\"elementor-container elementor-column-gap-default\">\n\t\t\t\t\t\t\t<div class=\"elementor-row\">\n\t\t\t\t\t<div class=\"elementor-column elementor-col-100 elementor-top-column elementor-element elementor-element-d990824\" data-id=\"d990824\" data-element_type=\"column\">\n\t\t\t<div class=\"elementor-column-wrap elementor-element-populated\">\n\t\t\t\t\t\t\t<div class=\"elementor-widget-wrap\">\n\t\t\t\t\t\t<div class=\"elementor-element elementor-element-3a4f5c3 elementor-widget elementor-widget-heading\" data-id=\"3a4f5c3\" data-element_type=\"widget\" data-widget_type=\"heading.default\">\n\t\t\t\t<div class=\"elementor-widget-container\">\n\t\t\t<h2 class=\"elementor-heading-title elementor-size-default\"><b>Cronograma<\/b> | abril, mayo y junio<\/h2>\t\t<\/div>\n\t\t\t\t<\/div>\n\t\t\t\t\t\t<\/div>\n\t\t\t\t\t<\/div>\n\t\t<\/div>\n\t\t\t\t\t\t\t\t<\/div>\n\t\t\t\t\t<\/div>\n\t\t<\/section>\n\t\t<div class=\"elementor-element elementor-element-53b5848 e-container--column e-container\" data-id=\"53b5848\" data-element_type=\"container\">\t\t\t\t<div class=\"elementor-element elementor-element-6569a5b elementor-widget elementor-widget-embed-documents\" data-id=\"6569a5b\" data-element_type=\"widget\" data-widget_type=\"embed-documents.default\">\n\t\t\t\t<div class=\"elementor-widget-container\">\n\t\t\t        \n        <div class=\"iframe-container\"><iframe src=\"https:\/\/www.medellin.gov.co\/es\/wp-content\/uploads\/2025\/04\/Plantilla-Crono-PP-Abril.pdf\" style=\"width:100%; height:900px;\" frameborder=\"0\"><\/iframe><\/div>\n        \n        \t\t<\/div>\n\t\t\t\t<\/div>\n\t\t<\/div><div class=\"elementor-element elementor-element-5e954ea e-container--column e-container\" data-id=\"5e954ea\" data-element_type=\"container\">\t\t\t\t<div class=\"elementor-element elementor-element-09fd98a elementor-widget elementor-widget-spacer\" data-id=\"09fd98a\" data-element_type=\"widget\" data-widget_type=\"spacer.default\">\n\t\t\t\t<div class=\"elementor-widget-container\">\n\t\t\t\t\t<div class=\"elementor-spacer\">\n\t\t\t<div class=\"elementor-spacer-inner\"><\/div>\n\t\t<\/div>\n\t\t\t\t<\/div>\n\t\t\t\t<\/div>\n\t\t<\/div><div class=\"elementor-element elementor-element-f704fcf e-container--column e-container\" data-id=\"f704fcf\" data-element_type=\"container\">\t\t\t\t<div class=\"elementor-element elementor-element-a84a680 elementor-widget elementor-widget-embed-documents\" data-id=\"a84a680\" data-element_type=\"widget\" data-widget_type=\"embed-documents.default\">\n\t\t\t\t<div class=\"elementor-widget-container\">\n\t\t\t        \n        <div class=\"iframe-container\"><iframe src=\"https:\/\/www.medellin.gov.co\/es\/wp-content\/uploads\/2025\/05\/Plantilla-Crono-PP_Mayo-5.pdf\" style=\"width:100%; height:900px;\" frameborder=\"0\"><\/iframe><\/div>\n        \n        \t\t<\/div>\n\t\t\t\t<\/div>\n\t\t<\/div><div class=\"elementor-element elementor-element-700da5a e-container--column e-container\" data-id=\"700da5a\" data-element_type=\"container\">\t\t\t\t<div class=\"elementor-element elementor-element-6ada78d elementor-widget elementor-widget-embed-documents\" data-id=\"6ada78d\" data-element_type=\"widget\" data-widget_type=\"embed-documents.default\">\n\t\t\t\t<div class=\"elementor-widget-container\">\n\t\t\t        \n        <div class=\"iframe-container\"><iframe src=\"https:\/\/www.medellin.gov.co\/es\/wp-content\/uploads\/2025\/05\/Plantilla-Crono-Junio-5.pdf\" style=\"width:100%; height:900px;\" frameborder=\"0\"><\/iframe><\/div>\n        \n        \t\t<\/div>\n\t\t\t\t<\/div>\n\t\t<\/div>\t\t\t\t\t\t\t<\/div>\n\t\t\t<\/div>\n\t\t\t\t\t<\/div>\n\t\t","protected":false},"excerpt":{"rendered":"<p>Ruta Anual de Presupuesto Participativo Con la recolecci\u00f3n de insumos, la Alcald\u00eda de Medell\u00edn pone en marcha la fase de Planeaci\u00f3n Participativa, uno de los componentes de la Ruta Anual de Presupuesto Participativo 2025-2026. Este &#8230;<\/p>\n","protected":false},"author":97,"featured_media":404061,"parent":10328,"menu_order":0,"comment_status":"closed","ping_status":"closed","template":"sec-participacion\/elementor.php","meta":[],"acf":[],"_links":{"self":[{"href":"https:\/\/www.medellin.gov.co\/es\/wp-json\/wp\/v2\/pages\/404048"}],"collection":[{"href":"https:\/\/www.medellin.gov.co\/es\/wp-json\/wp\/v2\/pages"}],"about":[{"href":"https:\/\/www.medellin.gov.co\/es\/wp-json\/wp\/v2\/types\/page"}],"author":[{"embeddable":true,"href":"https:\/\/www.medellin.gov.co\/es\/wp-json\/wp\/v2\/users\/97"}],"replies":[{"embeddable":true,"href":"https:\/\/www.medellin.gov.co\/es\/wp-json\/wp\/v2\/comments?post=404048"}],"version-history":[{"count":10,"href":"https:\/\/www.medellin.gov.co\/es\/wp-json\/wp\/v2\/pages\/404048\/revisions"}],"predecessor-version":[{"id":412375,"href":"https:\/\/www.medellin.gov.co\/es\/wp-json\/wp\/v2\/pages\/404048\/revisions\/412375"}],"up":[{"embeddable":true,"href":"https:\/\/www.medellin.gov.co\/es\/wp-json\/wp\/v2\/pages\/10328"}],"wp:featuredmedia":[{"embeddable":true,"href":"https:\/\/www.medellin.gov.co\/es\/wp-json\/wp\/v2\/media\/404061"}],"wp:attachment":[{"href":"https:\/\/www.medellin.gov.co\/es\/wp-json\/wp\/v2\/media?parent=404048"}],"curies":[{"name":"wp","href":"https:\/\/api.w.org\/{rel}","templated":true}]}}

<div data-elementor-type="wp-page" data-elementor-id="404048" class="elementor elementor-404048">
						<div class="elementor-inner">
				<div class="elementor-section-wrap">
							<div class="elementor-element elementor-element-4b33755 e-container--column e-container" data-id="4b33755" data-element_type="container">				<div class="elementor-element elementor-element-804087c elementor-widget elementor-widget-spacer" data-id="804087c" data-element_type="widget" data-widget_type="spacer.default">
				<div class="elementor-widget-container">
					<div class="elementor-spacer">
			<div class="elementor-spacer-inner"></div>
		</div>
				</div>
				</div>
		</div><div class="elementor-element elementor-element-7a72a2f e-container--column e-container" data-id="7a72a2f" data-element_type="container">				<div class="elementor-element elementor-element-076ed1d elementor-widget elementor-widget-text-editor" data-id="076ed1d" data-element_type="widget" data-widget_type="text-editor.default">
				<div class="elementor-widget-container">
								<div class="elementor-text-editor elementor-clearfix">
				<h1>Ruta Anual de Presupuesto Participativo</h1>					</div>
						</div>
				</div>
		</div><div class="elementor-element elementor-element-5879f71 e-container--column e-container" data-id="5879f71" data-element_type="container">				<div class="elementor-element elementor-element-71f7ff8 elementor-widget elementor-widget-spacer" data-id="71f7ff8" data-element_type="widget" data-widget_type="spacer.default">
				<div class="elementor-widget-container">
					<div class="elementor-spacer">
			<div class="elementor-spacer-inner"></div>
		</div>
				</div>
				</div>
		</div><div class="elementor-element elementor-element-eb8d93c e-container--row e-container" data-id="eb8d93c" data-element_type="container">		<div class="elementor-element elementor-element-8cd2970 e-container--column e-container" data-id="8cd2970" data-element_type="container">				<div class="elementor-element elementor-element-875b378 elementor-widget elementor-widget-text-editor" data-id="875b378" data-element_type="widget" data-widget_type="text-editor.default">
				<div class="elementor-widget-container">
								<div class="elementor-text-editor elementor-clearfix">
				<p>Con la recolección de insumos, la Alcaldía de Medellín pone en marcha la fase de Planeación Participativa, uno de los componentes de la Ruta Anual de Presupuesto Participativo 2025-2026. Este es un ejercicio que brinda la oportunidad de proponer, en temas como educación, salud, cultura, infraestructura y medio ambiente, la inversión de los recursos públicos en los territorios.</p><p>En este sentido, se realizarán Talleres de Recolección de Insumos, espacios en los que podrán aportar sus ideas y necesidades. Estos serán organizados por el Departamento Administrativo de Planeación y la Secretaría de Participación, en articulación con diferentes dependencias y entes descentralizados.</p><p> </p>					</div>
						</div>
				</div>
		</div><div class="elementor-element elementor-element-e8609a0 e-container--column e-container" data-id="e8609a0" data-element_type="container">				<div class="elementor-element elementor-element-ea9601a elementor-widget elementor-widget-image" data-id="ea9601a" data-element_type="widget" data-widget_type="image.default">
				<div class="elementor-widget-container">
								<div class="elementor-image">
												<img width="1024" height="682" src="https://www.medellin.gov.co/es/wp-content/uploads/2025/04/Imagen-plan-anual-Presupuesto-Participativo-1024x682.jpg" class="attachment-large size-large" alt="Imagen plan anual Presupuesto Participativo" loading="lazy" srcset="https://www.medellin.gov.co/es/wp-content/uploads/2025/04/Imagen-plan-anual-Presupuesto-Participativo-1024x682.jpg 1024w, https://www.medellin.gov.co/es/wp-content/uploads/2025/04/Imagen-plan-anual-Presupuesto-Participativo-300x200.jpg 300w, https://www.medellin.gov.co/es/wp-content/uploads/2025/04/Imagen-plan-anual-Presupuesto-Participativo-150x100.jpg 150w, https://www.medellin.gov.co/es/wp-content/uploads/2025/04/Imagen-plan-anual-Presupuesto-Participativo-768x512.jpg 768w, https://www.medellin.gov.co/es/wp-content/uploads/2025/04/Imagen-plan-anual-Presupuesto-Participativo.jpg 1280w" sizes="(max-width: 1024px) 100vw, 1024px" />														</div>
						</div>
				</div>
		</div></div>		<section class="elementor-section elementor-top-section elementor-element elementor-element-87c3658 elementor-section-boxed elementor-section-height-default elementor-section-height-default" data-id="87c3658" data-element_type="section">
						<div class="elementor-container elementor-column-gap-default">
							<div class="elementor-row">
					<div class="elementor-column elementor-col-100 elementor-top-column elementor-element elementor-element-d990824" data-id="d990824" data-element_type="column">
			<div class="elementor-column-wrap elementor-element-populated">
							<div class="elementor-widget-wrap">
						<div class="elementor-element elementor-element-3a4f5c3 elementor-widget elementor-widget-heading" data-id="3a4f5c3" data-element_type="widget" data-widget_type="heading.default">
				<div class="elementor-widget-container">
			<h2 class="elementor-heading-title elementor-size-default"><b>Cronograma</b> | abril, mayo y junio</h2>		</div>
				</div>
						</div>
					</div>
		</div>
								</div>
					</div>
		</section>
		<div class="elementor-element elementor-element-53b5848 e-container--column e-container" data-id="53b5848" data-element_type="container">				<div class="elementor-element elementor-element-6569a5b elementor-widget elementor-widget-embed-documents" data-id="6569a5b" data-element_type="widget" data-widget_type="embed-documents.default">
				<div class="elementor-widget-container">
			        
        <div class="iframe-container"><iframe src="https://www.medellin.gov.co/es/wp-content/uploads/2025/04/Plantilla-Crono-PP-Abril.pdf" style="width:100%; height:900px;" frameborder="0"></iframe></div>
        
        		</div>
				</div>
		</div><div class="elementor-element elementor-element-5e954ea e-container--column e-container" data-id="5e954ea" data-element_type="container">				<div class="elementor-element elementor-element-09fd98a elementor-widget elementor-widget-spacer" data-id="09fd98a" data-element_type="widget" data-widget_type="spacer.default">
				<div class="elementor-widget-container">
					<div class="elementor-spacer">
			<div class="elementor-spacer-inner"></div>
		</div>
				</div>
				</div>
		</div><div class="elementor-element elementor-element-f704fcf e-container--column e-container" data-id="f704fcf" data-element_type="container">				<div class="elementor-element elementor-element-a84a680 elementor-widget elementor-widget-embed-documents" data-id="a84a680" data-element_type="widget" data-widget_type="embed-documents.default">
				<div class="elementor-widget-container">
			        
        <div class="iframe-container"><iframe src="https://www.medellin.gov.co/es/wp-content/uploads/2025/05/Plantilla-Crono-PP_Mayo-5.pdf" style="width:100%; height:900px;" frameborder="0"></iframe></div>
        
        		</div>
				</div>
		</div><div class="elementor-element elementor-element-700da5a e-container--column e-container" data-id="700da5a" data-element_type="container">				<div class="elementor-element elementor-element-6ada78d elementor-widget elementor-widget-embed-documents" data-id="6ada78d" data-element_type="widget" data-widget_type="embed-documents.default">
				<div class="elementor-widget-container">
			        
        <div class="iframe-container"><iframe src="https://www.medellin.gov.co/es/wp-content/uploads/2025/05/Plantilla-Crono-Junio-5.pdf" style="width:100%; height:900px;" frameborder="0"></iframe></div>
        
        		</div>
				</div>
		</div>							</div>
			</div>
					</div>

<p>Ruta Anual de Presupuesto Participativo Con la recolección de insumos, la Alcaldía de Medellín pone en marcha la fase de Planeación Participativa, uno de los componentes de la Ruta Anual de Presupuesto Participativo 2025-2026. Este &#8230;</p>
