{"id":9588,"date":"2021-08-26T10:57:02","date_gmt":"2021-08-26T15:57:02","guid":{"rendered":"https:\/\/www.medellin.gov.co\/es\/saladeprensa\/noticias\/preguntas_frecuentes\/puedo-desplazarme-a-los-patios-a-reclamar-un-vehiculo-el-dia-domingo\/"},"modified":"2021-08-26T10:57:02","modified_gmt":"2021-08-26T15:57:02","slug":"puedo-desplazarme-a-los-patios-a-reclamar-un-vehiculo-el-dia-domingo","status":"publish","type":"preguntas_frecuentes","link":"https:\/\/www.medellin.gov.co\/es\/preguntas-frecuentes\/puedo-desplazarme-a-los-patios-a-reclamar-un-vehiculo-el-dia-domingo\/","title":{"rendered":"\u00bfPuedo desplazarme a los patios a reclamar un veh\u00edculo el d\u00eda domingo?"},"content":{"rendered":"<p>No, toda vez que no est\u00e1n abiertos al p\u00fablico.<br \/>\nSede Caribe: lunes a viernes: 6:30 a.m. a 2:00 p.m  y s\u00e1bados: 8:00 a.m. a 9:30 a.m. L\u00ednea de atenci\u00f3n 445 78 47<br \/>\nSedes Los Colores &#8211; Prado \u2013 C\u00f3rdoba: Lunes a viernes 7:30am &#8211; 7:00pm, Jornada Continua  y S\u00e1bado 8:00 am \u2013 2:00 pm. L\u00ednea de atenci\u00f3n 260 49 90<\/p>\n","protected":false},"template":"","categories":[14],"acf":[],"_links":{"self":[{"href":"https:\/\/www.medellin.gov.co\/es\/wp-json\/wp\/v2\/preguntas_frecuentes\/9588"}],"collection":[{"href":"https:\/\/www.medellin.gov.co\/es\/wp-json\/wp\/v2\/preguntas_frecuentes"}],"about":[{"href":"https:\/\/www.medellin.gov.co\/es\/wp-json\/wp\/v2\/types\/preguntas_frecuentes"}],"wp:attachment":[{"href":"https:\/\/www.medellin.gov.co\/es\/wp-json\/wp\/v2\/media?parent=9588"}],"wp:term":[{"taxonomy":"category","embeddable":true,"href":"https:\/\/www.medellin.gov.co\/es\/wp-json\/wp\/v2\/categories?post=9588"}],"curies":[{"name":"wp","href":"https:\/\/api.w.org\/{rel}","templated":true}]}}

¿Puedo desplazarme a los patios a reclamar un vehículo el día domingo?

<p>No, toda vez que no están abiertos al público.<br />
Sede Caribe: lunes a viernes: 6:30 a.m. a 2:00 p.m  y sábados: 8:00 a.m. a 9:30 a.m. Línea de atención 445 78 47<br />
Sedes Los Colores &#8211; Prado – Córdoba: Lunes a viernes 7:30am &#8211; 7:00pm, Jornada Continua  y Sábado 8:00 am – 2:00 pm. Línea de atención 260 49 90</p>
