{"id":9608,"date":"2021-08-26T10:57:04","date_gmt":"2021-08-26T15:57:04","guid":{"rendered":"https:\/\/www.medellin.gov.co\/es\/saladeprensa\/noticias\/preguntas_frecuentes\/que-pasara-con-el-tema-de-los-tramitadores\/"},"modified":"2021-12-17T16:35:09","modified_gmt":"2021-12-17T21:35:09","slug":"que-pasara-con-el-tema-de-los-tramitadores","status":"publish","type":"preguntas_frecuentes","link":"https:\/\/www.medellin.gov.co\/es\/preguntas-frecuentes\/que-pasara-con-el-tema-de-los-tramitadores\/","title":{"rendered":"\u00bfQu\u00e9 pasar\u00e1 con el tema de los tramitadores?"},"content":{"rendered":"<p>Se podr\u00eda disminuir la presencia de tramitadores, por el simple hecho de que los ciudadanos no tendr\u00edan que desplazarse hasta la Secretar\u00eda de Movilidad y podr\u00e1n realizar sus tr\u00e1mites desde la comodidad de sus casas.<\/p>\n","protected":false},"template":"","categories":[14],"acf":[],"_links":{"self":[{"href":"https:\/\/www.medellin.gov.co\/es\/wp-json\/wp\/v2\/preguntas_frecuentes\/9608"}],"collection":[{"href":"https:\/\/www.medellin.gov.co\/es\/wp-json\/wp\/v2\/preguntas_frecuentes"}],"about":[{"href":"https:\/\/www.medellin.gov.co\/es\/wp-json\/wp\/v2\/types\/preguntas_frecuentes"}],"wp:attachment":[{"href":"https:\/\/www.medellin.gov.co\/es\/wp-json\/wp\/v2\/media?parent=9608"}],"wp:term":[{"taxonomy":"category","embeddable":true,"href":"https:\/\/www.medellin.gov.co\/es\/wp-json\/wp\/v2\/categories?post=9608"}],"curies":[{"name":"wp","href":"https:\/\/api.w.org\/{rel}","templated":true}]}}

¿Qué pasará con el tema de los tramitadores?

<p>Se podría disminuir la presencia de tramitadores, por el simple hecho de que los ciudadanos no tendrían que desplazarse hasta la Secretaría de Movilidad y podrán realizar sus trámites desde la comodidad de sus casas.</p>
