{"id":9640,"date":"2021-08-26T10:57:07","date_gmt":"2021-08-26T15:57:07","guid":{"rendered":"https:\/\/www.medellin.gov.co\/es\/saladeprensa\/noticias\/preguntas_frecuentes\/con-quien-puedo-consultar-el-programa-de-reparacion-de-victimas-por-conflictoarmado\/"},"modified":"2021-08-26T10:57:07","modified_gmt":"2021-08-26T15:57:07","slug":"con-quien-puedo-consultar-el-programa-de-reparacion-de-victimas-por-conflictoarmado","status":"publish","type":"preguntas_frecuentes","link":"https:\/\/www.medellin.gov.co\/es\/preguntas-frecuentes\/con-quien-puedo-consultar-el-programa-de-reparacion-de-victimas-por-conflictoarmado\/","title":{"rendered":"\u00bfCon qui\u00e9n puedo consultar el programa de reparaci\u00f3n de v\u00edctimas por conflicto\narmado?"},"content":{"rendered":"<p>Puede dirigirse a una de las entidades habilitadas para este proceso. Acci\u00f3n Social, Personer\u00eda, Defensor\u00eda del Pueblo, Comisi\u00f3n Nacional de Reparaci\u00f3n, Unidad Permanente para los derechos humanos.<\/p>\n","protected":false},"template":"","categories":[8],"acf":[],"_links":{"self":[{"href":"https:\/\/www.medellin.gov.co\/es\/wp-json\/wp\/v2\/preguntas_frecuentes\/9640"}],"collection":[{"href":"https:\/\/www.medellin.gov.co\/es\/wp-json\/wp\/v2\/preguntas_frecuentes"}],"about":[{"href":"https:\/\/www.medellin.gov.co\/es\/wp-json\/wp\/v2\/types\/preguntas_frecuentes"}],"wp:attachment":[{"href":"https:\/\/www.medellin.gov.co\/es\/wp-json\/wp\/v2\/media?parent=9640"}],"wp:term":[{"taxonomy":"category","embeddable":true,"href":"https:\/\/www.medellin.gov.co\/es\/wp-json\/wp\/v2\/categories?post=9640"}],"curies":[{"name":"wp","href":"https:\/\/api.w.org\/{rel}","templated":true}]}}

¿Con quién puedo consultar el programa de reparación de víctimas por conflicto
armado?

<p>Puede dirigirse a una de las entidades habilitadas para este proceso. Acción Social, Personería, Defensoría del Pueblo, Comisión Nacional de Reparación, Unidad Permanente para los derechos humanos.</p>
