{"id":73733,"date":"2022-07-18T08:58:24","date_gmt":"2022-07-18T13:58:24","guid":{"rendered":"https:\/\/www.medellin.gov.co\/es\/?post_type=preve-nota&#038;p=73733"},"modified":"2022-07-18T08:58:24","modified_gmt":"2022-07-18T13:58:24","slug":"delegacion-de-funciones","status":"publish","type":"preve-nota","link":"https:\/\/www.medellin.gov.co\/es\/preve-nota\/delegacion-de-funciones\/","title":{"rendered":"Delegaci\u00f3n de funciones"},"content":{"rendered":"<p><span style=\"font-weight: 400;\">De conformidad con el <\/span><a href=\"https:\/\/www.medellin.gov.co\/normograma\/docs\/astrea\/docs\/constitucion_politica_1991.htm\"><span style=\"font-weight: 400;\">art\u00edculo 209 de la Constituci\u00f3n<\/span><\/a><span style=\"font-weight: 400;\">, la funci\u00f3n administrativa puede desarrollarse mediante la delegaci\u00f3n de funciones<\/span><span style=\"font-weight: 400;\">. En cuanto a la delegaci\u00f3n de funciones del alcalde, el <\/span><a href=\"https:\/\/www.medellin.gov.co\/normograma\/docs\/astrea\/docs\/ley_0136_1994.htm\"><span style=\"font-weight: 400;\">art\u00edculo 92 de la Ley 136 de 1994<\/span><\/a><span style=\"font-weight: 400;\">, modificado por el art\u00edculo 30 de la Ley 1551 de 2012, dispone que este puede delegar las funciones a su cargo en los secretarios de despacho y en los jefes de los departamentos administrativos, <\/span><span style=\"font-weight: 400;\">\u00ab<\/span><span style=\"font-weight: 400;\">excepto\u00a0 aquellas respecto de las cuales exista expresa prohibici\u00f3n legal<\/span><span style=\"font-weight: 400;\">\u00bb.<\/span><span style=\"font-weight: 400;\"> Est\u00e1 prohibida la delegaci\u00f3n de<\/span><span style=\"font-weight: 400;\"> las siguientes funciones:<\/span><\/p>\n<p><span style=\"font-weight: 400;\">1. La expedici\u00f3n de reglamentos de car\u00e1cter general, salvo en los casos expresamente autorizados por la ley.\u00a0<\/span><\/p>\n<ol start=\"2\">\n<li><span style=\"font-weight: 400;\"> Las funciones, atribuciones y potestades recibidas en virtud de delegaci\u00f3n.<\/span><\/li>\n<li><span style=\"font-weight: 400;\"> Las funciones que por su naturaleza o por mandato constitucional o legal no son susceptibles de delegaci\u00f3n.\u00bb (<\/span><a href=\"https:\/\/www.medellin.gov.co\/normograma\/docs\/astrea\/docs\/ley_0489_1998.htm\"><span style=\"font-weight: 400;\">Ley 489 de 1998, art\u00edculo 11<\/span><\/a><span style=\"font-weight: 400;\">)<\/span><\/li>\n<\/ol>\n<p><span style=\"font-weight: 400;\">La delegaci\u00f3n debe siempre realizarse mediante acto escrito, en el que se especifiquen las funciones o asuntos que se delegan y la autoridad en quien se delegan (<\/span><a href=\"https:\/\/www.medellin.gov.co\/normograma\/docs\/astrea\/docs\/ley_0489_1998.htm\"><span style=\"font-weight: 400;\">Ley 489 de 1998, art\u00edculo 10<\/span><\/a><span style=\"font-weight: 400;\">). El delegante puede revisar los actos que expida el delegatario y reasumir, en cualquier tiempo, las funciones que ha delegado (<\/span><a href=\"https:\/\/www.medellin.gov.co\/normograma\/docs\/astrea\/docs\/ley_0489_1998.htm\"><span style=\"font-weight: 400;\">Ley 489 de 1998, art\u00edculo 12<\/span><\/a><span style=\"font-weight: 400;\">). Por \u00faltimo, es importante tener en cuenta que la responsabilidad por el ejercicio de las funciones delegadas recae, exclusivamente, en el delegatario, mientras persista la delegaci\u00f3n (<\/span><a href=\"https:\/\/www.medellin.gov.co\/normograma\/docs\/astrea\/docs\/constitucion_politica_1991.htm\"><span style=\"font-weight: 400;\">Constituci\u00f3n Pol\u00edtica, art\u00edculo 211<\/span><\/a><span style=\"font-weight: 400;\">; <\/span><a href=\"https:\/\/www.medellin.gov.co\/normograma\/docs\/astrea\/docs\/ley_0489_1998.htm\"><span style=\"font-weight: 400;\">Ley 489 de 1998, art\u00edculo 12<\/span><\/a><span style=\"font-weight: 400;\">).<\/span><\/p>\n<p><span style=\"font-weight: 400;\">Para ampliar esta informaci\u00f3n, los invitamos a consultar las disposiciones citadas en la biblioteca jur\u00eddica virtual del Municipio de Medell\u00edn \u2013 ASTREA. <\/span><\/p>\n","protected":false},"template":"","categories":[6],"acf":[],"_links":{"self":[{"href":"https:\/\/www.medellin.gov.co\/es\/wp-json\/wp\/v2\/preve-nota\/73733"}],"collection":[{"href":"https:\/\/www.medellin.gov.co\/es\/wp-json\/wp\/v2\/preve-nota"}],"about":[{"href":"https:\/\/www.medellin.gov.co\/es\/wp-json\/wp\/v2\/types\/preve-nota"}],"wp:attachment":[{"href":"https:\/\/www.medellin.gov.co\/es\/wp-json\/wp\/v2\/media?parent=73733"}],"wp:term":[{"taxonomy":"category","embeddable":true,"href":"https:\/\/www.medellin.gov.co\/es\/wp-json\/wp\/v2\/categories?post=73733"}],"curies":[{"name":"wp","href":"https:\/\/api.w.org\/{rel}","templated":true}]}}

Delegación de funciones

<p><span style="font-weight: 400;">De conformidad con el </span><a href="https://www.medellin.gov.co/normograma/docs/astrea/docs/constitucion_politica_1991.htm"><span style="font-weight: 400;">artículo 209 de la Constitución</span></a><span style="font-weight: 400;">, la función administrativa puede desarrollarse mediante la delegación de funciones</span><span style="font-weight: 400;">. En cuanto a la delegación de funciones del alcalde, el </span><a href="https://www.medellin.gov.co/normograma/docs/astrea/docs/ley_0136_1994.htm"><span style="font-weight: 400;">artículo 92 de la Ley 136 de 1994</span></a><span style="font-weight: 400;">, modificado por el artículo 30 de la Ley 1551 de 2012, dispone que este puede delegar las funciones a su cargo en los secretarios de despacho y en los jefes de los departamentos administrativos, </span><span style="font-weight: 400;">«</span><span style="font-weight: 400;">excepto  aquellas respecto de las cuales exista expresa prohibición legal</span><span style="font-weight: 400;">».</span><span style="font-weight: 400;"> Está prohibida la delegación de</span><span style="font-weight: 400;"> las siguientes funciones:</span></p>
<p><span style="font-weight: 400;">1. La expedición de reglamentos de carácter general, salvo en los casos expresamente autorizados por la ley. </span></p>
<ol start="2">
<li><span style="font-weight: 400;"> Las funciones, atribuciones y potestades recibidas en virtud de delegación.</span></li>
<li><span style="font-weight: 400;"> Las funciones que por su naturaleza o por mandato constitucional o legal no son susceptibles de delegación.» (</span><a href="https://www.medellin.gov.co/normograma/docs/astrea/docs/ley_0489_1998.htm"><span style="font-weight: 400;">Ley 489 de 1998, artículo 11</span></a><span style="font-weight: 400;">)</span></li>
</ol>
<p><span style="font-weight: 400;">La delegación debe siempre realizarse mediante acto escrito, en el que se especifiquen las funciones o asuntos que se delegan y la autoridad en quien se delegan (</span><a href="https://www.medellin.gov.co/normograma/docs/astrea/docs/ley_0489_1998.htm"><span style="font-weight: 400;">Ley 489 de 1998, artículo 10</span></a><span style="font-weight: 400;">). El delegante puede revisar los actos que expida el delegatario y reasumir, en cualquier tiempo, las funciones que ha delegado (</span><a href="https://www.medellin.gov.co/normograma/docs/astrea/docs/ley_0489_1998.htm"><span style="font-weight: 400;">Ley 489 de 1998, artículo 12</span></a><span style="font-weight: 400;">). Por último, es importante tener en cuenta que la responsabilidad por el ejercicio de las funciones delegadas recae, exclusivamente, en el delegatario, mientras persista la delegación (</span><a href="https://www.medellin.gov.co/normograma/docs/astrea/docs/constitucion_politica_1991.htm"><span style="font-weight: 400;">Constitución Política, artículo 211</span></a><span style="font-weight: 400;">; </span><a href="https://www.medellin.gov.co/normograma/docs/astrea/docs/ley_0489_1998.htm"><span style="font-weight: 400;">Ley 489 de 1998, artículo 12</span></a><span style="font-weight: 400;">).</span></p>
<p><span style="font-weight: 400;">Para ampliar esta información, los invitamos a consultar las disposiciones citadas en la biblioteca jurídica virtual del Municipio de Medellín – ASTREA. </span></p>
