{"id":43984,"date":"2022-01-11T18:56:06","date_gmt":"2022-01-11T23:56:06","guid":{"rendered":"https:\/\/www.medellin.gov.co\/es\/programas\/a-clase-vamos-todos-y-todas\/"},"modified":"2022-01-11T18:56:06","modified_gmt":"2022-01-11T23:56:06","slug":"a-clase-vamos-todos-y-todas","status":"publish","type":"programas","link":"https:\/\/www.medellin.gov.co\/es\/programas\/a-clase-vamos-todos-y-todas\/","title":{"rendered":"A Clase Vamos Todos y Todas"},"content":{"rendered":"<p>Garantizar el acceso de todos los ni\u00f1os, ni\u00f1as, adolescentes y j\u00f3venes del municipio de Medell\u00edn a una educaci\u00f3n pertinente, b\u00e1sica y media de calidad, avanzando en la implementaci\u00f3n de estrategias que favorezcan la permanencia y tr\u00e1nsito educativo; ampliando las oportunidades de acceso a la educaci\u00f3n postsecundaria.<\/p>\n","protected":false},"featured_media":31708,"template":"","meta":[],"categories":[4],"tags":[451,444,431,453,443],"acf":[],"_links":{"self":[{"href":"https:\/\/www.medellin.gov.co\/es\/wp-json\/wp\/v2\/programas\/43984"}],"collection":[{"href":"https:\/\/www.medellin.gov.co\/es\/wp-json\/wp\/v2\/programas"}],"about":[{"href":"https:\/\/www.medellin.gov.co\/es\/wp-json\/wp\/v2\/types\/programas"}],"version-history":[{"count":0,"href":"https:\/\/www.medellin.gov.co\/es\/wp-json\/wp\/v2\/programas\/43984\/revisions"}],"wp:featuredmedia":[{"embeddable":true,"href":"https:\/\/www.medellin.gov.co\/es\/wp-json\/wp\/v2\/media\/31708"}],"wp:attachment":[{"href":"https:\/\/www.medellin.gov.co\/es\/wp-json\/wp\/v2\/media?parent=43984"}],"wp:term":[{"taxonomy":"category","embeddable":true,"href":"https:\/\/www.medellin.gov.co\/es\/wp-json\/wp\/v2\/categories?post=43984"},{"taxonomy":"post_tag","embeddable":true,"href":"https:\/\/www.medellin.gov.co\/es\/wp-json\/wp\/v2\/tags?post=43984"}],"curies":[{"name":"wp","href":"https:\/\/api.w.org\/{rel}","templated":true}]}}

<p>Garantizar el acceso de todos los niños, niñas, adolescentes y jóvenes del municipio de Medellín a una educación pertinente, básica y media de calidad, avanzando en la implementación de estrategias que favorezcan la permanencia y tránsito educativo; ampliando las oportunidades de acceso a la educación postsecundaria.</p>
