{"id":43987,"date":"2022-01-11T18:56:06","date_gmt":"2022-01-11T23:56:06","guid":{"rendered":"https:\/\/www.medellin.gov.co\/es\/programas\/docentes-cualificados-para-el-medellin-futuro\/"},"modified":"2022-01-11T18:56:06","modified_gmt":"2022-01-11T23:56:06","slug":"docentes-cualificados-para-el-medellin-futuro","status":"publish","type":"programas","link":"https:\/\/www.medellin.gov.co\/es\/programas\/docentes-cualificados-para-el-medellin-futuro\/","title":{"rendered":"Docentes Cualificados para el Medell\u00edn Futuro"},"content":{"rendered":"<p>Fortalecer la implementaci\u00f3n de la Pol\u00edtica P\u00fablica de formaci\u00f3n de maestros, directivos y agentes educativos de Medell\u00edn, potenciando el ser, el saber y el crear, reconociendo el valor e importancia de estos actores escolares, fortaleciendo su incidencia en la sociedad a partir de la innovaci\u00f3n, el mejoramiento y la difusi\u00f3n de las pr\u00e1cticas dentro y fuera del aula.<\/p>\n","protected":false},"featured_media":31711,"template":"","meta":[],"categories":[4],"tags":[444,431,433,453,455,443],"acf":[],"_links":{"self":[{"href":"https:\/\/www.medellin.gov.co\/es\/wp-json\/wp\/v2\/programas\/43987"}],"collection":[{"href":"https:\/\/www.medellin.gov.co\/es\/wp-json\/wp\/v2\/programas"}],"about":[{"href":"https:\/\/www.medellin.gov.co\/es\/wp-json\/wp\/v2\/types\/programas"}],"version-history":[{"count":0,"href":"https:\/\/www.medellin.gov.co\/es\/wp-json\/wp\/v2\/programas\/43987\/revisions"}],"wp:featuredmedia":[{"embeddable":true,"href":"https:\/\/www.medellin.gov.co\/es\/wp-json\/wp\/v2\/media\/31711"}],"wp:attachment":[{"href":"https:\/\/www.medellin.gov.co\/es\/wp-json\/wp\/v2\/media?parent=43987"}],"wp:term":[{"taxonomy":"category","embeddable":true,"href":"https:\/\/www.medellin.gov.co\/es\/wp-json\/wp\/v2\/categories?post=43987"},{"taxonomy":"post_tag","embeddable":true,"href":"https:\/\/www.medellin.gov.co\/es\/wp-json\/wp\/v2\/tags?post=43987"}],"curies":[{"name":"wp","href":"https:\/\/api.w.org\/{rel}","templated":true}]}}

Docentes Cualificados para el Medellín Futuro

<p>Fortalecer la implementación de la Política Pública de formación de maestros, directivos y agentes educativos de Medellín, potenciando el ser, el saber y el crear, reconociendo el valor e importancia de estos actores escolares, fortaleciendo su incidencia en la sociedad a partir de la innovación, el mejoramiento y la difusión de las prácticas dentro y fuera del aula.</p>
