{"id":44060,"date":"2022-01-11T18:56:21","date_gmt":"2022-01-11T23:56:21","guid":{"rendered":"https:\/\/www.medellin.gov.co\/es\/programas\/alianzas-territoriales-para-la-gestion-de-la-migracion-poblacional\/"},"modified":"2024-09-18T18:55:27","modified_gmt":"2024-09-18T23:55:27","slug":"alianzas-territoriales-para-la-gestion-de-la-migracion-poblacional","status":"publish","type":"programas","link":"https:\/\/www.medellin.gov.co\/es\/programas\/alianzas-territoriales-para-la-gestion-de-la-migracion-poblacional\/","title":{"rendered":"Alianzas Territoriales para la Gesti\u00f3n de la Migraci\u00f3n Poblacional"},"content":{"rendered":"<p>Contribuir a la atenci\u00f3n integral e integraci\u00f3n social, econ\u00f3mica y cultural de la poblaci\u00f3n migrante, retornados y poblaci\u00f3n receptora, con el fin de aportar a la estabilizaci\u00f3n de la migraci\u00f3n en la ciudad de Medell\u00edn ,a trav\u00e9s de la gesti\u00f3n de la migraci\u00f3n de manera exitosa, ordenada y segura, por medio de la identificaci\u00f3n e implementaci\u00f3n de rutas de atenci\u00f3n e integraci\u00f3n para la poblaci\u00f3n migrante y el dise\u00f1o y gesti\u00f3n de una pol\u00edtica p\u00fablica migratoria.<\/p>\n","protected":false},"featured_media":31770,"template":"","meta":[],"categories":[706],"tags":[453,435,455,443],"acf":[],"_links":{"self":[{"href":"https:\/\/www.medellin.gov.co\/es\/wp-json\/wp\/v2\/programas\/44060"}],"collection":[{"href":"https:\/\/www.medellin.gov.co\/es\/wp-json\/wp\/v2\/programas"}],"about":[{"href":"https:\/\/www.medellin.gov.co\/es\/wp-json\/wp\/v2\/types\/programas"}],"version-history":[{"count":1,"href":"https:\/\/www.medellin.gov.co\/es\/wp-json\/wp\/v2\/programas\/44060\/revisions"}],"predecessor-version":[{"id":60998,"href":"https:\/\/www.medellin.gov.co\/es\/wp-json\/wp\/v2\/programas\/44060\/revisions\/60998"}],"wp:featuredmedia":[{"embeddable":true,"href":"https:\/\/www.medellin.gov.co\/es\/wp-json\/wp\/v2\/media\/31770"}],"wp:attachment":[{"href":"https:\/\/www.medellin.gov.co\/es\/wp-json\/wp\/v2\/media?parent=44060"}],"wp:term":[{"taxonomy":"category","embeddable":true,"href":"https:\/\/www.medellin.gov.co\/es\/wp-json\/wp\/v2\/categories?post=44060"},{"taxonomy":"post_tag","embeddable":true,"href":"https:\/\/www.medellin.gov.co\/es\/wp-json\/wp\/v2\/tags?post=44060"}],"curies":[{"name":"wp","href":"https:\/\/api.w.org\/{rel}","templated":true}]}}

Alianzas Territoriales para la Gestión de la Migración Poblacional

<p>Contribuir a la atención integral e integración social, económica y cultural de la población migrante, retornados y población receptora, con el fin de aportar a la estabilización de la migración en la ciudad de Medellín ,a través de la gestión de la migración de manera exitosa, ordenada y segura, por medio de la identificación e implementación de rutas de atención e integración para la población migrante y el diseño y gestión de una política pública migratoria.</p>
